MOON
Server: Apache
System: Linux server30c.hostingraja.org 5.14.0-611.49.2.el9_7.x86_64 #1 SMP PREEMPT_DYNAMIC Thu Apr 30 09:05:08 EDT 2026 x86_64
User: seoprovi (1222)
PHP: 5.6.40
Disabled: NONE
Upload Files
File: /home/seoprovi/access-logs/packersmoversinkolkata.com.seoproviderkolkata.com-ssl_log
217.21.86.45 - - [07/May/2026:17:45:46 +0530] "HEAD / HTTP/1.1" 200 - "-" "Go-http-client/1.1"
77.75.78.172 - - [07/May/2026:17:48:25 +0530] "GET /ichapur-warehouse.html HTTP/1.1" 200 - "-" "Mozilla/5.0 (compatible; SeznamBot/4.0; +https://o-seznam.cz/napoveda/vyhledavani/en/seznambot-crawler/)"
77.75.78.172 - - [07/May/2026:17:52:20 +0530] "GET /office-shifting-in-ichapur HTTP/1.1" 404 - "-" "Mozilla/5.0 (compatible; SeznamBot/4.0; +https://o-seznam.cz/napoveda/vyhledavani/en/seznambot-crawler/)"
181.233.125.72 - - [07/May/2026:17:53:04 +0530] "GET / HTTP/1.1" 404 - "-" "Mozilla/5.0 (Windows NT 10.0; Win64; x64; rv:121.0) Gecko/20100101 Firefox/121.0"
77.75.78.172 - - [07/May/2026:17:58:16 +0530] "GET /home-shifting-in-kanchrapara.html HTTP/1.1" 200 - "-" "Mozilla/5.0 (compatible; SeznamBot/4.0; +https://o-seznam.cz/napoveda/vyhledavani/en/seznambot-crawler/)"
31.13.127.55 - - [07/May/2026:17:59:21 +0530] "GET / HTTP/1.1" 200 79927 "-" "meta-externalagent/1.1 (+https://developers.facebook.com/docs/sharing/webmasters/crawler)"
77.75.78.172 - - [07/May/2026:18:04:11 +0530] "GET /home-shifting-in-sodpur.html HTTP/1.1" 200 - "-" "Mozilla/5.0 (compatible; SeznamBot/4.0; +https://o-seznam.cz/napoveda/vyhledavani/en/seznambot-crawler/)"
77.75.78.172 - - [07/May/2026:18:08:15 +0530] "GET /howrah-loading-unloading.html HTTP/1.1" 200 - "-" "Mozilla/5.0 (compatible; SeznamBot/4.0; +https://o-seznam.cz/napoveda/vyhledavani/en/seznambot-crawler/)"
113.190.31.239 - - [07/May/2026:18:10:20 +0530] "GET /basirhat-packers-movers HTTP/1.1" 404 - "-" "Mozilla/5.0 (Macintosh; Intel Mac OS X 10_12_6) AppleWebKit/537.36 (KHTML, like Gecko) Chrome/97.0.4692.71 Safari/537.36"
98.86.199.78 - - [07/May/2026:18:13:04 +0530] "GET /robots.txt HTTP/1.1" 404 - "-" "Mozilla/5.0 (Macintosh; Intel Mac OS X 10_10_1) AppleWebKit/600.2.5 (KHTML, like Gecko) Version/8.0.2 Safari/600.2.5 (Gort)"
77.75.78.172 - - [07/May/2026:18:14:23 +0530] "GET /howrah-warehouse.html HTTP/1.1" 200 - "-" "Mozilla/5.0 (compatible; SeznamBot/4.0; +https://o-seznam.cz/napoveda/vyhledavani/en/seznambot-crawler/)"
77.75.78.172 - - [07/May/2026:18:18:19 +0530] "GET /haldia-packing-unpacking.html HTTP/1.1" 200 - "-" "Mozilla/5.0 (compatible; SeznamBot/4.0; +https://o-seznam.cz/napoveda/vyhledavani/en/seznambot-crawler/)"
77.75.78.172 - - [07/May/2026:18:24:15 +0530] "GET /bangaon-warehouse.html HTTP/1.1" 200 - "-" "Mozilla/5.0 (compatible; SeznamBot/4.0; +https://o-seznam.cz/napoveda/vyhledavani/en/seznambot-crawler/)"
77.75.78.172 - - [07/May/2026:18:28:11 +0530] "GET /home-shifting-in-singur.html HTTP/1.1" 200 - "-" "Mozilla/5.0 (compatible; SeznamBot/4.0; +https://o-seznam.cz/napoveda/vyhledavani/en/seznambot-crawler/)"
57.141.0.62 - - [07/May/2026:18:28:42 +0530] "GET /sitemap-index.xml HTTP/1.1" 404 - "-" "meta-externalagent/1.1 (+https://developers.facebook.com/docs/sharing/webmasters/crawler)"
57.141.0.64 - - [07/May/2026:18:28:46 +0530] "GET /sitemap.txt HTTP/1.1" 404 - "-" "meta-externalagent/1.1 (+https://developers.facebook.com/docs/sharing/webmasters/crawler)"
114.119.153.25 - - [07/May/2026:18:37:36 +0530] "GET /car-transportation-in-berhampore HTTP/1.1" 404 - "https://packersmoversinkolkata.com/office-shifting-in-berhampore" "Mozilla/5.0 (Linux; Android 7.0;) AppleWebKit/537.36 (KHTML, like Gecko) Mobile Safari/537.36 (compatible; PetalBot;+https://webmaster.petalsearch.com/site/petalbot)"
114.119.131.2 - - [07/May/2026:18:47:52 +0530] "GET /kanchrapara-packing-unpacking.html HTTP/1.1" 200 - "https://packersmoversinkolkata.com/kanchrapara-packers-movers.html" "Mozilla/5.0 (Linux; Android 7.0;) AppleWebKit/537.36 (KHTML, like Gecko) Mobile Safari/537.36 (compatible; PetalBot;+https://webmaster.petalsearch.com/site/petalbot)"
14.177.123.171 - - [07/May/2026:18:51:18 +0530] "GET /baranagar-packers-movers HTTP/1.1" 404 - "-" "Mozilla/5.0 (Macintosh; Intel Mac OS X 10_13_6) AppleWebKit/537.36 (KHTML, like Gecko) Chrome/94.0.4606.81 Safari/537.36"
77.75.76.169 - - [07/May/2026:18:56:22 +0530] "GET /office-shifting-in-kharagpur HTTP/1.1" 404 - "-" "Mozilla/5.0 (compatible; SeznamBot/4.0; +https://o-seznam.cz/napoveda/vyhledavani/en/seznambot-crawler/)"
114.119.130.32 - - [07/May/2026:18:56:26 +0530] "GET /office-shifting-in-sodpur.html HTTP/1.1" 200 - "https://packersmoversinkolkata.com/sodpur-packers-movers.html" "Mozilla/5.0 (Linux; Android 7.0;) AppleWebKit/537.36 (KHTML, like Gecko) Mobile Safari/537.36 (compatible; PetalBot;+https://webmaster.petalsearch.com/site/petalbot)"
77.75.76.169 - - [07/May/2026:18:58:18 +0530] "GET /car-transportation-in-haldia.html HTTP/1.1" 200 - "-" "Mozilla/5.0 (compatible; SeznamBot/4.0; +https://o-seznam.cz/napoveda/vyhledavani/en/seznambot-crawler/)"
114.119.135.193 - - [07/May/2026:19:00:45 +0530] "GET /car-transportation-in-kalyani.html HTTP/1.1" 200 - "https://packersmoversinkolkata.com/kalyani-packers-movers.html" "Mozilla/5.0 (Linux; Android 7.0;) AppleWebKit/537.36 (KHTML, like Gecko) Mobile Safari/537.36 (compatible; PetalBot;+https://webmaster.petalsearch.com/site/petalbot)"
77.75.76.169 - - [07/May/2026:19:14:18 +0530] "GET /home-shifting-in-bolpur.html HTTP/1.1" 200 - "-" "Mozilla/5.0 (compatible; SeznamBot/4.0; +https://o-seznam.cz/napoveda/vyhledavani/en/seznambot-crawler/)"
77.75.78.169 - - [07/May/2026:19:18:13 +0530] "GET /home-shifting-in-haldia.html HTTP/1.1" 200 - "-" "Mozilla/5.0 (compatible; SeznamBot/4.0; +https://o-seznam.cz/napoveda/vyhledavani/en/seznambot-crawler/)"
77.75.78.169 - - [07/May/2026:19:24:13 +0530] "GET /car-transportation-in-bolpur.html HTTP/1.1" 200 - "-" "Mozilla/5.0 (compatible; SeznamBot/4.0; +https://o-seznam.cz/napoveda/vyhledavani/en/seznambot-crawler/)"
77.75.78.169 - - [07/May/2026:19:28:20 +0530] "GET /office-shifting-in-panihati.html HTTP/1.1" 200 - "-" "Mozilla/5.0 (compatible; SeznamBot/4.0; +https://o-seznam.cz/napoveda/vyhledavani/en/seznambot-crawler/)"
77.75.79.72 - - [07/May/2026:19:32:34 +0530] "GET /shyamnagar-loading-unloading HTTP/1.1" 404 - "-" "Mozilla/5.0 (compatible; SeznamBot/4.0; +https://o-seznam.cz/napoveda/vyhledavani/en/seznambot-crawler/)"
77.75.79.72 - - [07/May/2026:19:38:19 +0530] "GET /home-shifting-in-basirhat.html HTTP/1.1" 200 - "-" "Mozilla/5.0 (compatible; SeznamBot/4.0; +https://o-seznam.cz/napoveda/vyhledavani/en/seznambot-crawler/)"
51.195.244.9 - - [07/May/2026:19:42:37 +0530] "GET /berhampore-warehouse HTTP/1.1" 404 - "-" "Mozilla/5.0 (compatible; AhrefsBot/7.0; +http://ahrefs.com/robot/)"
77.75.79.72 - - [07/May/2026:19:48:26 +0530] "GET /singur-packing-unpacking.html HTTP/1.1" 200 - "-" "Mozilla/5.0 (compatible; SeznamBot/4.0; +https://o-seznam.cz/napoveda/vyhledavani/en/seznambot-crawler/)"
181.233.125.233 - - [07/May/2026:19:51:44 +0530] "GET / HTTP/1.1" 200 79927 "-" "Mozilla/5.0 (Windows NT 10.0; Win64; x64; rv:121.0) Gecko/20100101 Firefox/121.0"
181.233.125.233 - - [07/May/2026:19:51:44 +0530] "POST / HTTP/1.1" 200 79927 "-" "Mozilla/5.0 (Windows NT 10.0; Win64; x64) AppleWebKit/537.36 (KHTML, like Gecko) Chrome/122.0.0.0 Safari/537.36"
181.233.125.233 - - [07/May/2026:19:51:45 +0530] "POST / HTTP/1.1" 200 79927 "-" "Mozilla/5.0 (Windows NT 10.0; Win64; x64) AppleWebKit/537.36 (KHTML, like Gecko) Chrome/122.0.0.0 Safari/537.36"
181.233.125.233 - - [07/May/2026:19:51:45 +0530] "POST /en/ HTTP/1.1" 404 - "-" "Mozilla/5.0 (X11; Linux x86_64) AppleWebKit/537.36 (KHTML, like Gecko) Chrome/122.0.0.0 Safari/537.36"
181.233.125.233 - - [07/May/2026:19:51:45 +0530] "POST /app/ HTTP/1.1" 404 - "-" "Mozilla/5.0 (Windows NT 10.0; Win64; x64) AppleWebKit/537.36 (KHTML, like Gecko) Chrome/122.0.0.0 Safari/537.36"
181.233.125.233 - - [07/May/2026:19:51:46 +0530] "POST /api/ HTTP/1.1" 404 - "-" "Mozilla/5.0 (Macintosh; Intel Mac OS X 10_15_7) AppleWebKit/537.36 (KHTML, like Gecko) Chrome/122.0.0.0 Safari/537.36"
181.233.125.233 - - [07/May/2026:19:51:46 +0530] "POST /_next/ HTTP/1.1" 404 - "-" "Mozilla/5.0 (Windows NT 10.0; Win64; x64; rv:121.0) Gecko/20100101 Firefox/121.0"
181.233.125.233 - - [07/May/2026:19:51:46 +0530] "POST / HTTP/1.1" 200 79927 "-" "Mozilla/5.0 (Windows NT 10.0; Win64; x64) AppleWebKit/537.36 (KHTML, like Gecko) Chrome/122.0.0.0 Safari/537.36"
181.233.125.233 - - [07/May/2026:19:51:46 +0530] "POST / HTTP/1.1" 200 79927 "-" "Mozilla/5.0 (X11; Linux x86_64) AppleWebKit/537.36 (KHTML, like Gecko) Chrome/122.0.0.0 Safari/537.36"
181.233.125.233 - - [07/May/2026:19:51:46 +0530] "POST /en/ HTTP/1.1" 404 - "-" "Mozilla/5.0 (Macintosh; Intel Mac OS X 14_2) AppleWebKit/605.1.15 (KHTML, like Gecko) Version/17.2 Safari/605.1.15"
181.233.125.233 - - [07/May/2026:19:51:47 +0530] "POST /app/ HTTP/1.1" 404 - "-" "Mozilla/5.0 (X11; Linux x86_64) AppleWebKit/537.36 (KHTML, like Gecko) Chrome/122.0.0.0 Safari/537.36"
181.233.125.233 - - [07/May/2026:19:51:47 +0530] "POST /api/ HTTP/1.1" 404 - "-" "Mozilla/5.0 (Macintosh; Intel Mac OS X 14_2) AppleWebKit/605.1.15 (KHTML, like Gecko) Version/17.2 Safari/605.1.15"
181.233.125.233 - - [07/May/2026:19:51:47 +0530] "POST /_next/ HTTP/1.1" 404 - "-" "Mozilla/5.0 (Windows NT 10.0; Win64; x64) AppleWebKit/537.36 (KHTML, like Gecko) Chrome/122.0.0.0 Safari/537.36"
181.233.125.233 - - [07/May/2026:19:51:47 +0530] "POST / HTTP/1.1" 200 79927 "-" "Mozilla/5.0 (Macintosh; Intel Mac OS X 14_2) AppleWebKit/605.1.15 (KHTML, like Gecko) Version/17.2 Safari/605.1.15"
181.233.125.233 - - [07/May/2026:19:51:47 +0530] "POST / HTTP/1.1" 200 79927 "-" "Mozilla/5.0 (Windows NT 10.0; Win64; x64; rv:121.0) Gecko/20100101 Firefox/121.0"
181.233.125.233 - - [07/May/2026:19:51:48 +0530] "POST /en/ HTTP/1.1" 404 - "-" "Mozilla/5.0 (Macintosh; Intel Mac OS X 10_15_7) AppleWebKit/537.36 (KHTML, like Gecko) Chrome/122.0.0.0 Safari/537.36"
181.233.125.233 - - [07/May/2026:19:51:48 +0530] "POST /app/ HTTP/1.1" 404 - "-" "Mozilla/5.0 (Windows NT 10.0; Win64; x64; rv:121.0) Gecko/20100101 Firefox/121.0"
181.233.125.233 - - [07/May/2026:19:51:48 +0530] "POST /api/ HTTP/1.1" 404 - "-" "Mozilla/5.0 (Windows NT 10.0; Win64; x64; rv:121.0) Gecko/20100101 Firefox/121.0"
181.233.125.233 - - [07/May/2026:19:51:48 +0530] "POST /_next/ HTTP/1.1" 404 - "-" "Mozilla/5.0 (Windows NT 10.0; Win64; x64; rv:121.0) Gecko/20100101 Firefox/121.0"
181.233.125.233 - - [07/May/2026:19:51:49 +0530] "POST / HTTP/1.1" 200 79927 "-" "Mozilla/5.0 (X11; Linux x86_64) AppleWebKit/537.36 (KHTML, like Gecko) Chrome/122.0.0.0 Safari/537.36"
181.233.125.233 - - [07/May/2026:19:51:49 +0530] "POST / HTTP/1.1" 200 79927 "-" "Mozilla/5.0 (Macintosh; Intel Mac OS X 10_15_7) AppleWebKit/537.36 (KHTML, like Gecko) Chrome/122.0.0.0 Safari/537.36"
181.233.125.233 - - [07/May/2026:19:51:49 +0530] "POST /en/ HTTP/1.1" 404 - "-" "Mozilla/5.0 (Windows NT 10.0; Win64; x64) AppleWebKit/537.36 (KHTML, like Gecko) Chrome/122.0.0.0 Safari/537.36"
181.233.125.233 - - [07/May/2026:19:51:49 +0530] "POST /app/ HTTP/1.1" 404 - "-" "Mozilla/5.0 (X11; Linux x86_64) AppleWebKit/537.36 (KHTML, like Gecko) Chrome/122.0.0.0 Safari/537.36"
181.233.125.233 - - [07/May/2026:19:51:50 +0530] "POST /api/ HTTP/1.1" 404 - "-" "Mozilla/5.0 (Macintosh; Intel Mac OS X 14_2) AppleWebKit/605.1.15 (KHTML, like Gecko) Version/17.2 Safari/605.1.15"
181.233.125.233 - - [07/May/2026:19:51:50 +0530] "POST /_next/ HTTP/1.1" 404 - "-" "Mozilla/5.0 (Macintosh; Intel Mac OS X 10_15_7) AppleWebKit/537.36 (KHTML, like Gecko) Chrome/122.0.0.0 Safari/537.36"
181.233.125.233 - - [07/May/2026:19:51:50 +0530] "POST / HTTP/1.1" 200 79927 "-" "Mozilla/5.0 (Windows NT 10.0; Win64; x64) AppleWebKit/537.36 (KHTML, like Gecko) Chrome/122.0.0.0 Safari/537.36"
181.233.125.233 - - [07/May/2026:19:51:50 +0530] "POST / HTTP/1.1" 200 79927 "-" "Mozilla/5.0 (X11; Linux x86_64) AppleWebKit/537.36 (KHTML, like Gecko) Chrome/122.0.0.0 Safari/537.36"
181.233.125.233 - - [07/May/2026:19:51:50 +0530] "POST /en/ HTTP/1.1" 404 - "-" "Mozilla/5.0 (Windows NT 10.0; Win64; x64) AppleWebKit/537.36 (KHTML, like Gecko) Chrome/122.0.0.0 Safari/537.36"
181.233.125.233 - - [07/May/2026:19:51:51 +0530] "POST /app/ HTTP/1.1" 404 - "-" "Mozilla/5.0 (Windows NT 10.0; Win64; x64) AppleWebKit/537.36 (KHTML, like Gecko) Chrome/122.0.0.0 Safari/537.36"
181.233.125.233 - - [07/May/2026:19:51:51 +0530] "POST /api/ HTTP/1.1" 404 - "-" "Mozilla/5.0 (Windows NT 10.0; Win64; x64; rv:121.0) Gecko/20100101 Firefox/121.0"
181.233.125.233 - - [07/May/2026:19:51:51 +0530] "POST /_next/ HTTP/1.1" 404 - "-" "Mozilla/5.0 (Macintosh; Intel Mac OS X 14_2) AppleWebKit/605.1.15 (KHTML, like Gecko) Version/17.2 Safari/605.1.15"
181.233.125.233 - - [07/May/2026:19:51:51 +0530] "POST / HTTP/1.1" 200 79927 "-" "Mozilla/5.0 (Windows NT 10.0; Win64; x64; rv:121.0) Gecko/20100101 Firefox/121.0"
181.233.125.233 - - [07/May/2026:19:51:51 +0530] "POST / HTTP/1.1" 200 79927 "-" "Mozilla/5.0 (X11; Linux x86_64) AppleWebKit/537.36 (KHTML, like Gecko) Chrome/122.0.0.0 Safari/537.36"
181.233.125.233 - - [07/May/2026:19:51:52 +0530] "POST /en/ HTTP/1.1" 404 - "-" "Mozilla/5.0 (Macintosh; Intel Mac OS X 14_2) AppleWebKit/605.1.15 (KHTML, like Gecko) Version/17.2 Safari/605.1.15"
181.233.125.233 - - [07/May/2026:19:51:52 +0530] "POST /app/ HTTP/1.1" 404 - "-" "Mozilla/5.0 (Macintosh; Intel Mac OS X 10_15_7) AppleWebKit/537.36 (KHTML, like Gecko) Chrome/122.0.0.0 Safari/537.36"
181.233.125.233 - - [07/May/2026:19:51:52 +0530] "POST /api/ HTTP/1.1" 404 - "-" "Mozilla/5.0 (Windows NT 10.0; Win64; x64; rv:121.0) Gecko/20100101 Firefox/121.0"
181.233.125.233 - - [07/May/2026:19:51:52 +0530] "POST /_next/ HTTP/1.1" 404 - "-" "Mozilla/5.0 (X11; Linux x86_64) AppleWebKit/537.36 (KHTML, like Gecko) Chrome/122.0.0.0 Safari/537.36"
181.233.125.233 - - [07/May/2026:19:51:52 +0530] "POST / HTTP/1.1" 200 79927 "-" "Mozilla/5.0 (Windows NT 10.0; Win64; x64) AppleWebKit/537.36 (KHTML, like Gecko) Chrome/122.0.0.0 Safari/537.36"
181.233.125.233 - - [07/May/2026:19:51:53 +0530] "POST / HTTP/1.1" 404 - "-" "Mozilla/5.0 (Windows NT 10.0; Win64; x64) AppleWebKit/537.36 (KHTML, like Gecko) Chrome/122.0.0.0 Safari/537.36"
181.233.125.233 - - [07/May/2026:19:51:53 +0530] "POST /en/ HTTP/1.1" 404 - "-" "Mozilla/5.0 (X11; Linux x86_64) AppleWebKit/537.36 (KHTML, like Gecko) Chrome/122.0.0.0 Safari/537.36"
181.233.125.233 - - [07/May/2026:19:51:53 +0530] "POST /app/ HTTP/1.1" 404 - "-" "Mozilla/5.0 (Macintosh; Intel Mac OS X 10_15_7) AppleWebKit/537.36 (KHTML, like Gecko) Chrome/122.0.0.0 Safari/537.36"
181.233.125.233 - - [07/May/2026:19:51:53 +0530] "POST /api/ HTTP/1.1" 404 - "-" "Mozilla/5.0 (X11; Linux x86_64) AppleWebKit/537.36 (KHTML, like Gecko) Chrome/122.0.0.0 Safari/537.36"
181.233.125.233 - - [07/May/2026:19:51:53 +0530] "POST /_next/ HTTP/1.1" 404 - "-" "Mozilla/5.0 (X11; Linux x86_64) AppleWebKit/537.36 (KHTML, like Gecko) Chrome/122.0.0.0 Safari/537.36"
181.233.125.233 - - [07/May/2026:19:51:54 +0530] "POST / HTTP/1.1" 404 - "-" "Mozilla/5.0 (X11; Linux x86_64) AppleWebKit/537.36 (KHTML, like Gecko) Chrome/122.0.0.0 Safari/537.36"
181.233.125.233 - - [07/May/2026:19:51:54 +0530] "POST / HTTP/1.1" 200 79927 "-" "Mozilla/5.0 (Macintosh; Intel Mac OS X 10_15_7) AppleWebKit/537.36 (KHTML, like Gecko) Chrome/122.0.0.0 Safari/537.36"
181.233.125.233 - - [07/May/2026:19:51:54 +0530] "POST /en/ HTTP/1.1" 404 - "-" "Mozilla/5.0 (Macintosh; Intel Mac OS X 10_15_7) AppleWebKit/537.36 (KHTML, like Gecko) Chrome/122.0.0.0 Safari/537.36"
181.233.125.233 - - [07/May/2026:19:51:54 +0530] "POST /app/ HTTP/1.1" 404 - "-" "Mozilla/5.0 (X11; Linux x86_64) AppleWebKit/537.36 (KHTML, like Gecko) Chrome/122.0.0.0 Safari/537.36"
181.233.125.233 - - [07/May/2026:19:51:54 +0530] "POST /api/ HTTP/1.1" 404 - "-" "Mozilla/5.0 (Windows NT 10.0; Win64; x64) AppleWebKit/537.36 (KHTML, like Gecko) Chrome/122.0.0.0 Safari/537.36"
181.233.125.233 - - [07/May/2026:19:51:55 +0530] "POST /_next/ HTTP/1.1" 404 - "-" "Mozilla/5.0 (Macintosh; Intel Mac OS X 10_15_7) AppleWebKit/537.36 (KHTML, like Gecko) Chrome/122.0.0.0 Safari/537.36"
77.75.79.72 - - [07/May/2026:19:54:25 +0530] "GET /krishna-nagar-warehouse.html HTTP/1.1" 200 - "-" "Mozilla/5.0 (compatible; SeznamBot/4.0; +https://o-seznam.cz/napoveda/vyhledavani/en/seznambot-crawler/)"
77.75.79.72 - - [07/May/2026:19:56:37 +0530] "GET /haldia-packers-movers.html HTTP/1.1" 200 45968 "-" "Mozilla/5.0 (compatible; SeznamBot/4.0; +https://o-seznam.cz/napoveda/vyhledavani/en/seznambot-crawler/)"
41.215.132.178 - - [07/May/2026:19:57:46 +0530] "POST /xmlrpc.php HTTP/1.1" 404 - "-" "Mozilla/5.0 (Linux; Android 10; x86) AppleWebKit/537.36 (KHTML, like Gecko) Safari/11.0.0.0 Safari/537.36"
77.75.79.72 - - [07/May/2026:19:58:21 +0530] "GET /office-shifting-in-howrah.html HTTP/1.1" 200 - "-" "Mozilla/5.0 (compatible; SeznamBot/4.0; +https://o-seznam.cz/napoveda/vyhledavani/en/seznambot-crawler/)"
77.75.79.72 - - [07/May/2026:20:08:37 +0530] "GET /sodpur-packing-unpacking.html HTTP/1.1" 200 - "-" "Mozilla/5.0 (compatible; SeznamBot/4.0; +https://o-seznam.cz/napoveda/vyhledavani/en/seznambot-crawler/)"
77.75.79.72 - - [07/May/2026:20:14:27 +0530] "GET /hooghly-warehouse.html HTTP/1.1" 200 - "-" "Mozilla/5.0 (compatible; SeznamBot/4.0; +https://o-seznam.cz/napoveda/vyhledavani/en/seznambot-crawler/)"
77.75.79.72 - - [07/May/2026:20:19:28 +0530] "GET /dum-dum-warehouse.html HTTP/1.1" 200 - "-" "Mozilla/5.0 (compatible; SeznamBot/4.0; +https://o-seznam.cz/napoveda/vyhledavani/en/seznambot-crawler/)"
165.227.224.139 - - [07/May/2026:20:20:47 +0530] "GET / HTTP/1.1" 401 53 "-" "Mozilla/5.0 (X11; Linux x86_64; rv:142.0) Gecko/20100101 Firefox/142.0"
165.227.224.139 - - [07/May/2026:20:20:55 +0530] "GET /favicon.ico HTTP/1.1" 401 53 "https://cpcontacts.packersmoversinkolkata.com/" "Mozilla/5.0 (X11; Linux x86_64; rv:142.0) Gecko/20100101 Firefox/142.0"
77.75.79.72 - - [07/May/2026:20:21:24 +0530] "GET /krishna-nagar-packers-movers.html HTTP/1.1" 200 46381 "-" "Mozilla/5.0 (compatible; SeznamBot/4.0; +https://o-seznam.cz/napoveda/vyhledavani/en/seznambot-crawler/)"
77.75.79.72 - - [07/May/2026:20:22:25 +0530] "GET /kalyani-packing-unpacking HTTP/1.1" 404 - "-" "Mozilla/5.0 (compatible; SeznamBot/4.0; +https://o-seznam.cz/napoveda/vyhledavani/en/seznambot-crawler/)"
77.75.79.72 - - [07/May/2026:20:29:49 +0530] "GET /home-shifting-in-hooghly.html HTTP/1.1" 200 - "-" "Mozilla/5.0 (compatible; SeznamBot/4.0; +https://o-seznam.cz/napoveda/vyhledavani/en/seznambot-crawler/)"
77.75.79.17 - - [07/May/2026:20:45:19 +0530] "GET /office-shifting-in-uluberia.html HTTP/1.1" 200 - "-" "Mozilla/5.0 (compatible; SeznamBot/4.0; +https://o-seznam.cz/napoveda/vyhledavani/en/seznambot-crawler/)"
77.75.79.17 - - [07/May/2026:20:55:38 +0530] "GET /singur-warehouse.html HTTP/1.1" 200 - "-" "Mozilla/5.0 (compatible; SeznamBot/4.0; +https://o-seznam.cz/napoveda/vyhledavani/en/seznambot-crawler/)"
43.162.114.69 - - [07/May/2026:20:58:37 +0530] "GET /contacts/booking HTTP/1.1" 404 - "-" "Mozilla/5.0 (iPhone; CPU iPhone OS 13_2_3 like Mac OS X) AppleWebKit/605.1.15 (KHTML, like Gecko) Version/13.0.3 Mobile/15E148 Safari/604.1"
77.75.79.17 - - [07/May/2026:20:59:40 +0530] "GET /car-transportation-in-khardaha.html HTTP/1.1" 200 - "-" "Mozilla/5.0 (compatible; SeznamBot/4.0; +https://o-seznam.cz/napoveda/vyhledavani/en/seznambot-crawler/)"
77.75.79.17 - - [07/May/2026:21:03:25 +0530] "GET /basirhat-loading-unloading HTTP/1.1" 404 - "-" "Mozilla/5.0 (compatible; SeznamBot/4.0; +https://o-seznam.cz/napoveda/vyhledavani/en/seznambot-crawler/)"
77.75.79.17 - - [07/May/2026:21:09:32 +0530] "GET /office-shifting-in-bankra.html HTTP/1.1" 200 - "-" "Mozilla/5.0 (compatible; SeznamBot/4.0; +https://o-seznam.cz/napoveda/vyhledavani/en/seznambot-crawler/)"
74.7.228.42 - - [07/May/2026:21:17:30 +0530] "GET /robots.txt HTTP/1.1" 404 - "-" "Mozilla/5.0 (Macintosh; Intel Mac OS X 10_15_7) AppleWebKit/537.36 (KHTML, like Gecko) Chrome/131.0.0.0 Safari/537.36; compatible; OAI-SearchBot/1.3; robots.txt; +https://openai.com/searchbot"
77.75.79.17 - - [07/May/2026:21:23:38 +0530] "GET /barrackpore-packing-unpacking HTTP/1.1" 404 - "-" "Mozilla/5.0 (compatible; SeznamBot/4.0; +https://o-seznam.cz/napoveda/vyhledavani/en/seznambot-crawler/)"
77.75.79.17 - - [07/May/2026:21:25:29 +0530] "GET /katwa-packing-unpacking.html HTTP/1.1" 200 - "-" "Mozilla/5.0 (compatible; SeznamBot/4.0; +https://o-seznam.cz/napoveda/vyhledavani/en/seznambot-crawler/)"
77.75.79.17 - - [07/May/2026:21:29:37 +0530] "GET /bike-transportation-in-sodpur.html HTTP/1.1" 200 - "-" "Mozilla/5.0 (compatible; SeznamBot/4.0; +https://o-seznam.cz/napoveda/vyhledavani/en/seznambot-crawler/)"
51.68.111.208 - - [07/May/2026:21:32:54 +0530] "GET /robots.txt HTTP/1.1" 404 - "-" "Mozilla/5.0 (compatible; MJ12bot/v2.0.5; http://mj12bot.com/)"
51.68.111.208 - - [07/May/2026:21:32:54 +0530] "GET / HTTP/1.1" 200 79927 "-" "Mozilla/5.0 (compatible; MJ12bot/v2.0.5; http://mj12bot.com/)"
77.75.77.62 - - [07/May/2026:21:35:32 +0530] "GET /home-shifting-in-barasat.html HTTP/1.1" 200 - "-" "Mozilla/5.0 (compatible; SeznamBot/4.0; +https://o-seznam.cz/napoveda/vyhledavani/en/seznambot-crawler/)"
77.75.77.62 - - [07/May/2026:21:45:45 +0530] "GET /sodpur-loading-unloading.html HTTP/1.1" 200 - "-" "Mozilla/5.0 (compatible; SeznamBot/4.0; +https://o-seznam.cz/napoveda/vyhledavani/en/seznambot-crawler/)"
77.75.77.62 - - [07/May/2026:21:49:40 +0530] "GET /car-transportation-in-domjur.html HTTP/1.1" 200 - "-" "Mozilla/5.0 (compatible; SeznamBot/4.0; +https://o-seznam.cz/napoveda/vyhledavani/en/seznambot-crawler/)"
14.240.104.159 - - [07/May/2026:21:50:39 +0530] "GET /basirhat-loading-unloading HTTP/1.1" 404 - "-" "Mozilla/5.0 (Windows NT 6.3; WOW64) AppleWebKit/537.36 (KHTML, like Gecko) Chrome/88.0.4324.190 Safari/537.36"
77.75.77.62 - - [07/May/2026:21:59:43 +0530] "GET /home-shifting-in-katwa.html HTTP/1.1" 200 - "-" "Mozilla/5.0 (compatible; SeznamBot/4.0; +https://o-seznam.cz/napoveda/vyhledavani/en/seznambot-crawler/)"
198.23.172.54 - - [07/May/2026:22:00:47 +0530] "GET / HTTP/1.0" 200 79927 "https://packersmoversinkolkata.com/" "Mozilla/5.0 (Windows NT 10.0; Win64; x64) AppleWebKit/537.36 (KHTML, like Gecko) Chrome/131.0.0.0 Safari/537.36 Avast/131.0.0.0"
198.23.172.54 - - [07/May/2026:22:00:49 +0530] "POST / HTTP/1.0" 200 79927 "https://packersmoversinkolkata.com/" "Mozilla/5.0 (Windows NT 10.0; Win64; x64) AppleWebKit/537.36 (KHTML, like Gecko) Chrome/131.0.0.0 Safari/537.36 Avast/131.0.0.0"
137.184.227.205 - - [07/May/2026:22:05:49 +0530] "HEAD / HTTP/1.1" 200 - "-" "Mozilla/5.0 (Windows NT 10.0; Win64; x64) AppleWebKit/537.36 (KHTML, like Gecko) Chrome/131.0.0.0 Safari/537.36"
77.75.77.62 - - [07/May/2026:22:09:38 +0530] "GET /bolpur-warehouse.html HTTP/1.1" 200 - "-" "Mozilla/5.0 (compatible; SeznamBot/4.0; +https://o-seznam.cz/napoveda/vyhledavani/en/seznambot-crawler/)"
77.75.77.62 - - [07/May/2026:22:11:49 +0530] "GET /bike-transportation-in-madhyamgram HTTP/1.1" 404 - "-" "Mozilla/5.0 (compatible; SeznamBot/4.0; +https://o-seznam.cz/napoveda/vyhledavani/en/seznambot-crawler/)"
18.97.9.170 - - [07/May/2026:22:14:31 +0530] "GET /robots.txt HTTP/1.1" 404 - "-" "CCBot/2.0 (https://commoncrawl.org/faq/)"
18.97.9.170 - - [07/May/2026:22:14:32 +0530] "GET /sitemap.xml HTTP/1.1" 404 - "-" "CCBot/2.0 (https://commoncrawl.org/faq/)"
77.75.77.62 - - [07/May/2026:22:15:23 +0530] "GET /car-transportation-in-ranaghat.html HTTP/1.1" 200 - "-" "Mozilla/5.0 (compatible; SeznamBot/4.0; +https://o-seznam.cz/napoveda/vyhledavani/en/seznambot-crawler/)"
77.75.77.62 - - [07/May/2026:22:25:46 +0530] "GET /home-shifting-in-bhatpara.html HTTP/1.1" 200 - "-" "Mozilla/5.0 (compatible; SeznamBot/4.0; +https://o-seznam.cz/napoveda/vyhledavani/en/seznambot-crawler/)"
77.75.77.62 - - [07/May/2026:22:29:36 +0530] "GET /home-shifting-in-bankra.html HTTP/1.1" 200 - "-" "Mozilla/5.0 (compatible; SeznamBot/4.0; +https://o-seznam.cz/napoveda/vyhledavani/en/seznambot-crawler/)"
77.75.76.163 - - [07/May/2026:22:34:40 +0530] "GET /bike-transportation-in-bolpur.html HTTP/1.1" 200 - "-" "Mozilla/5.0 (compatible; SeznamBot/4.0; +https://o-seznam.cz/napoveda/vyhledavani/en/seznambot-crawler/)"
77.75.76.163 - - [07/May/2026:22:44:45 +0530] "GET /kharagpur-warehouse.html HTTP/1.1" 200 - "-" "Mozilla/5.0 (compatible; SeznamBot/4.0; +https://o-seznam.cz/napoveda/vyhledavani/en/seznambot-crawler/)"
77.75.76.163 - - [07/May/2026:22:46:32 +0530] "GET /car-transportation-in-singur HTTP/1.1" 404 - "-" "Mozilla/5.0 (compatible; SeznamBot/4.0; +https://o-seznam.cz/napoveda/vyhledavani/en/seznambot-crawler/)"
77.75.76.163 - - [07/May/2026:22:48:44 +0530] "GET /barasat-packing-unpacking.html HTTP/1.1" 200 - "-" "Mozilla/5.0 (compatible; SeznamBot/4.0; +https://o-seznam.cz/napoveda/vyhledavani/en/seznambot-crawler/)"
77.75.76.163 - - [07/May/2026:22:58:32 +0530] "GET /bike-transportation-in-katwa.html HTTP/1.1" 200 - "-" "Mozilla/5.0 (compatible; SeznamBot/4.0; +https://o-seznam.cz/napoveda/vyhledavani/en/seznambot-crawler/)"
77.75.78.163 - - [07/May/2026:23:08:26 +0530] "GET /bankra-warehouse.html HTTP/1.1" 200 - "-" "Mozilla/5.0 (compatible; SeznamBot/4.0; +https://o-seznam.cz/napoveda/vyhledavani/en/seznambot-crawler/)"
77.75.78.163 - - [07/May/2026:23:14:34 +0530] "GET /home-shifting-in-naihati.html HTTP/1.1" 200 - "-" "Mozilla/5.0 (compatible; SeznamBot/4.0; +https://o-seznam.cz/napoveda/vyhledavani/en/seznambot-crawler/)"
77.75.76.163 - - [07/May/2026:23:18:47 +0530] "GET /bankra-packing-unpacking.html HTTP/1.1" 200 - "-" "Mozilla/5.0 (compatible; SeznamBot/4.0; +https://o-seznam.cz/napoveda/vyhledavani/en/seznambot-crawler/)"
77.75.78.164 - - [07/May/2026:23:42:08 +0530] "GET /katwa-warehouse.html HTTP/1.1" 200 - "-" "Mozilla/5.0 (compatible; SeznamBot/4.0; +https://o-seznam.cz/napoveda/vyhledavani/en/seznambot-crawler/)"
74.7.244.25 - - [07/May/2026:23:45:36 +0530] "GET /robots.txt HTTP/1.1" 404 - "-" "Mozilla/5.0 (Macintosh; Intel Mac OS X 10_15_7) AppleWebKit/537.36 (KHTML, like Gecko) Chrome/131.0.0.0 Safari/537.36; compatible; OAI-SearchBot/1.3; robots.txt; +https://openai.com/searchbot"
74.7.175.159 - - [07/May/2026:23:45:36 +0530] "GET /robots.txt HTTP/1.1" 404 - "-" "Mozilla/5.0 (Macintosh; Intel Mac OS X 10_15_7) AppleWebKit/537.36 (KHTML, like Gecko) Chrome/131.0.0.0 Safari/537.36; compatible; OAI-SearchBot/1.3; robots.txt; +https://openai.com/searchbot"
77.75.78.164 - - [07/May/2026:23:49:40 +0530] "GET /office-shifting-in-krishna-nagar.html HTTP/1.1" 200 - "-" "Mozilla/5.0 (compatible; SeznamBot/4.0; +https://o-seznam.cz/napoveda/vyhledavani/en/seznambot-crawler/)"
77.75.78.164 - - [07/May/2026:23:53:45 +0530] "GET /office-shifting-in-kalyani.html HTTP/1.1" 200 - "-" "Mozilla/5.0 (compatible; SeznamBot/4.0; +https://o-seznam.cz/napoveda/vyhledavani/en/seznambot-crawler/)"
13.220.9.106 - - [07/May/2026:23:57:57 +0530] "GET /assets/img/images/image2.webp HTTP/1.1" 200 35290 "-" "Mozilla/5.0 (X11; Ubuntu; Linux x86_64; rv:72.0) Gecko/20100101 Firefox/72.0 (compatible; cc-download/1.0; +https://github.com/rom1504/img2dataset)"
13.220.9.106 - - [08/May/2026:00:01:02 +0530] "GET /assets/img/images/warehouse.png HTTP/1.1" 404 - "-" "Mozilla/5.0 (X11; Ubuntu; Linux x86_64; rv:72.0) Gecko/20100101 Firefox/72.0 (compatible; cc-download/1.0; +https://github.com/rom1504/img2dataset)"
104.210.140.129 - - [08/May/2026:00:01:41 +0530] "GET /robots.txt HTTP/1.1" 404 - "-" "Mozilla/5.0 (Macintosh; Intel Mac OS X 10_15_7) AppleWebKit/537.36 (KHTML, like Gecko) Chrome/131.0.0.0 Safari/537.36; compatible; OAI-SearchBot/1.0; +https://openai.com/searchbot"
34.17.207.179 - - [08/May/2026:00:08:39 +0530] "GET /.git/config HTTP/1.1" 404 - "-" "Mozilla/5.0 (X11; Linux x86_64) AppleWebKit/537.36 (KHTML, like Gecko) Ubuntu Chromium/76.0.3809.87 Chrome/76.0.3809.87 Safari/537.36"
77.75.78.164 - - [08/May/2026:00:09:46 +0530] "GET /madhyamgram-packers-movers.html HTTP/1.1" 200 46263 "-" "Mozilla/5.0 (compatible; SeznamBot/4.0; +https://o-seznam.cz/napoveda/vyhledavani/en/seznambot-crawler/)"
77.75.78.164 - - [08/May/2026:00:13:40 +0530] "GET /office-shifting-in-ranaghat.html HTTP/1.1" 200 - "-" "Mozilla/5.0 (compatible; SeznamBot/4.0; +https://o-seznam.cz/napoveda/vyhledavani/en/seznambot-crawler/)"
77.75.78.164 - - [08/May/2026:00:20:06 +0530] "GET /domjur-packing-unpacking.html HTTP/1.1" 200 - "-" "Mozilla/5.0 (compatible; SeznamBot/4.0; +https://o-seznam.cz/napoveda/vyhledavani/en/seznambot-crawler/)"
159.89.177.34 - - [08/May/2026:00:22:12 +0530] "GET / HTTP/1.1" 200 79927 "-" "Mozilla/5.0 (X11; Linux x86_64; rv:142.0) Gecko/20100101 Firefox/142.0"
159.89.177.34 - - [08/May/2026:00:22:19 +0530] "GET /assets/img/logo/logo.png HTTP/1.1" 200 6114 "https://packersmoversinkolkata.com/" "Mozilla/5.0 (X11; Linux x86_64; rv:142.0) Gecko/20100101 Firefox/142.0"
13.220.9.106 - - [08/May/2026:00:23:09 +0530] "GET /assets/img/images/kolnew.png HTTP/1.1" 200 46967 "-" "Mozilla/5.0 (X11; Ubuntu; Linux x86_64; rv:72.0) Gecko/20100101 Firefox/72.0 (compatible; cc-download/1.0; +https://github.com/rom1504/img2dataset)"
13.220.9.106 - - [08/May/2026:00:23:09 +0530] "GET /assets/img/images/moving.png HTTP/1.1" 200 118783 "-" "Mozilla/5.0 (X11; Ubuntu; Linux x86_64; rv:72.0) Gecko/20100101 Firefox/72.0 (compatible; cc-download/1.0; +https://github.com/rom1504/img2dataset)"
77.75.78.164 - - [08/May/2026:00:23:55 +0530] "GET /home-shifting-in-bankura.html HTTP/1.1" 200 - "-" "Mozilla/5.0 (compatible; SeznamBot/4.0; +https://o-seznam.cz/napoveda/vyhledavani/en/seznambot-crawler/)"
13.220.9.106 - - [08/May/2026:00:24:37 +0530] "GET /assets/img/images/about.png HTTP/1.1" 404 - "-" "Mozilla/5.0 (X11; Ubuntu; Linux x86_64; rv:72.0) Gecko/20100101 Firefox/72.0 (compatible; cc-download/1.0; +https://github.com/rom1504/img2dataset)"
77.75.78.164 - - [08/May/2026:00:29:50 +0530] "GET /bankura-warehouse.html HTTP/1.1" 200 - "-" "Mozilla/5.0 (compatible; SeznamBot/4.0; +https://o-seznam.cz/napoveda/vyhledavani/en/seznambot-crawler/)"
13.220.9.106 - - [08/May/2026:00:34:32 +0530] "GET /assets/img/images/hire.png HTTP/1.1" 200 85727 "-" "Mozilla/5.0 (X11; Ubuntu; Linux x86_64; rv:72.0) Gecko/20100101 Firefox/72.0 (compatible; cc-download/1.0; +https://github.com/rom1504/img2dataset)"
77.75.78.162 - - [08/May/2026:00:35:54 +0530] "GET /car-transportation-in-haldia HTTP/1.1" 404 - "-" "Mozilla/5.0 (compatible; SeznamBot/4.0; +https://o-seznam.cz/napoveda/vyhledavani/en/seznambot-crawler/)"
13.220.9.106 - - [08/May/2026:00:37:31 +0530] "GET /assets/img/images/car.png HTTP/1.1" 404 - "-" "Mozilla/5.0 (X11; Ubuntu; Linux x86_64; rv:72.0) Gecko/20100101 Firefox/72.0 (compatible; cc-download/1.0; +https://github.com/rom1504/img2dataset)"
77.75.78.162 - - [08/May/2026:00:37:41 +0530] "GET /bike-transportation-in-barasat HTTP/1.1" 404 - "-" "Mozilla/5.0 (compatible; SeznamBot/4.0; +https://o-seznam.cz/napoveda/vyhledavani/en/seznambot-crawler/)"
43.173.178.9 - - [08/May/2026:00:37:58 +0530] "GET /bhatpara-loading-unloading HTTP/1.1" 404 - "-" "Mozilla/5.0 (Windows NT 10.0; Win64; x64) AppleWebKit/537.36 (KHTML, like Gecko) Chrome/111.0.0.0 Safari/537.36"
188.52.130.167 - - [08/May/2026:00:39:19 +0530] "GET /bhatpara-loading-unloading HTTP/1.1" 404 - "-" "Mozilla/5.0 (Windows NT 10.0; Win64; x64) AppleWebKit/537.36 (KHTML, like Gecko) Chrome/131.0.0.0 Safari/537.36"
43.168.133.109 - - [08/May/2026:00:39:30 +0530] "GET /bhatpara-loading-unloading HTTP/1.1" 404 - "-" "Mozilla/5.0 (Windows NT 10.0; Win64; x64) AppleWebKit/537.36 (KHTML, like Gecko) Chrome/142.0.0.0 Safari/537.36"
43.168.133.109 - - [08/May/2026:00:39:31 +0530] "GET /favicon.ico HTTP/1.1" 404 - "https://packersmoversinkolkata.com/bhatpara-loading-unloading" "Mozilla/5.0 (Windows NT 10.0; Win64; x64) AppleWebKit/537.36 (KHTML, like Gecko) Chrome/142.0.0.0 Safari/537.36"
77.75.78.162 - - [08/May/2026:00:43:52 +0530] "GET /katwa-loading-unloading.html HTTP/1.1" 200 - "-" "Mozilla/5.0 (compatible; SeznamBot/4.0; +https://o-seznam.cz/napoveda/vyhledavani/en/seznambot-crawler/)"
31.133.32.102 - - [08/May/2026:00:47:25 +0530] "GET / HTTP/1.0" 200 79927 "https://packersmoversinkolkata.com/" "Mozilla/5.0 (Windows NT 10.0; Win64; x64) AppleWebKit/537.36 (KHTML, like Gecko) Chrome/131.0.0.0 Safari/537.36"
31.133.32.102 - - [08/May/2026:00:47:27 +0530] "POST / HTTP/1.0" 200 79927 "https://packersmoversinkolkata.com/" "Mozilla/5.0 (Windows NT 10.0; Win64; x64) AppleWebKit/537.36 (KHTML, like Gecko) Chrome/131.0.0.0 Safari/537.36"
13.220.9.106 - - [08/May/2026:00:52:54 +0530] "GET /assets/img/images/image1.webp HTTP/1.1" 200 41326 "-" "Mozilla/5.0 (X11; Ubuntu; Linux x86_64; rv:72.0) Gecko/20100101 Firefox/72.0 (compatible; cc-download/1.0; +https://github.com/rom1504/img2dataset)"
13.220.9.106 - - [08/May/2026:00:58:19 +0530] "GET /assets/img/images/bike.png HTTP/1.1" 404 - "-" "Mozilla/5.0 (X11; Ubuntu; Linux x86_64; rv:72.0) Gecko/20100101 Firefox/72.0 (compatible; cc-download/1.0; +https://github.com/rom1504/img2dataset)"
18.233.10.76 - - [08/May/2026:00:58:39 +0530] "GET /assets/img/images/bike.png HTTP/1.1" 404 - "-" "Mozilla/5.0 (X11; Ubuntu; Linux x86_64; rv:72.0) Gecko/20100101 Firefox/72.0 (compatible; cc-download/1.0; +https://github.com/rom1504/img2dataset)"
77.75.78.162 - - [08/May/2026:01:03:56 +0530] "GET /office-shifting-in-ichapur.html HTTP/1.1" 200 - "-" "Mozilla/5.0 (compatible; SeznamBot/4.0; +https://o-seznam.cz/napoveda/vyhledavani/en/seznambot-crawler/)"
14.162.178.188 - - [08/May/2026:01:06:29 +0530] "GET /bolpur-packers-movers HTTP/1.1" 404 - "-" "Mozilla/5.0 (Macintosh; Intel Mac OS X 10_12_6) AppleWebKit/537.36 (KHTML, like Gecko) Chrome/96.0.4664.110 Safari/537.36"
149.20.243.51 - - [08/May/2026:01:06:35 +0530] "GET / HTTP/1.1" 200 79927 "-" "Mozilla/5.0 (Windows NT 10.0; WOW64) AppleWebKit/537.36 (KHTML, like Gecko) Chrome/114.0.0.0 Safari/537.36"
149.20.243.51 - - [08/May/2026:01:06:36 +0530] "GET /contacts.html HTTP/1.1" 200 40378 "https://packersmoversinkolkata.com/" "Mozilla/5.0 (Windows NT 10.0; WOW64) AppleWebKit/537.36 (KHTML, like Gecko) Chrome/114.0.0.0 Safari/537.36"
149.20.243.51 - - [08/May/2026:01:06:39 +0530] "GET /contacts/booking HTTP/1.1" 404 - "https://packersmoversinkolkata.com/" "Mozilla/5.0 (Windows NT 10.0; WOW64) AppleWebKit/537.36 (KHTML, like Gecko) Chrome/114.0.0.0 Safari/537.36"
149.20.243.51 - - [08/May/2026:01:06:41 +0530] "POST /contacts.html HTTP/1.1" 404 - "https://packersmoversinkolkata.com/contacts.html" "Mozilla/5.0 (Windows NT 10.0; WOW64) AppleWebKit/537.36 (KHTML, like Gecko) Chrome/114.0.0.0 Safari/537.36"
147.53.114.7 - - [08/May/2026:01:06:42 +0530] "POST /contacts.html HTTP/1.1" 404 - "https://packersmoversinkolkata.com/contacts.html" "Mozilla/5.0 (Windows NT 10.0; WOW64) AppleWebKit/537.36 (KHTML, like Gecko) Chrome/114.0.0.0 Safari/537.36"
170.199.228.59 - - [08/May/2026:01:06:43 +0530] "POST /contacts.html HTTP/1.1" 404 - "https://packersmoversinkolkata.com/contacts.html" "Mozilla/5.0 (Windows NT 10.0; WOW64) AppleWebKit/537.36 (KHTML, like Gecko) Chrome/114.0.0.0 Safari/537.36"
147.92.55.183 - - [08/May/2026:01:06:44 +0530] "POST /contacts.html HTTP/1.1" 404 - "https://packersmoversinkolkata.com/contacts.html" "Mozilla/5.0 (Windows NT 10.0; WOW64) AppleWebKit/537.36 (KHTML, like Gecko) Chrome/114.0.0.0 Safari/537.36"
77.75.78.162 - - [08/May/2026:01:13:04 +0530] "GET /kolkata-packers-movers.html HTTP/1.1" 200 46027 "-" "Mozilla/5.0 (compatible; SeznamBot/4.0; +https://o-seznam.cz/napoveda/vyhledavani/en/seznambot-crawler/)"
114.119.150.210 - - [08/May/2026:01:27:02 +0530] "GET /bolpur-loading-unloading.html HTTP/1.1" 200 - "https://packersmoversinkolkata.com/bolpur-packers-movers.html" "Mozilla/5.0 (Linux; Android 7.0;) AppleWebKit/537.36 (KHTML, like Gecko) Mobile Safari/537.36 (compatible; PetalBot;+https://webmaster.petalsearch.com/site/petalbot)"
114.119.144.233 - - [08/May/2026:01:29:07 +0530] "GET /bike-transportation-in-haldia HTTP/1.1" 404 - "https://packersmoversinkolkata.com/haldia-loading-unloading" "Mozilla/5.0 (Linux; Android 7.0;) AppleWebKit/537.36 (HTML, like Gecko) Mobile Safari/537.36 (compatible; PetalBot;+https://webmaster.petalsearch.com/site/petalbot)"
47.128.28.207 - - [08/May/2026:01:39:11 +0530] "GET /goods-insurance HTTP/1.1" 404 - "-" "Mozilla/5.0 (Linux; Android 5.0) AppleWebKit/537.36 (KHTML, like Gecko) Mobile Safari/537.36 (compatible; Bytespider; spider-feedback@bytedance.com)"
77.75.79.17 - - [08/May/2026:01:41:49 +0530] "GET /car-transportation-in-kolkata.html HTTP/1.1" 200 40833 "-" "Mozilla/5.0 (compatible; SeznamBot/4.0; +https://o-seznam.cz/napoveda/vyhledavani/en/seznambot-crawler/)"
104.223.37.84 - - [08/May/2026:01:43:30 +0530] "GET /goods-insurance HTTP/1.1" 404 - "-" "Mozilla/5.0 (Linux; Android 5.0; SM-G900P Build/LRX21T) AppleWebKit/537.36 (KHTML, like Gecko) Chrome/39.0.3857.1505 Mobile Safari/537.36"
77.75.79.17 - - [08/May/2026:01:47:50 +0530] "GET /baranagar-packers-movers HTTP/1.1" 404 - "-" "Mozilla/5.0 (compatible; SeznamBot/4.0; +https://o-seznam.cz/napoveda/vyhledavani/en/seznambot-crawler/)"
45.71.197.9 - - [08/May/2026:01:48:23 +0530] "GET /barrackpore-packers-movers HTTP/1.1" 404 - "-" "Mozilla/5.0 (Macintosh; Intel Mac OS X 10_15_7) AppleWebKit/537.36 (KHTML, like Gecko) Chrome/134.0.6998.45 Safari/537.36"
77.75.79.17 - - [08/May/2026:01:50:11 +0530] "GET /office-shifting-in-barasat.html HTTP/1.1" 200 - "-" "Mozilla/5.0 (compatible; SeznamBot/4.0; +https://o-seznam.cz/napoveda/vyhledavani/en/seznambot-crawler/)"
105.76.182.8 - - [08/May/2026:01:57:23 +0530] "GET /kalyani-packers-movers HTTP/1.1" 404 - "-" "Mozilla/5.0 (Windows NT 10.0; WOW64) AppleWebKit/537.36 (KHTML, like Gecko) Chrome/89.0.4389.116 Safari/537.36"
144.124.230.163 - - [08/May/2026:02:05:33 +0530] "GET / HTTP/1.0" 200 79927 "https://packersmoversinkolkata.com/" "Mozilla/5.0 (Windows NT 10.0; Win64; x64) AppleWebKit/537.36 (KHTML, like Gecko) Chrome/130.0.0.0 Safari/537.36"
77.75.79.17 - - [08/May/2026:02:06:04 +0530] "GET /kharagpur-packers-movers.html HTTP/1.1" 200 46145 "-" "Mozilla/5.0 (compatible; SeznamBot/4.0; +https://o-seznam.cz/napoveda/vyhledavani/en/seznambot-crawler/)"
77.75.79.17 - - [08/May/2026:02:08:08 +0530] "GET /home-shifting-in-sodpur HTTP/1.1" 404 - "-" "Mozilla/5.0 (compatible; SeznamBot/4.0; +https://o-seznam.cz/napoveda/vyhledavani/en/seznambot-crawler/)"
17.22.253.180 - - [08/May/2026:02:08:17 +0530] "GET /robots.txt HTTP/1.1" 404 - "-" "Mozilla/5.0 (Macintosh; Intel Mac OS X 10_15_7) AppleWebKit/605.1.15 (KHTML, like Gecko) Version/17.4 Safari/605.1.15 (Applebot/0.1; +http://www.apple.com/go/applebot)"
17.22.253.180 - - [08/May/2026:02:08:18 +0530] "GET /sodpur-warehouse HTTP/1.1" 404 - "-" "Mozilla/5.0 (Macintosh; Intel Mac OS X 10_15_7) AppleWebKit/605.1.15 (KHTML, like Gecko) Version/17.4 Safari/605.1.15 (Applebot/0.1; +http://www.apple.com/go/applebot)"
77.75.79.17 - - [08/May/2026:02:10:11 +0530] "GET /home-shifting-in-bangaon.html HTTP/1.1" 200 - "-" "Mozilla/5.0 (compatible; SeznamBot/4.0; +https://o-seznam.cz/napoveda/vyhledavani/en/seznambot-crawler/)"
77.75.79.17 - - [08/May/2026:02:13:47 +0530] "GET /car-transportation-in-panihati.html HTTP/1.1" 200 - "-" "Mozilla/5.0 (compatible; SeznamBot/4.0; +https://o-seznam.cz/napoveda/vyhledavani/en/seznambot-crawler/)"
209.87.169.9 - - [08/May/2026:02:18:05 +0530] "GET /wp-login.php HTTP/1.1" 404 - "-" "Mozilla/5.0"
36.83.119.111 - - [08/May/2026:02:18:21 +0530] "GET /hooghly-loading-unloading HTTP/1.1" 404 - "-" "Mozilla/5.0 (Macintosh; Intel Mac OS X 11_7_0) AppleWebKit/537.36 (KHTML, like Gecko) Chrome/134.0.6998.88 Safari/537.36"
114.119.131.2 - - [08/May/2026:02:27:10 +0530] "GET /home-shifting-in-naihati.html HTTP/1.1" 200 - "https://packersmoversinkolkata.com/naihati-packers-movers.html" "Mozilla/5.0 (Linux; Android 7.0;) AppleWebKit/537.36 (KHTML, like Gecko) Mobile Safari/537.36 (compatible; PetalBot;+https://webmaster.petalsearch.com/site/petalbot)"
77.75.78.162 - - [08/May/2026:02:30:08 +0530] "GET /dum-dum-packing-unpacking.html HTTP/1.1" 200 - "-" "Mozilla/5.0 (compatible; SeznamBot/4.0; +https://o-seznam.cz/napoveda/vyhledavani/en/seznambot-crawler/)"
5.39.109.174 - - [08/May/2026:02:35:16 +0530] "GET /robots.txt HTTP/1.1" 404 - "-" "Mozilla/5.0 (compatible; AhrefsBot/7.0; +http://ahrefs.com/robot/)"
198.244.240.1 - - [08/May/2026:02:35:17 +0530] "GET /uluberia-loading-unloading HTTP/1.1" 404 - "-" "Mozilla/5.0 (compatible; AhrefsBot/7.0; +http://ahrefs.com/robot/)"
79.53.207.138 - - [08/May/2026:02:43:28 +0530] "GET /kolkata-packing-unpacking HTTP/1.1" 404 - "-" "Opera/9.90.(Windows NT 5.1; te-IN) Presto/2.9.167 Version/12.00"
77.75.78.162 - - [08/May/2026:02:44:02 +0530] "GET /bolpur-loading-unloading.html HTTP/1.1" 200 - "-" "Mozilla/5.0 (compatible; SeznamBot/4.0; +https://o-seznam.cz/napoveda/vyhledavani/en/seznambot-crawler/)"
74.7.230.7 - - [08/May/2026:02:44:19 +0530] "GET /robots.txt HTTP/1.1" 404 - "-" "Mozilla/5.0 (Macintosh; Intel Mac OS X 10_15_7) AppleWebKit/537.36 (KHTML, like Gecko) Chrome/131.0.0.0 Safari/537.36; compatible; OAI-SearchBot/1.3; robots.txt; +https://openai.com/searchbot"
74.7.241.58 - - [08/May/2026:02:44:22 +0530] "GET / HTTP/1.1" 200 79927 "http://in.onetaplisting.com" "Mozilla/5.0 AppleWebKit/537.36 (KHTML, like Gecko; compatible; GPTBot/1.3; +https://openai.com/gptbot)"
74.7.241.58 - - [08/May/2026:02:44:29 +0530] "GET /barrackpore-packers-movers.html HTTP/1.1" 200 46263 "https://packersmoversinkolkata.com/" "Mozilla/5.0 AppleWebKit/537.36 (KHTML, like Gecko; compatible; GPTBot/1.3; +https://openai.com/gptbot)"
74.7.241.58 - - [08/May/2026:02:44:32 +0530] "GET /bhatpara-packers-movers.html HTTP/1.1" 200 46086 "https://packersmoversinkolkata.com/" "Mozilla/5.0 AppleWebKit/537.36 (KHTML, like Gecko; compatible; GPTBot/1.3; +https://openai.com/gptbot)"
74.7.241.58 - - [08/May/2026:02:44:35 +0530] "GET /jhargram-packers-movers.html HTTP/1.1" 200 46086 "https://packersmoversinkolkata.com/" "Mozilla/5.0 AppleWebKit/537.36 (KHTML, like Gecko; compatible; GPTBot/1.3; +https://openai.com/gptbot)"
74.7.241.58 - - [08/May/2026:02:44:39 +0530] "GET /dum-dum-packers-movers.html HTTP/1.1" 200 46027 "https://packersmoversinkolkata.com/" "Mozilla/5.0 AppleWebKit/537.36 (KHTML, like Gecko; compatible; GPTBot/1.3; +https://openai.com/gptbot)"
74.7.241.58 - - [08/May/2026:02:44:42 +0530] "GET /assets/js/wow.min.js HTTP/1.1" 200 8415 "https://packersmoversinkolkata.com/" "Mozilla/5.0 AppleWebKit/537.36 (KHTML, like Gecko; compatible; GPTBot/1.3; +https://openai.com/gptbot)"
74.7.241.58 - - [08/May/2026:02:44:45 +0530] "GET /sodpur-packers-movers.html HTTP/1.1" 200 45968 "https://packersmoversinkolkata.com/" "Mozilla/5.0 AppleWebKit/537.36 (KHTML, like Gecko; compatible; GPTBot/1.3; +https://openai.com/gptbot)"
74.7.241.58 - - [08/May/2026:02:44:48 +0530] "GET /faq.html HTTP/1.1" 200 40560 "https://packersmoversinkolkata.com/" "Mozilla/5.0 AppleWebKit/537.36 (KHTML, like Gecko; compatible; GPTBot/1.3; +https://openai.com/gptbot)"
74.7.241.58 - - [08/May/2026:02:44:51 +0530] "GET /barasat-packers-movers.html HTTP/1.1" 200 46027 "https://packersmoversinkolkata.com/" "Mozilla/5.0 AppleWebKit/537.36 (KHTML, like Gecko; compatible; GPTBot/1.3; +https://openai.com/gptbot)"
74.7.241.58 - - [08/May/2026:02:44:54 +0530] "GET /assets/css/default.css HTTP/1.1" 200 7929 "https://packersmoversinkolkata.com/" "Mozilla/5.0 AppleWebKit/537.36 (KHTML, like Gecko; compatible; GPTBot/1.3; +https://openai.com/gptbot)"
74.7.241.58 - - [08/May/2026:02:44:57 +0530] "GET /assets/js/aos.html HTTP/1.1" 200 - "https://packersmoversinkolkata.com/" "Mozilla/5.0 AppleWebKit/537.36 (KHTML, like Gecko; compatible; GPTBot/1.3; +https://openai.com/gptbot)"
74.7.241.58 - - [08/May/2026:02:44:59 +0530] "GET /packers-movers-in-kolkata-google-business-profile.html HTTP/1.1" 200 39136 "https://packersmoversinkolkata.com/" "Mozilla/5.0 AppleWebKit/537.36 (KHTML, like Gecko; compatible; GPTBot/1.3; +https://openai.com/gptbot)"
74.7.241.58 - - [08/May/2026:02:45:02 +0530] "GET /barrackpore-packing-unpacking.html HTTP/1.1" 200 - "https://packersmoversinkolkata.com/barrackpore-packers-movers.html" "Mozilla/5.0 AppleWebKit/537.36 (KHTML, like Gecko; compatible; GPTBot/1.3; +https://openai.com/gptbot)"
74.7.241.58 - - [08/May/2026:02:45:04 +0530] "GET /bike-transportation-in-barrackpore.html HTTP/1.1" 200 - "https://packersmoversinkolkata.com/barrackpore-packers-movers.html" "Mozilla/5.0 AppleWebKit/537.36 (KHTML, like Gecko; compatible; GPTBot/1.3; +https://openai.com/gptbot)"
74.7.241.58 - - [08/May/2026:02:45:07 +0530] "GET /car-transportation-in-barrackpore.html HTTP/1.1" 200 - "https://packersmoversinkolkata.com/barrackpore-packers-movers.html" "Mozilla/5.0 AppleWebKit/537.36 (KHTML, like Gecko; compatible; GPTBot/1.3; +https://openai.com/gptbot)"
74.7.241.58 - - [08/May/2026:02:45:08 +0530] "GET /bike-transportation-in-bhatpara.html HTTP/1.1" 200 - "https://packersmoversinkolkata.com/bhatpara-packers-movers.html" "Mozilla/5.0 AppleWebKit/537.36 (KHTML, like Gecko; compatible; GPTBot/1.3; +https://openai.com/gptbot)"
74.7.241.58 - - [08/May/2026:02:45:10 +0530] "GET /bike-transportation-in-jhargram.html HTTP/1.1" 200 - "https://packersmoversinkolkata.com/jhargram-packers-movers.html" "Mozilla/5.0 AppleWebKit/537.36 (KHTML, like Gecko; compatible; GPTBot/1.3; +https://openai.com/gptbot)"
74.7.241.58 - - [08/May/2026:02:45:12 +0530] "GET /barrackpore-warehouse.html HTTP/1.1" 200 - "https://packersmoversinkolkata.com/barrackpore-packers-movers.html" "Mozilla/5.0 AppleWebKit/537.36 (KHTML, like Gecko; compatible; GPTBot/1.3; +https://openai.com/gptbot)"
74.7.241.58 - - [08/May/2026:02:45:14 +0530] "GET /dum-dum-packing-unpacking.html HTTP/1.1" 200 - "https://packersmoversinkolkata.com/dum-dum-packers-movers.html" "Mozilla/5.0 AppleWebKit/537.36 (KHTML, like Gecko; compatible; GPTBot/1.3; +https://openai.com/gptbot)"
74.7.241.58 - - [08/May/2026:02:45:17 +0530] "GET /dum-dum-loading-unloading.html HTTP/1.1" 200 - "https://packersmoversinkolkata.com/dum-dum-packers-movers.html" "Mozilla/5.0 AppleWebKit/537.36 (KHTML, like Gecko; compatible; GPTBot/1.3; +https://openai.com/gptbot)"
74.7.241.58 - - [08/May/2026:02:45:19 +0530] "GET /bhatpara-packing-unpacking.html HTTP/1.1" 200 - "https://packersmoversinkolkata.com/bhatpara-packers-movers.html" "Mozilla/5.0 AppleWebKit/537.36 (KHTML, like Gecko; compatible; GPTBot/1.3; +https://openai.com/gptbot)"
74.7.241.58 - - [08/May/2026:02:45:21 +0530] "GET /bhatpara-loading-unloading.html HTTP/1.1" 200 - "https://packersmoversinkolkata.com/bhatpara-packers-movers.html" "Mozilla/5.0 AppleWebKit/537.36 (KHTML, like Gecko; compatible; GPTBot/1.3; +https://openai.com/gptbot)"
74.7.241.58 - - [08/May/2026:02:45:24 +0530] "GET /jhargram-loading-unloading.html HTTP/1.1" 200 - "https://packersmoversinkolkata.com/jhargram-packers-movers.html" "Mozilla/5.0 AppleWebKit/537.36 (KHTML, like Gecko; compatible; GPTBot/1.3; +https://openai.com/gptbot)"
74.7.241.58 - - [08/May/2026:02:45:26 +0530] "GET /barrackpore-loading-unloading.html HTTP/1.1" 200 - "https://packersmoversinkolkata.com/barrackpore-packers-movers.html" "Mozilla/5.0 AppleWebKit/537.36 (KHTML, like Gecko; compatible; GPTBot/1.3; +https://openai.com/gptbot)"
74.7.241.58 - - [08/May/2026:02:45:28 +0530] "GET /bike-transportation-in-dum-dum.html HTTP/1.1" 200 - "https://packersmoversinkolkata.com/dum-dum-packers-movers.html" "Mozilla/5.0 AppleWebKit/537.36 (KHTML, like Gecko; compatible; GPTBot/1.3; +https://openai.com/gptbot)"
74.7.241.58 - - [08/May/2026:02:45:30 +0530] "GET /jhargram-packing-unpacking.html HTTP/1.1" 200 - "https://packersmoversinkolkata.com/jhargram-packers-movers.html" "Mozilla/5.0 AppleWebKit/537.36 (KHTML, like Gecko; compatible; GPTBot/1.3; +https://openai.com/gptbot)"
74.7.241.58 - - [08/May/2026:02:45:33 +0530] "GET /kanchrapara-packers-movers.html HTTP/1.1" 200 46263 "https://packersmoversinkolkata.com/" "Mozilla/5.0 AppleWebKit/537.36 (KHTML, like Gecko; compatible; GPTBot/1.3; +https://openai.com/gptbot)"
74.7.241.58 - - [08/May/2026:02:45:36 +0530] "GET /home-shifting-in-kolkata.html HTTP/1.1" 200 40319 "https://packersmoversinkolkata.com/" "Mozilla/5.0 AppleWebKit/537.36 (KHTML, like Gecko; compatible; GPTBot/1.3; +https://openai.com/gptbot)"
74.7.241.58 - - [08/May/2026:02:45:38 +0530] "GET /home-shifting-in-barasat.html HTTP/1.1" 200 - "https://packersmoversinkolkata.com/barasat-packers-movers.html" "Mozilla/5.0 AppleWebKit/537.36 (KHTML, like Gecko; compatible; GPTBot/1.3; +https://openai.com/gptbot)"
74.7.241.58 - - [08/May/2026:02:45:41 +0530] "GET /bike-transportation-in-kolkata.html HTTP/1.1" 200 41350 "https://packersmoversinkolkata.com/" "Mozilla/5.0 AppleWebKit/537.36 (KHTML, like Gecko; compatible; GPTBot/1.3; +https://openai.com/gptbot)"
74.7.241.58 - - [08/May/2026:02:45:44 +0530] "GET /bike-transportation-in-barasat.html HTTP/1.1" 200 - "https://packersmoversinkolkata.com/barasat-packers-movers.html" "Mozilla/5.0 AppleWebKit/537.36 (KHTML, like Gecko; compatible; GPTBot/1.3; +https://openai.com/gptbot)"
74.7.241.58 - - [08/May/2026:02:45:46 +0530] "GET /car-transportation-in-kolkata.html HTTP/1.1" 200 40833 "https://packersmoversinkolkata.com/" "Mozilla/5.0 AppleWebKit/537.36 (KHTML, like Gecko; compatible; GPTBot/1.3; +https://openai.com/gptbot)"
74.7.241.58 - - [08/May/2026:02:45:49 +0530] "GET /car-transportation-in-jhargram.html HTTP/1.1" 200 - "https://packersmoversinkolkata.com/jhargram-packers-movers.html" "Mozilla/5.0 AppleWebKit/537.36 (KHTML, like Gecko; compatible; GPTBot/1.3; +https://openai.com/gptbot)"
77.75.78.162 - - [08/May/2026:02:45:50 +0530] "GET /kolkata-loading-unloading HTTP/1.1" 404 - "-" "Mozilla/5.0 (compatible; SeznamBot/4.0; +https://o-seznam.cz/napoveda/vyhledavani/en/seznambot-crawler/)"
