MOON
Server: Apache
System: Linux server30c.hostingraja.org 5.14.0-611.49.2.el9_7.x86_64 #1 SMP PREEMPT_DYNAMIC Thu Apr 30 09:05:08 EDT 2026 x86_64
User: seoprovi (1222)
PHP: 5.6.40
Disabled: NONE
Upload Files
File: /home/seoprovi/access-logs/rajputmovers.com.seoproviderkolkata.com-ssl_log
216.73.217.23 - - [07/May/2026:17:43:22 +0530] "GET /robots.txt HTTP/1.1" 200 63 "-" "Mozilla/5.0 AppleWebKit/537.36 (KHTML, like Gecko; compatible; ClaudeBot/1.0; +claudebot@anthropic.com)"
216.73.217.23 - - [07/May/2026:17:43:22 +0530] "GET /sitemap.xml HTTP/1.1" 404 35081 "-" "Mozilla/5.0 AppleWebKit/537.36 (KHTML, like Gecko; compatible; ClaudeBot/1.0; +claudebot@anthropic.com)"
51.68.107.151 - - [07/May/2026:17:53:54 +0530] "GET /robots.txt HTTP/1.1" 404 - "-" "Mozilla/5.0 (compatible; MJ12bot/v2.0.5; http://mj12bot.com/)"
64.89.160.79 - - [07/May/2026:18:11:07 +0530] "GET /index.php?option=com_jce&task=plugin&plugin=imgmanager&file=imgmanager&method=form&action=upload HTTP/1.1" 404 35081 "-" "ALittle Client"
159.65.192.142 - - [07/May/2026:18:11:26 +0530] "GET / HTTP/1.1" 301 277 "-" "Mozilla/5.0 (X11; Linux x86_64) AppleWebKit/537.36 (KHTML, like Gecko) Chrome/142.0.0.0 Safari/537.36"
159.65.192.142 - - [07/May/2026:18:11:31 +0530] "GET /favicon.ico HTTP/1.1" 301 288 "https://rajputmovers.com/" "Mozilla/5.0 (X11; Linux x86_64) AppleWebKit/537.36 (KHTML, like Gecko) Chrome/142.0.0.0 Safari/537.36"
46.105.39.50 - - [07/May/2026:18:44:36 +0530] "GET /robots.txt HTTP/1.1" 200 63 "-" "Mozilla/5.0 (compatible; MJ12bot/v2.0.5; http://mj12bot.com/)"
46.105.39.50 - - [07/May/2026:18:44:36 +0530] "GET / HTTP/1.1" 200 35081 "-" "Mozilla/5.0 (compatible; MJ12bot/v2.0.5; http://mj12bot.com/)"
216.73.217.23 - - [07/May/2026:19:33:34 +0530] "GET /robots.txt HTTP/1.1" 200 63 "-" "Mozilla/5.0 AppleWebKit/537.36 (KHTML, like Gecko; compatible; ClaudeBot/1.0; +claudebot@anthropic.com)"
216.73.217.23 - - [07/May/2026:19:33:35 +0530] "GET /sitemap.xml HTTP/1.1" 404 35081 "-" "Mozilla/5.0 AppleWebKit/537.36 (KHTML, like Gecko; compatible; ClaudeBot/1.0; +claudebot@anthropic.com)"
172.241.245.37 - - [07/May/2026:19:36:37 +0530] "GET / HTTP/1.1" 200 35081 "-" "Mozilla/5.0 (Windows NT 10.0; Win64; x64) AppleWebKit/537.36 (KHTML, like Gecko) Chrome/145.0.0.0 Safari/537.36"
172.241.245.37 - - [07/May/2026:19:36:38 +0530] "GET /index.html HTTP/1.1" 200 35081 "-" "Mozilla/5.0 (Windows NT 10.0; Win64; x64) AppleWebKit/537.36 (KHTML, like Gecko) Chrome/145.0.0.0 Safari/537.36"
172.241.245.37 - - [07/May/2026:19:36:39 +0530] "GET /about-us.html HTTP/1.1" 200 19496 "-" "Mozilla/5.0 (Windows NT 10.0; Win64; x64) AppleWebKit/537.36 (KHTML, like Gecko) Chrome/145.0.0.0 Safari/537.36"
172.241.245.37 - - [07/May/2026:19:36:40 +0530] "GET /blog.html HTTP/1.1" 200 19505 "-" "Mozilla/5.0 (Windows NT 10.0; Win64; x64) AppleWebKit/537.36 (KHTML, like Gecko) Chrome/145.0.0.0 Safari/537.36"
172.241.245.37 - - [07/May/2026:19:36:41 +0530] "GET /contact.html HTTP/1.1" 200 16518 "-" "Mozilla/5.0 (Windows NT 10.0; Win64; x64) AppleWebKit/537.36 (KHTML, like Gecko) Chrome/145.0.0.0 Safari/537.36"
172.241.245.37 - - [07/May/2026:19:36:42 +0530] "GET /js/script.js HTTP/1.1" 200 6126 "-" "Mozilla/5.0 (Windows NT 10.0; Win64; x64) AppleWebKit/537.36 (KHTML, like Gecko) Chrome/145.0.0.0 Safari/537.36"
43.164.196.244 - - [07/May/2026:19:47:09 +0530] "GET / HTTP/1.1" 200 35081 "http://www.rajputmovers.com" "Mozilla/5.0 (iPhone; CPU iPhone OS 13_2_3 like Mac OS X) AppleWebKit/605.1.15 (KHTML, like Gecko) Version/13.0.3 Mobile/15E148 Safari/604.1"
124.156.157.91 - - [07/May/2026:19:59:21 +0530] "GET / HTTP/1.1" 200 35081 "http://rajputmovers.com" "Mozilla/5.0 (iPhone; CPU iPhone OS 13_2_3 like Mac OS X) AppleWebKit/605.1.15 (KHTML, like Gecko) Version/13.0.3 Mobile/15E148 Safari/604.1"
66.249.70.167 - - [07/May/2026:21:29:37 +0530] "GET /robots.txt HTTP/1.1" 301 287 "-" "Mozilla/5.0 (compatible; Googlebot/2.1; +http://www.google.com/bot.html)"
66.249.64.232 - - [07/May/2026:21:29:38 +0530] "GET /robots.txt HTTP/1.1" 200 63 "-" "Mozilla/5.0 (compatible; Googlebot/2.1; +http://www.google.com/bot.html)"
216.73.217.23 - - [07/May/2026:21:30:46 +0530] "GET /robots.txt HTTP/1.1" 200 63 "-" "Mozilla/5.0 AppleWebKit/537.36 (KHTML, like Gecko; compatible; ClaudeBot/1.0; +claudebot@anthropic.com)"
216.73.217.23 - - [07/May/2026:21:30:47 +0530] "GET /sitemap.xml HTTP/1.1" 404 35081 "-" "Mozilla/5.0 AppleWebKit/537.36 (KHTML, like Gecko; compatible; ClaudeBot/1.0; +claudebot@anthropic.com)"
194.132.138.142 - - [07/May/2026:22:38:25 +0530] "GET / HTTP/1.1" 200 35081 "http://www.rajputmovers.com/" "Mozilla/5.0 (Linux; Android 14; SM-S901B) AppleWebKit/537.36 (KHTML, like Gecko) Chrome/120.0.6099.280 Mobile Safari/537.36 OPR/80.4.4244.7786"
34.72.176.129 - - [07/May/2026:22:39:50 +0530] "GET / HTTP/1.1" 200 35081 "-" "Mozilla/5.0 (X11; Linux x86_64) AppleWebKit/537.36 (KHTML, like Gecko) Chrome/125.0.0.0 Safari/537.36"
205.169.39.56 - - [07/May/2026:22:39:50 +0530] "GET / HTTP/1.1" 200 35081 "-" "Mozilla/5.0 (Windows NT 10.0; Win64; x64) AppleWebKit/537.36 (KHTML, like Gecko) Chrome/117.0.5938.132 Safari/537.36"
34.72.176.129 - - [07/May/2026:22:39:51 +0530] "GET /css/vendor.bundle.css HTTP/1.1" 200 215488 "https://www.rajputmovers.com/" "Mozilla/5.0 (X11; Linux x86_64) AppleWebKit/537.36 (KHTML, like Gecko) Chrome/125.0.0.0 Safari/537.36"
205.169.39.56 - - [07/May/2026:22:39:51 +0530] "GET /css/vendor.bundle.css HTTP/1.1" 200 215488 "https://www.rajputmovers.com/" "Mozilla/5.0 (Windows NT 10.0; Win64; x64) AppleWebKit/537.36 (KHTML, like Gecko) Chrome/117.0.5938.132 Safari/537.36"
34.72.176.129 - - [07/May/2026:22:39:51 +0530] "GET /image/logo.png HTTP/1.1" 200 9661 "https://www.rajputmovers.com/" "Mozilla/5.0 (X11; Linux x86_64) AppleWebKit/537.36 (KHTML, like Gecko) Chrome/125.0.0.0 Safari/537.36"
34.123.170.104 - - [07/May/2026:22:39:51 +0530] "GET /css/style.css HTTP/1.1" 200 86052 "https://www.rajputmovers.com/" "Mozilla/5.0 (X11; Linux x86_64) AppleWebKit/537.36 (KHTML, like Gecko) Chrome/125.0.0.0 Safari/537.36"
205.169.39.56 - - [07/May/2026:22:39:51 +0530] "GET /css/style.css HTTP/1.1" 200 86052 "https://www.rajputmovers.com/" "Mozilla/5.0 (Windows NT 10.0; Win64; x64) AppleWebKit/537.36 (KHTML, like Gecko) Chrome/117.0.5938.132 Safari/537.36"
34.123.170.104 - - [07/May/2026:22:39:51 +0530] "GET /image/packers.jpg HTTP/1.1" 200 64465 "https://www.rajputmovers.com/" "Mozilla/5.0 (X11; Linux x86_64) AppleWebKit/537.36 (KHTML, like Gecko) Chrome/125.0.0.0 Safari/537.36"
34.123.170.104 - - [07/May/2026:22:39:52 +0530] "GET /image/packers-and-movers-services.jpg HTTP/1.1" 200 52604 "https://www.rajputmovers.com/" "Mozilla/5.0 (X11; Linux x86_64) AppleWebKit/537.36 (KHTML, like Gecko) Chrome/125.0.0.0 Safari/537.36"
34.72.176.129 - - [07/May/2026:22:39:52 +0530] "GET /image/household-shifting-services.jpg HTTP/1.1" 200 51651 "https://www.rajputmovers.com/" "Mozilla/5.0 (X11; Linux x86_64) AppleWebKit/537.36 (KHTML, like Gecko) Chrome/125.0.0.0 Safari/537.36"
205.169.39.56 - - [07/May/2026:22:39:52 +0530] "GET /image/logo.png HTTP/1.1" 200 9661 "https://www.rajputmovers.com/" "Mozilla/5.0 (Windows NT 10.0; Win64; x64) AppleWebKit/537.36 (KHTML, like Gecko) Chrome/117.0.5938.132 Safari/537.36"
205.169.39.56 - - [07/May/2026:22:39:52 +0530] "GET /image/packers.jpg HTTP/1.1" 200 64465 "https://www.rajputmovers.com/" "Mozilla/5.0 (Windows NT 10.0; Win64; x64) AppleWebKit/537.36 (KHTML, like Gecko) Chrome/117.0.5938.132 Safari/537.36"
34.72.176.129 - - [07/May/2026:22:39:52 +0530] "GET /image/car-transportation-services.jpg HTTP/1.1" 200 31997 "https://www.rajputmovers.com/" "Mozilla/5.0 (X11; Linux x86_64) AppleWebKit/537.36 (KHTML, like Gecko) Chrome/125.0.0.0 Safari/537.36"
205.169.39.56 - - [07/May/2026:22:39:52 +0530] "GET /image/packers-and-movers-services.jpg HTTP/1.1" 200 52604 "https://www.rajputmovers.com/" "Mozilla/5.0 (Windows NT 10.0; Win64; x64) AppleWebKit/537.36 (KHTML, like Gecko) Chrome/117.0.5938.132 Safari/537.36"
34.123.170.104 - - [07/May/2026:22:39:52 +0530] "GET /js/jquery.bundle.js HTTP/1.1" 200 246568 "https://www.rajputmovers.com/" "Mozilla/5.0 (X11; Linux x86_64) AppleWebKit/537.36 (KHTML, like Gecko) Chrome/125.0.0.0 Safari/537.36"
34.72.176.129 - - [07/May/2026:22:39:52 +0530] "GET /fonts/roboto/roboto-regular-webfont.woff2 HTTP/1.1" 200 19744 "https://www.rajputmovers.com/css/style.css" "Mozilla/5.0 (X11; Linux x86_64) AppleWebKit/537.36 (KHTML, like Gecko) Chrome/125.0.0.0 Safari/537.36"
34.123.170.104 - - [07/May/2026:22:39:52 +0530] "GET /fonts/palanquin/palanquin-semibold-webfont.woff2 HTTP/1.1" 200 18192 "https://www.rajputmovers.com/css/style.css" "Mozilla/5.0 (X11; Linux x86_64) AppleWebKit/537.36 (KHTML, like Gecko) Chrome/125.0.0.0 Safari/537.36"
34.123.170.104 - - [07/May/2026:22:39:52 +0530] "GET /fonts/palanquin/palanquin-regular-webfont.woff2 HTTP/1.1" 200 18196 "https://www.rajputmovers.com/css/style.css" "Mozilla/5.0 (X11; Linux x86_64) AppleWebKit/537.36 (KHTML, like Gecko) Chrome/125.0.0.0 Safari/537.36"
205.169.39.56 - - [07/May/2026:22:39:52 +0530] "GET /image/household-shifting-services.jpg HTTP/1.1" 200 51651 "https://www.rajputmovers.com/" "Mozilla/5.0 (Windows NT 10.0; Win64; x64) AppleWebKit/537.36 (KHTML, like Gecko) Chrome/117.0.5938.132 Safari/537.36"
205.169.39.56 - - [07/May/2026:22:39:52 +0530] "GET /image/car-transportation-services.jpg HTTP/1.1" 200 31997 "https://www.rajputmovers.com/" "Mozilla/5.0 (Windows NT 10.0; Win64; x64) AppleWebKit/537.36 (KHTML, like Gecko) Chrome/117.0.5938.132 Safari/537.36"
34.123.170.104 - - [07/May/2026:22:39:52 +0530] "GET /fonts/roboto/roboto-bold-webfont.woff2 HTTP/1.1" 200 20092 "https://www.rajputmovers.com/css/style.css" "Mozilla/5.0 (X11; Linux x86_64) AppleWebKit/537.36 (KHTML, like Gecko) Chrome/125.0.0.0 Safari/537.36"
34.72.176.129 - - [07/May/2026:22:39:52 +0530] "GET /fonts/roboto/roboto-light-webfont.woff2 HTTP/1.1" 200 19420 "https://www.rajputmovers.com/css/style.css" "Mozilla/5.0 (X11; Linux x86_64) AppleWebKit/537.36 (KHTML, like Gecko) Chrome/125.0.0.0 Safari/537.36"
34.123.170.104 - - [07/May/2026:22:39:52 +0530] "GET /image/banner.jpg HTTP/1.1" 200 139290 "https://www.rajputmovers.com/" "Mozilla/5.0 (X11; Linux x86_64) AppleWebKit/537.36 (KHTML, like Gecko) Chrome/125.0.0.0 Safari/537.36"
34.123.170.104 - - [07/May/2026:22:39:52 +0530] "GET /js/script.js HTTP/1.1" 200 6126 "https://www.rajputmovers.com/" "Mozilla/5.0 (X11; Linux x86_64) AppleWebKit/537.36 (KHTML, like Gecko) Chrome/125.0.0.0 Safari/537.36"
205.169.39.56 - - [07/May/2026:22:39:52 +0530] "GET /fonts/roboto/roboto-regular-webfont.woff2 HTTP/1.1" 200 19744 "https://www.rajputmovers.com/css/style.css" "Mozilla/5.0 (Windows NT 10.0; Win64; x64) AppleWebKit/537.36 (KHTML, like Gecko) Chrome/117.0.5938.132 Safari/537.36"
205.169.39.56 - - [07/May/2026:22:39:52 +0530] "GET /fonts/palanquin/palanquin-semibold-webfont.woff2 HTTP/1.1" 200 18192 "https://www.rajputmovers.com/css/style.css" "Mozilla/5.0 (Windows NT 10.0; Win64; x64) AppleWebKit/537.36 (KHTML, like Gecko) Chrome/117.0.5938.132 Safari/537.36"
205.169.39.56 - - [07/May/2026:22:39:53 +0530] "GET /fonts/palanquin/palanquin-regular-webfont.woff2 HTTP/1.1" 200 18196 "https://www.rajputmovers.com/css/style.css" "Mozilla/5.0 (Windows NT 10.0; Win64; x64) AppleWebKit/537.36 (KHTML, like Gecko) Chrome/117.0.5938.132 Safari/537.36"
34.123.170.104 - - [07/May/2026:22:39:53 +0530] "GET /image/bike-transportation-services.jpg HTTP/1.1" 200 48779 "https://www.rajputmovers.com/" "Mozilla/5.0 (X11; Linux x86_64) AppleWebKit/537.36 (KHTML, like Gecko) Chrome/125.0.0.0 Safari/537.36"
34.72.176.129 - - [07/May/2026:22:39:53 +0530] "GET /image/transportation-services.jpg HTTP/1.1" 200 65055 "https://www.rajputmovers.com/" "Mozilla/5.0 (X11; Linux x86_64) AppleWebKit/537.36 (KHTML, like Gecko) Chrome/125.0.0.0 Safari/537.36"
205.169.39.56 - - [07/May/2026:22:39:53 +0530] "GET /fonts/roboto/roboto-bold-webfont.woff2 HTTP/1.1" 200 20092 "https://www.rajputmovers.com/css/style.css" "Mozilla/5.0 (Windows NT 10.0; Win64; x64) AppleWebKit/537.36 (KHTML, like Gecko) Chrome/117.0.5938.132 Safari/537.36"
34.123.170.104 - - [07/May/2026:22:39:53 +0530] "GET /image/office-shifting-services.jpg HTTP/1.1" 200 37591 "https://www.rajputmovers.com/" "Mozilla/5.0 (X11; Linux x86_64) AppleWebKit/537.36 (KHTML, like Gecko) Chrome/125.0.0.0 Safari/537.36"
205.169.39.56 - - [07/May/2026:22:39:53 +0530] "GET /fonts/roboto/roboto-light-webfont.woff2 HTTP/1.1" 200 19420 "https://www.rajputmovers.com/css/style.css" "Mozilla/5.0 (Windows NT 10.0; Win64; x64) AppleWebKit/537.36 (KHTML, like Gecko) Chrome/117.0.5938.132 Safari/537.36"
205.169.39.56 - - [07/May/2026:22:39:53 +0530] "GET /image/banner.jpg HTTP/1.1" 200 139290 "https://www.rajputmovers.com/" "Mozilla/5.0 (Windows NT 10.0; Win64; x64) AppleWebKit/537.36 (KHTML, like Gecko) Chrome/117.0.5938.132 Safari/537.36"
34.123.170.104 - - [07/May/2026:22:39:53 +0530] "GET /image/local-shifting-services.jpg HTTP/1.1" 200 36484 "https://www.rajputmovers.com/" "Mozilla/5.0 (X11; Linux x86_64) AppleWebKit/537.36 (KHTML, like Gecko) Chrome/125.0.0.0 Safari/537.36"
34.72.176.129 - - [07/May/2026:22:39:53 +0530] "GET /image/iba-approved-packers-movers.jpg HTTP/1.1" 200 42376 "https://www.rajputmovers.com/" "Mozilla/5.0 (X11; Linux x86_64) AppleWebKit/537.36 (KHTML, like Gecko) Chrome/125.0.0.0 Safari/537.36"
34.123.170.104 - - [07/May/2026:22:39:53 +0530] "GET /image/warehousing-services.jpg HTTP/1.1" 200 109309 "https://www.rajputmovers.com/" "Mozilla/5.0 (X11; Linux x86_64) AppleWebKit/537.36 (KHTML, like Gecko) Chrome/125.0.0.0 Safari/537.36"
34.123.170.104 - - [07/May/2026:22:39:53 +0530] "GET /image/domestic-relocation-services.jpg HTTP/1.1" 200 40973 "https://www.rajputmovers.com/" "Mozilla/5.0 (X11; Linux x86_64) AppleWebKit/537.36 (KHTML, like Gecko) Chrome/125.0.0.0 Safari/537.36"
205.169.39.56 - - [07/May/2026:22:39:53 +0530] "GET /js/script.js HTTP/1.1" 200 6126 "https://www.rajputmovers.com/" "Mozilla/5.0 (Windows NT 10.0; Win64; x64) AppleWebKit/537.36 (KHTML, like Gecko) Chrome/117.0.5938.132 Safari/537.36"
205.169.39.56 - - [07/May/2026:22:39:53 +0530] "GET /image/bike-transportation-services.jpg HTTP/1.1" 200 48779 "https://www.rajputmovers.com/" "Mozilla/5.0 (Windows NT 10.0; Win64; x64) AppleWebKit/537.36 (KHTML, like Gecko) Chrome/117.0.5938.132 Safari/537.36"
34.123.170.104 - - [07/May/2026:22:39:53 +0530] "GET /image/loading-unloading-services.jpg HTTP/1.1" 200 53254 "https://www.rajputmovers.com/" "Mozilla/5.0 (X11; Linux x86_64) AppleWebKit/537.36 (KHTML, like Gecko) Chrome/125.0.0.0 Safari/537.36"
34.72.176.129 - - [07/May/2026:22:39:53 +0530] "GET /image/quote-img.png HTTP/1.1" 200 295679 "https://www.rajputmovers.com/" "Mozilla/5.0 (X11; Linux x86_64) AppleWebKit/537.36 (KHTML, like Gecko) Chrome/125.0.0.0 Safari/537.36"
205.169.39.56 - - [07/May/2026:22:39:53 +0530] "GET /image/transportation-services.jpg HTTP/1.1" 200 65055 "https://www.rajputmovers.com/" "Mozilla/5.0 (Windows NT 10.0; Win64; x64) AppleWebKit/537.36 (KHTML, like Gecko) Chrome/117.0.5938.132 Safari/537.36"
205.169.39.56 - - [07/May/2026:22:39:53 +0530] "GET /js/jquery.bundle.js HTTP/1.1" 200 246568 "https://www.rajputmovers.com/" "Mozilla/5.0 (Windows NT 10.0; Win64; x64) AppleWebKit/537.36 (KHTML, like Gecko) Chrome/117.0.5938.132 Safari/537.36"
34.123.170.104 - - [07/May/2026:22:39:53 +0530] "GET /image/bijayta-sen.jpg HTTP/1.1" 200 22574 "https://www.rajputmovers.com/" "Mozilla/5.0 (X11; Linux x86_64) AppleWebKit/537.36 (KHTML, like Gecko) Chrome/125.0.0.0 Safari/537.36"
34.123.170.104 - - [07/May/2026:22:39:53 +0530] "GET /image/amit-sharma.jpg HTTP/1.1" 200 20687 "https://www.rajputmovers.com/" "Mozilla/5.0 (X11; Linux x86_64) AppleWebKit/537.36 (KHTML, like Gecko) Chrome/125.0.0.0 Safari/537.36"
34.123.170.104 - - [07/May/2026:22:39:53 +0530] "GET /image/neha-verma.jpg HTTP/1.1" 200 19056 "https://www.rajputmovers.com/" "Mozilla/5.0 (X11; Linux x86_64) AppleWebKit/537.36 (KHTML, like Gecko) Chrome/125.0.0.0 Safari/537.36"
205.169.39.56 - - [07/May/2026:22:39:53 +0530] "GET /image/office-shifting-services.jpg HTTP/1.1" 200 37591 "https://www.rajputmovers.com/" "Mozilla/5.0 (Windows NT 10.0; Win64; x64) AppleWebKit/537.36 (KHTML, like Gecko) Chrome/117.0.5938.132 Safari/537.36"
205.169.39.56 - - [07/May/2026:22:39:53 +0530] "GET /image/iba-approved-packers-movers.jpg HTTP/1.1" 200 42376 "https://www.rajputmovers.com/" "Mozilla/5.0 (Windows NT 10.0; Win64; x64) AppleWebKit/537.36 (KHTML, like Gecko) Chrome/117.0.5938.132 Safari/537.36"
205.169.39.56 - - [07/May/2026:22:39:53 +0530] "GET /image/local-shifting-services.jpg HTTP/1.1" 200 36484 "https://www.rajputmovers.com/" "Mozilla/5.0 (Windows NT 10.0; Win64; x64) AppleWebKit/537.36 (KHTML, like Gecko) Chrome/117.0.5938.132 Safari/537.36"
34.123.170.104 - - [07/May/2026:22:39:53 +0530] "GET /image/rohit-kumar.jpg HTTP/1.1" 200 18547 "https://www.rajputmovers.com/" "Mozilla/5.0 (X11; Linux x86_64) AppleWebKit/537.36 (KHTML, like Gecko) Chrome/125.0.0.0 Safari/537.36"
34.123.170.104 - - [07/May/2026:22:39:53 +0530] "GET /image/cl-logo1.png HTTP/1.1" 200 4831 "https://www.rajputmovers.com/" "Mozilla/5.0 (X11; Linux x86_64) AppleWebKit/537.36 (KHTML, like Gecko) Chrome/125.0.0.0 Safari/537.36"
34.72.176.129 - - [07/May/2026:22:39:53 +0530] "GET /image/cl-logo2.png HTTP/1.1" 200 5268 "https://www.rajputmovers.com/" "Mozilla/5.0 (X11; Linux x86_64) AppleWebKit/537.36 (KHTML, like Gecko) Chrome/125.0.0.0 Safari/537.36"
34.123.170.104 - - [07/May/2026:22:39:53 +0530] "GET /image/cl-logo3.png HTTP/1.1" 200 5730 "https://www.rajputmovers.com/" "Mozilla/5.0 (X11; Linux x86_64) AppleWebKit/537.36 (KHTML, like Gecko) Chrome/125.0.0.0 Safari/537.36"
205.169.39.56 - - [07/May/2026:22:39:54 +0530] "GET /image/warehousing-services.jpg HTTP/1.1" 200 109309 "https://www.rajputmovers.com/" "Mozilla/5.0 (Windows NT 10.0; Win64; x64) AppleWebKit/537.36 (KHTML, like Gecko) Chrome/117.0.5938.132 Safari/537.36"
205.169.39.56 - - [07/May/2026:22:39:54 +0530] "GET /image/domestic-relocation-services.jpg HTTP/1.1" 200 40973 "https://www.rajputmovers.com/" "Mozilla/5.0 (Windows NT 10.0; Win64; x64) AppleWebKit/537.36 (KHTML, like Gecko) Chrome/117.0.5938.132 Safari/537.36"
34.123.170.104 - - [07/May/2026:22:39:54 +0530] "GET /image/cl-logo4.png HTTP/1.1" 200 4309 "https://www.rajputmovers.com/" "Mozilla/5.0 (X11; Linux x86_64) AppleWebKit/537.36 (KHTML, like Gecko) Chrome/125.0.0.0 Safari/537.36"
34.123.170.104 - - [07/May/2026:22:39:54 +0530] "GET /image/cl-logo5.png HTTP/1.1" 200 4840 "https://www.rajputmovers.com/" "Mozilla/5.0 (X11; Linux x86_64) AppleWebKit/537.36 (KHTML, like Gecko) Chrome/125.0.0.0 Safari/537.36"
205.169.39.56 - - [07/May/2026:22:39:54 +0530] "GET /image/loading-unloading-services.jpg HTTP/1.1" 200 53254 "https://www.rajputmovers.com/" "Mozilla/5.0 (Windows NT 10.0; Win64; x64) AppleWebKit/537.36 (KHTML, like Gecko) Chrome/117.0.5938.132 Safari/537.36"
34.72.176.129 - - [07/May/2026:22:39:54 +0530] "GET /image/cl-logo6.png HTTP/1.1" 200 4676 "https://www.rajputmovers.com/" "Mozilla/5.0 (X11; Linux x86_64) AppleWebKit/537.36 (KHTML, like Gecko) Chrome/125.0.0.0 Safari/537.36"
34.123.170.104 - - [07/May/2026:22:39:54 +0530] "GET /image/banner-2.jpg HTTP/1.1" 200 155991 "https://www.rajputmovers.com/" "Mozilla/5.0 (X11; Linux x86_64) AppleWebKit/537.36 (KHTML, like Gecko) Chrome/125.0.0.0 Safari/537.36"
34.123.170.104 - - [07/May/2026:22:39:54 +0530] "GET /image/banner-3.jpg HTTP/1.1" 200 122260 "https://www.rajputmovers.com/" "Mozilla/5.0 (X11; Linux x86_64) AppleWebKit/537.36 (KHTML, like Gecko) Chrome/125.0.0.0 Safari/537.36"
34.123.170.104 - - [07/May/2026:22:39:54 +0530] "GET /image/call-action-bg.jpg HTTP/1.1" 200 52625 "https://www.rajputmovers.com/" "Mozilla/5.0 (X11; Linux x86_64) AppleWebKit/537.36 (KHTML, like Gecko) Chrome/125.0.0.0 Safari/537.36"
34.72.176.129 - - [07/May/2026:22:39:54 +0530] "GET /image/icon-qoute.png HTTP/1.1" 200 787 "https://www.rajputmovers.com/css/style.css" "Mozilla/5.0 (X11; Linux x86_64) AppleWebKit/537.36 (KHTML, like Gecko) Chrome/125.0.0.0 Safari/537.36"
205.169.39.56 - - [07/May/2026:22:39:54 +0530] "GET /image/bijayta-sen.jpg HTTP/1.1" 200 22574 "https://www.rajputmovers.com/" "Mozilla/5.0 (Windows NT 10.0; Win64; x64) AppleWebKit/537.36 (KHTML, like Gecko) Chrome/117.0.5938.132 Safari/537.36"
205.169.39.56 - - [07/May/2026:22:39:54 +0530] "GET /image/amit-sharma.jpg HTTP/1.1" 200 20687 "https://www.rajputmovers.com/" "Mozilla/5.0 (Windows NT 10.0; Win64; x64) AppleWebKit/537.36 (KHTML, like Gecko) Chrome/117.0.5938.132 Safari/537.36"
205.169.39.56 - - [07/May/2026:22:39:54 +0530] "GET /image/quote-img.png HTTP/1.1" 200 295679 "https://www.rajputmovers.com/" "Mozilla/5.0 (Windows NT 10.0; Win64; x64) AppleWebKit/537.36 (KHTML, like Gecko) Chrome/117.0.5938.132 Safari/537.36"
205.169.39.56 - - [07/May/2026:22:39:54 +0530] "GET /image/neha-verma.jpg HTTP/1.1" 200 19056 "https://www.rajputmovers.com/" "Mozilla/5.0 (Windows NT 10.0; Win64; x64) AppleWebKit/537.36 (KHTML, like Gecko) Chrome/117.0.5938.132 Safari/537.36"
205.169.39.56 - - [07/May/2026:22:39:54 +0530] "GET /image/rohit-kumar.jpg HTTP/1.1" 200 18547 "https://www.rajputmovers.com/" "Mozilla/5.0 (Windows NT 10.0; Win64; x64) AppleWebKit/537.36 (KHTML, like Gecko) Chrome/117.0.5938.132 Safari/537.36"
205.169.39.56 - - [07/May/2026:22:39:54 +0530] "GET /image/cl-logo1.png HTTP/1.1" 200 4831 "https://www.rajputmovers.com/" "Mozilla/5.0 (Windows NT 10.0; Win64; x64) AppleWebKit/537.36 (KHTML, like Gecko) Chrome/117.0.5938.132 Safari/537.36"
205.169.39.56 - - [07/May/2026:22:39:54 +0530] "GET /image/cl-logo2.png HTTP/1.1" 200 5268 "https://www.rajputmovers.com/" "Mozilla/5.0 (Windows NT 10.0; Win64; x64) AppleWebKit/537.36 (KHTML, like Gecko) Chrome/117.0.5938.132 Safari/537.36"
205.169.39.56 - - [07/May/2026:22:39:55 +0530] "GET /image/cl-logo3.png HTTP/1.1" 200 5730 "https://www.rajputmovers.com/" "Mozilla/5.0 (Windows NT 10.0; Win64; x64) AppleWebKit/537.36 (KHTML, like Gecko) Chrome/117.0.5938.132 Safari/537.36"
205.169.39.56 - - [07/May/2026:22:39:55 +0530] "GET /image/cl-logo4.png HTTP/1.1" 200 4309 "https://www.rajputmovers.com/" "Mozilla/5.0 (Windows NT 10.0; Win64; x64) AppleWebKit/537.36 (KHTML, like Gecko) Chrome/117.0.5938.132 Safari/537.36"
205.169.39.56 - - [07/May/2026:22:39:55 +0530] "GET /image/cl-logo5.png HTTP/1.1" 200 4840 "https://www.rajputmovers.com/" "Mozilla/5.0 (Windows NT 10.0; Win64; x64) AppleWebKit/537.36 (KHTML, like Gecko) Chrome/117.0.5938.132 Safari/537.36"
205.169.39.56 - - [07/May/2026:22:39:55 +0530] "GET /image/cl-logo6.png HTTP/1.1" 200 4676 "https://www.rajputmovers.com/" "Mozilla/5.0 (Windows NT 10.0; Win64; x64) AppleWebKit/537.36 (KHTML, like Gecko) Chrome/117.0.5938.132 Safari/537.36"
205.169.39.56 - - [07/May/2026:22:39:55 +0530] "GET /image/banner-2.jpg HTTP/1.1" 200 155991 "https://www.rajputmovers.com/" "Mozilla/5.0 (Windows NT 10.0; Win64; x64) AppleWebKit/537.36 (KHTML, like Gecko) Chrome/117.0.5938.132 Safari/537.36"
205.169.39.56 - - [07/May/2026:22:39:55 +0530] "GET /image/call-action-bg.jpg HTTP/1.1" 200 52625 "https://www.rajputmovers.com/" "Mozilla/5.0 (Windows NT 10.0; Win64; x64) AppleWebKit/537.36 (KHTML, like Gecko) Chrome/117.0.5938.132 Safari/537.36"
205.169.39.56 - - [07/May/2026:22:39:55 +0530] "GET /image/icon-qoute.png HTTP/1.1" 200 787 "https://www.rajputmovers.com/css/style.css" "Mozilla/5.0 (Windows NT 10.0; Win64; x64) AppleWebKit/537.36 (KHTML, like Gecko) Chrome/117.0.5938.132 Safari/537.36"
205.169.39.56 - - [07/May/2026:22:39:55 +0530] "GET /image/banner-3.jpg HTTP/1.1" 200 122260 "https://www.rajputmovers.com/" "Mozilla/5.0 (Windows NT 10.0; Win64; x64) AppleWebKit/537.36 (KHTML, like Gecko) Chrome/117.0.5938.132 Safari/537.36"
34.123.170.104 - - [07/May/2026:22:39:59 +0530] "GET /image/banner-2.jpg HTTP/1.1" 200 155991 "https://www.rajputmovers.com/" "Mozilla/5.0 (X11; Linux x86_64) AppleWebKit/537.36 (KHTML, like Gecko) Chrome/125.0.0.0 Safari/537.36"
205.169.39.48 - - [07/May/2026:22:40:02 +0530] "GET / HTTP/1.1" 200 35081 "-" "Mozilla/5.0 (Windows NT 10.0) AppleWebKit/537.36 (KHTML, like Gecko) Chrome/106.0.0.0 Safari/537.36"
34.72.176.129 - - [07/May/2026:22:40:05 +0530] "GET /image/banner-3.jpg HTTP/1.1" 200 122260 "https://www.rajputmovers.com/" "Mozilla/5.0 (X11; Linux x86_64) AppleWebKit/537.36 (KHTML, like Gecko) Chrome/125.0.0.0 Safari/537.36"
34.72.176.129 - - [07/May/2026:22:40:07 +0530] "GET /image/cl-logo2.png HTTP/1.1" 200 5268 "https://www.rajputmovers.com/" "Mozilla/5.0 (X11; Linux x86_64) AppleWebKit/537.36 (KHTML, like Gecko) Chrome/125.0.0.0 Safari/537.36"
34.72.176.129 - - [07/May/2026:22:40:07 +0530] "GET /image/cl-logo5.png HTTP/1.1" 200 4840 "https://www.rajputmovers.com/" "Mozilla/5.0 (X11; Linux x86_64) AppleWebKit/537.36 (KHTML, like Gecko) Chrome/125.0.0.0 Safari/537.36"
34.72.176.129 - - [07/May/2026:22:40:07 +0530] "GET /image/cl-logo6.png HTTP/1.1" 200 4676 "https://www.rajputmovers.com/" "Mozilla/5.0 (X11; Linux x86_64) AppleWebKit/537.36 (KHTML, like Gecko) Chrome/125.0.0.0 Safari/537.36"
34.72.176.129 - - [07/May/2026:22:40:07 +0530] "GET /image/cl-logo1.png HTTP/1.1" 200 4831 "https://www.rajputmovers.com/" "Mozilla/5.0 (X11; Linux x86_64) AppleWebKit/537.36 (KHTML, like Gecko) Chrome/125.0.0.0 Safari/537.36"
156.146.60.69 - - [07/May/2026:22:50:15 +0530] "HEAD / HTTP/1.1" 200 - "http://rajputmovers.com" "Mozilla/5.0 (Windows NT 10.0; Win64; x64) AppleWebKit/537.36 (KHTML, like Gecko) Chrome/100.0.4896.127 Safari/537.36"
156.146.60.69 - - [07/May/2026:22:50:16 +0530] "GET / HTTP/1.1" 200 35081 "http://rajputmovers.com" "Mozilla/5.0 (Windows NT 10.0; Win64; x64) AppleWebKit/537.36 (KHTML, like Gecko) Chrome/100.0.4896.127 Safari/537.36"
216.73.217.23 - - [07/May/2026:23:28:53 +0530] "GET /robots.txt HTTP/1.1" 200 63 "-" "Mozilla/5.0 AppleWebKit/537.36 (KHTML, like Gecko; compatible; ClaudeBot/1.0; +claudebot@anthropic.com)"
216.73.217.23 - - [07/May/2026:23:28:53 +0530] "GET /sitemap.xml HTTP/1.1" 404 35081 "-" "Mozilla/5.0 AppleWebKit/537.36 (KHTML, like Gecko; compatible; ClaudeBot/1.0; +claudebot@anthropic.com)"
74.7.241.150 - - [07/May/2026:23:39:27 +0530] "GET /robots.txt HTTP/1.1" 200 63 "-" "Mozilla/5.0 (Macintosh; Intel Mac OS X 10_15_7) AppleWebKit/537.36 (KHTML, like Gecko) Chrome/131.0.0.0 Safari/537.36; compatible; OAI-SearchBot/1.3; robots.txt; +https://openai.com/searchbot"
74.7.230.63 - - [07/May/2026:23:39:28 +0530] "GET /robots.txt HTTP/1.1" 200 63 "-" "Mozilla/5.0 (Macintosh; Intel Mac OS X 10_15_7) AppleWebKit/537.36 (KHTML, like Gecko) Chrome/131.0.0.0 Safari/537.36; compatible; OAI-SearchBot/1.3; robots.txt; +https://openai.com/searchbot"
139.155.126.16 - - [07/May/2026:23:48:05 +0530] "GET / HTTP/1.1" 200 35081 "http://rajputmovers.com" "Mozilla/5.0 (iPhone; CPU iPhone OS 13_2_3 like Mac OS X) AppleWebKit/605.1.15 (KHTML, like Gecko) Version/13.0.3 Mobile/15E148 Safari/604.1"
216.73.217.23 - - [08/May/2026:00:32:28 +0530] "GET /robots.txt HTTP/1.1" 200 63 "-" "Mozilla/5.0 AppleWebKit/537.36 (KHTML, like Gecko; compatible; ClaudeBot/1.0; +claudebot@anthropic.com)"
216.73.217.23 - - [08/May/2026:00:32:28 +0530] "GET /sitemap.xml HTTP/1.1" 404 35081 "-" "Mozilla/5.0 AppleWebKit/537.36 (KHTML, like Gecko; compatible; ClaudeBot/1.0; +claudebot@anthropic.com)"
216.73.217.23 - - [08/May/2026:02:21:37 +0530] "GET /robots.txt HTTP/1.1" 200 63 "-" "Mozilla/5.0 AppleWebKit/537.36 (KHTML, like Gecko; compatible; ClaudeBot/1.0; +claudebot@anthropic.com)"
216.73.217.23 - - [08/May/2026:02:21:38 +0530] "GET /sitemap.xml HTTP/1.1" 404 35081 "-" "Mozilla/5.0 AppleWebKit/537.36 (KHTML, like Gecko; compatible; ClaudeBot/1.0; +claudebot@anthropic.com)"
52.167.144.57 - - [08/May/2026:02:22:21 +0530] "GET /robots.txt HTTP/1.1" 200 63 "-" "Mozilla/5.0 AppleWebKit/537.36 (KHTML, like Gecko; compatible; bingbot/2.0; +http://www.bing.com/bingbot.htm) Chrome/116.0.1938.76 Safari/537.36"
43.165.186.188 - - [08/May/2026:03:12:30 +0530] "GET / HTTP/1.1" 200 35081 "http://www.rajputmovers.com" "Mozilla/5.0 (iPhone; CPU iPhone OS 13_2_3 like Mac OS X) AppleWebKit/605.1.15 (KHTML, like Gecko) Version/13.0.3 Mobile/15E148 Safari/604.1"
74.7.230.49 - - [08/May/2026:03:23:07 +0530] "GET /robots.txt HTTP/1.1" 301 287 "-" "Mozilla/5.0 (Macintosh; Intel Mac OS X 10_15_7) AppleWebKit/537.36 (KHTML, like Gecko) Chrome/131.0.0.0 Safari/537.36; compatible; OAI-SearchBot/1.3; robots.txt; +https://openai.com/searchbot"
74.7.230.49 - - [08/May/2026:03:23:10 +0530] "GET /robots.txt HTTP/1.1" 200 63 "https://rajputmovers.com/robots.txt" "Mozilla/5.0 (Macintosh; Intel Mac OS X 10_15_7) AppleWebKit/537.36 (KHTML, like Gecko) Chrome/131.0.0.0 Safari/537.36; compatible; OAI-SearchBot/1.3; robots.txt; +https://openai.com/searchbot"
74.7.243.209 - - [08/May/2026:03:23:22 +0530] "GET / HTTP/1.1" 301 277 "http://in.onetaplisting.com" "Mozilla/5.0 AppleWebKit/537.36 (KHTML, like Gecko; compatible; GPTBot/1.3; +https://openai.com/gptbot)"
74.7.241.128 - - [08/May/2026:03:23:23 +0530] "GET /robots.txt HTTP/1.1" 200 63 "-" "Mozilla/5.0 (Macintosh; Intel Mac OS X 10_15_7) AppleWebKit/537.36 (KHTML, like Gecko) Chrome/131.0.0.0 Safari/537.36; compatible; OAI-SearchBot/1.3; robots.txt; +https://openai.com/searchbot"
74.7.227.11 - - [08/May/2026:03:23:27 +0530] "GET / HTTP/1.1" 200 35081 "https://rajputmovers.com" "Mozilla/5.0 AppleWebKit/537.36 (KHTML, like Gecko; compatible; GPTBot/1.3; +https://openai.com/gptbot)"
74.7.227.11 - - [08/May/2026:03:23:30 +0530] "GET /contact.html HTTP/1.1" 200 16518 "https://www.rajputmovers.com/" "Mozilla/5.0 AppleWebKit/537.36 (KHTML, like Gecko; compatible; GPTBot/1.3; +https://openai.com/gptbot)"
74.7.227.11 - - [08/May/2026:03:23:33 +0530] "GET /image/domestic-relocation-services.jpg HTTP/1.1" 200 40973 "https://www.rajputmovers.com/" "Mozilla/5.0 AppleWebKit/537.36 (KHTML, like Gecko; compatible; GPTBot/1.3; +https://openai.com/gptbot)"
74.7.227.11 - - [08/May/2026:03:23:36 +0530] "GET /image/quote-img.png HTTP/1.1" 200 295679 "https://www.rajputmovers.com/" "Mozilla/5.0 AppleWebKit/537.36 (KHTML, like Gecko; compatible; GPTBot/1.3; +https://openai.com/gptbot)"
74.7.227.11 - - [08/May/2026:03:23:38 +0530] "GET /image/transportation-services.jpg HTTP/1.1" 200 65055 "https://www.rajputmovers.com/" "Mozilla/5.0 AppleWebKit/537.36 (KHTML, like Gecko; compatible; GPTBot/1.3; +https://openai.com/gptbot)"
74.7.227.11 - - [08/May/2026:03:23:41 +0530] "GET /loading-unloading-services.html HTTP/1.1" 404 35081 "https://www.rajputmovers.com/" "Mozilla/5.0 AppleWebKit/537.36 (KHTML, like Gecko; compatible; GPTBot/1.3; +https://openai.com/gptbot)"
74.7.227.11 - - [08/May/2026:03:23:42 +0530] "GET /image/bijayta-sen.jpg HTTP/1.1" 200 22574 "https://www.rajputmovers.com/" "Mozilla/5.0 AppleWebKit/537.36 (KHTML, like Gecko; compatible; GPTBot/1.3; +https://openai.com/gptbot)"
74.7.227.11 - - [08/May/2026:03:23:44 +0530] "GET /image/cl-logo1.png HTTP/1.1" 200 4831 "https://www.rajputmovers.com/" "Mozilla/5.0 AppleWebKit/537.36 (KHTML, like Gecko; compatible; GPTBot/1.3; +https://openai.com/gptbot)"
74.7.227.11 - - [08/May/2026:03:23:46 +0530] "GET /sitemaps.html HTTP/1.1" 404 35081 "https://www.rajputmovers.com/" "Mozilla/5.0 AppleWebKit/537.36 (KHTML, like Gecko; compatible; GPTBot/1.3; +https://openai.com/gptbot)"
74.7.227.11 - - [08/May/2026:03:23:48 +0530] "GET /transportation-services.html HTTP/1.1" 200 14172 "https://www.rajputmovers.com/" "Mozilla/5.0 AppleWebKit/537.36 (KHTML, like Gecko; compatible; GPTBot/1.3; +https://openai.com/gptbot)"
74.7.227.11 - - [08/May/2026:03:23:49 +0530] "GET /packers-and-movers-services.html HTTP/1.1" 200 14260 "https://www.rajputmovers.com/" "Mozilla/5.0 AppleWebKit/537.36 (KHTML, like Gecko; compatible; GPTBot/1.3; +https://openai.com/gptbot)"
74.7.227.11 - - [08/May/2026:03:23:50 +0530] "GET /car-transportation-services.html HTTP/1.1" 200 14203 "https://www.rajputmovers.com/" "Mozilla/5.0 AppleWebKit/537.36 (KHTML, like Gecko; compatible; GPTBot/1.3; +https://openai.com/gptbot)"
74.7.227.11 - - [08/May/2026:03:23:51 +0530] "GET /household-shifting-services.html HTTP/1.1" 200 14219 "https://www.rajputmovers.com/" "Mozilla/5.0 AppleWebKit/537.36 (KHTML, like Gecko; compatible; GPTBot/1.3; +https://openai.com/gptbot)"
74.7.227.11 - - [08/May/2026:03:23:52 +0530] "GET /domestic-relocation-services.html HTTP/1.1" 404 35081 "https://www.rajputmovers.com/" "Mozilla/5.0 AppleWebKit/537.36 (KHTML, like Gecko; compatible; GPTBot/1.3; +https://openai.com/gptbot)"
74.7.227.11 - - [08/May/2026:03:23:54 +0530] "GET /bike-transportation-services.html HTTP/1.1" 200 14200 "https://www.rajputmovers.com/" "Mozilla/5.0 AppleWebKit/537.36 (KHTML, like Gecko; compatible; GPTBot/1.3; +https://openai.com/gptbot)"
74.7.227.11 - - [08/May/2026:03:23:55 +0530] "GET /warehousing-services.html HTTP/1.1" 200 14205 "https://www.rajputmovers.com/" "Mozilla/5.0 AppleWebKit/537.36 (KHTML, like Gecko; compatible; GPTBot/1.3; +https://openai.com/gptbot)"
74.7.227.11 - - [08/May/2026:03:23:55 +0530] "GET /about-us.html HTTP/1.1" 200 19496 "https://www.rajputmovers.com/" "Mozilla/5.0 AppleWebKit/537.36 (KHTML, like Gecko; compatible; GPTBot/1.3; +https://openai.com/gptbot)"
74.7.227.11 - - [08/May/2026:03:23:56 +0530] "GET /iba-approved-packers-movers.html HTTP/1.1" 200 14249 "https://www.rajputmovers.com/" "Mozilla/5.0 AppleWebKit/537.36 (KHTML, like Gecko; compatible; GPTBot/1.3; +https://openai.com/gptbot)"
74.7.227.11 - - [08/May/2026:03:23:57 +0530] "GET /office-shifting-services.html HTTP/1.1" 200 14185 "https://www.rajputmovers.com/" "Mozilla/5.0 AppleWebKit/537.36 (KHTML, like Gecko; compatible; GPTBot/1.3; +https://openai.com/gptbot)"
74.7.227.11 - - [08/May/2026:03:23:57 +0530] "GET /local-shifting-services.html HTTP/1.1" 200 14113 "https://www.rajputmovers.com/" "Mozilla/5.0 AppleWebKit/537.36 (KHTML, like Gecko; compatible; GPTBot/1.3; +https://openai.com/gptbot)"
74.7.227.11 - - [08/May/2026:03:23:58 +0530] "GET /get-a-quote.html HTTP/1.1" 200 16525 "https://www.rajputmovers.com/" "Mozilla/5.0 AppleWebKit/537.36 (KHTML, like Gecko; compatible; GPTBot/1.3; +https://openai.com/gptbot)"
74.7.227.11 - - [08/May/2026:03:23:59 +0530] "GET /image/service/packers-and-movers-services.jpg HTTP/1.1" 200 59385 "https://www.rajputmovers.com/packers-and-movers-services.html" "Mozilla/5.0 AppleWebKit/537.36 (KHTML, like Gecko; compatible; GPTBot/1.3; +https://openai.com/gptbot)"
74.7.227.11 - - [08/May/2026:03:24:00 +0530] "GET /image/service/transportation-services.jpg HTTP/1.1" 200 46176 "https://www.rajputmovers.com/transportation-services.html" "Mozilla/5.0 AppleWebKit/537.36 (KHTML, like Gecko; compatible; GPTBot/1.3; +https://openai.com/gptbot)"
74.7.227.11 - - [08/May/2026:03:24:01 +0530] "GET /index.html HTTP/1.1" 200 35081 "https://www.rajputmovers.com/" "Mozilla/5.0 AppleWebKit/537.36 (KHTML, like Gecko; compatible; GPTBot/1.3; +https://openai.com/gptbot)"
74.7.227.11 - - [08/May/2026:03:24:01 +0530] "GET /testimonial.html HTTP/1.1" 200 14030 "https://www.rajputmovers.com/" "Mozilla/5.0 AppleWebKit/537.36 (KHTML, like Gecko; compatible; GPTBot/1.3; +https://openai.com/gptbot)"
74.7.227.11 - - [08/May/2026:03:24:02 +0530] "GET /projects.html HTTP/1.1" 200 17145 "https://www.rajputmovers.com/" "Mozilla/5.0 AppleWebKit/537.36 (KHTML, like Gecko; compatible; GPTBot/1.3; +https://openai.com/gptbot)"
74.7.227.11 - - [08/May/2026:03:24:03 +0530] "GET /image/service/bike-transportation-services.jpg HTTP/1.1" 200 63381 "https://www.rajputmovers.com/bike-transportation-services.html" "Mozilla/5.0 AppleWebKit/537.36 (KHTML, like Gecko; compatible; GPTBot/1.3; +https://openai.com/gptbot)"
74.7.227.11 - - [08/May/2026:03:24:04 +0530] "GET /blog.html HTTP/1.1" 200 19505 "https://www.rajputmovers.com/" "Mozilla/5.0 AppleWebKit/537.36 (KHTML, like Gecko; compatible; GPTBot/1.3; +https://openai.com/gptbot)"
74.7.227.11 - - [08/May/2026:03:24:05 +0530] "GET /services.html HTTP/1.1" 404 35081 "https://www.rajputmovers.com/" "Mozilla/5.0 AppleWebKit/537.36 (KHTML, like Gecko; compatible; GPTBot/1.3; +https://openai.com/gptbot)"
74.7.227.11 - - [08/May/2026:03:24:06 +0530] "GET /image/service/iba-approved-packers-movers.jpg HTTP/1.1" 200 51519 "https://www.rajputmovers.com/iba-approved-packers-movers.html" "Mozilla/5.0 AppleWebKit/537.36 (KHTML, like Gecko; compatible; GPTBot/1.3; +https://openai.com/gptbot)"
74.7.227.11 - - [08/May/2026:03:24:07 +0530] "GET /image/service/car-transportation-services.jpg HTTP/1.1" 200 68210 "https://www.rajputmovers.com/car-transportation-services.html" "Mozilla/5.0 AppleWebKit/537.36 (KHTML, like Gecko; compatible; GPTBot/1.3; +https://openai.com/gptbot)"
74.7.227.11 - - [08/May/2026:03:24:08 +0530] "GET /image/service/office-shifting-services.jpg HTTP/1.1" 200 43344 "https://www.rajputmovers.com/office-shifting-services.html" "Mozilla/5.0 AppleWebKit/537.36 (KHTML, like Gecko; compatible; GPTBot/1.3; +https://openai.com/gptbot)"
74.7.227.11 - - [08/May/2026:03:24:09 +0530] "GET /image/service/local-shifting-services.jpg HTTP/1.1" 200 39196 "https://www.rajputmovers.com/local-shifting-services.html" "Mozilla/5.0 AppleWebKit/537.36 (KHTML, like Gecko; compatible; GPTBot/1.3; +https://openai.com/gptbot)"
74.7.227.11 - - [08/May/2026:03:24:09 +0530] "GET /image/service/household-shifting-services.jpg HTTP/1.1" 200 49300 "https://www.rajputmovers.com/household-shifting-services.html" "Mozilla/5.0 AppleWebKit/537.36 (KHTML, like Gecko; compatible; GPTBot/1.3; +https://openai.com/gptbot)"
74.7.227.11 - - [08/May/2026:03:24:10 +0530] "GET /image/service/warehousing-services.jpg HTTP/1.1" 200 129333 "https://www.rajputmovers.com/warehousing-services.html" "Mozilla/5.0 AppleWebKit/537.36 (KHTML, like Gecko; compatible; GPTBot/1.3; +https://openai.com/gptbot)"
74.7.227.11 - - [08/May/2026:03:24:11 +0530] "GET /image/iba-approved-packers-movers.jpg HTTP/1.1" 200 42376 "https://www.rajputmovers.com/" "Mozilla/5.0 AppleWebKit/537.36 (KHTML, like Gecko; compatible; GPTBot/1.3; +https://openai.com/gptbot)"
74.7.227.11 - - [08/May/2026:03:24:12 +0530] "GET /image/packers-and-movers-services.jpg HTTP/1.1" 200 52604 "https://www.rajputmovers.com/" "Mozilla/5.0 AppleWebKit/537.36 (KHTML, like Gecko; compatible; GPTBot/1.3; +https://openai.com/gptbot)"
74.7.227.11 - - [08/May/2026:03:24:13 +0530] "GET /image/blog-banner.jpg HTTP/1.1" 200 39135 "https://www.rajputmovers.com/contact.html" "Mozilla/5.0 AppleWebKit/537.36 (KHTML, like Gecko; compatible; GPTBot/1.3; +https://openai.com/gptbot)"
74.7.227.11 - - [08/May/2026:03:24:13 +0530] "GET /rajputmovers.com HTTP/1.1" 404 35081 "https://www.rajputmovers.com/" "Mozilla/5.0 AppleWebKit/537.36 (KHTML, like Gecko; compatible; GPTBot/1.3; +https://openai.com/gptbot)"
74.7.227.11 - - [08/May/2026:03:24:14 +0530] "GET /blog-single.html HTTP/1.1" 404 35081 "https://www.rajputmovers.com/blog.html" "Mozilla/5.0 AppleWebKit/537.36 (KHTML, like Gecko; compatible; GPTBot/1.3; +https://openai.com/gptbot)"
74.7.227.11 - - [08/May/2026:03:24:15 +0530] "GET /image/blog/car-transportation-services.jpg HTTP/1.1" 200 144554 "https://www.rajputmovers.com/blog.html" "Mozilla/5.0 AppleWebKit/537.36 (KHTML, like Gecko; compatible; GPTBot/1.3; +https://openai.com/gptbot)"
74.7.227.11 - - [08/May/2026:03:24:17 +0530] "GET /image/blog/packers-and-movers-services.jpg HTTP/1.1" 200 154617 "https://www.rajputmovers.com/blog.html" "Mozilla/5.0 AppleWebKit/537.36 (KHTML, like Gecko; compatible; GPTBot/1.3; +https://openai.com/gptbot)"
74.7.227.11 - - [08/May/2026:03:24:17 +0530] "GET /image/blog/household-shifting-services.jpg HTTP/1.1" 200 148072 "https://www.rajputmovers.com/blog.html" "Mozilla/5.0 AppleWebKit/537.36 (KHTML, like Gecko; compatible; GPTBot/1.3; +https://openai.com/gptbot)"
74.7.227.11 - - [08/May/2026:03:24:18 +0530] "GET /image/loading-unloading-services.jpg HTTP/1.1" 200 53254 "https://www.rajputmovers.com/" "Mozilla/5.0 AppleWebKit/537.36 (KHTML, like Gecko; compatible; GPTBot/1.3; +https://openai.com/gptbot)"
74.7.227.11 - - [08/May/2026:03:24:19 +0530] "GET /image/packers-and-movers.jpg HTTP/1.1" 200 44931 "https://www.rajputmovers.com/about-us.html" "Mozilla/5.0 AppleWebKit/537.36 (KHTML, like Gecko; compatible; GPTBot/1.3; +https://openai.com/gptbot)"
74.7.227.11 - - [08/May/2026:03:24:19 +0530] "GET /image/abt-left-img.jpg HTTP/1.1" 200 166174 "https://www.rajputmovers.com/about-us.html" "Mozilla/5.0 AppleWebKit/537.36 (KHTML, like Gecko; compatible; GPTBot/1.3; +https://openai.com/gptbot)"
74.7.227.11 - - [08/May/2026:03:24:20 +0530] "GET /image/amit-sharma.jpg HTTP/1.1" 200 20687 "https://www.rajputmovers.com/" "Mozilla/5.0 AppleWebKit/537.36 (KHTML, like Gecko; compatible; GPTBot/1.3; +https://openai.com/gptbot)"
74.7.227.11 - - [08/May/2026:03:24:20 +0530] "GET /image/rohit-kumar.jpg HTTP/1.1" 200 18547 "https://www.rajputmovers.com/" "Mozilla/5.0 AppleWebKit/537.36 (KHTML, like Gecko; compatible; GPTBot/1.3; +https://openai.com/gptbot)"
74.7.227.11 - - [08/May/2026:03:24:21 +0530] "GET /image/household-shifting-services.jpg HTTP/1.1" 200 51651 "https://www.rajputmovers.com/" "Mozilla/5.0 AppleWebKit/537.36 (KHTML, like Gecko; compatible; GPTBot/1.3; +https://openai.com/gptbot)"
74.7.227.11 - - [08/May/2026:03:24:22 +0530] "GET /image/office-shifting-services.jpg HTTP/1.1" 200 37591 "https://www.rajputmovers.com/" "Mozilla/5.0 AppleWebKit/537.36 (KHTML, like Gecko; compatible; GPTBot/1.3; +https://openai.com/gptbot)"
74.7.227.11 - - [08/May/2026:03:24:22 +0530] "GET /image/car-transportation-services.jpg HTTP/1.1" 200 31997 "https://www.rajputmovers.com/" "Mozilla/5.0 AppleWebKit/537.36 (KHTML, like Gecko; compatible; GPTBot/1.3; +https://openai.com/gptbot)"
74.7.227.11 - - [08/May/2026:03:24:24 +0530] "GET /image/bike-transportation-services.jpg HTTP/1.1" 200 48779 "https://www.rajputmovers.com/" "Mozilla/5.0 AppleWebKit/537.36 (KHTML, like Gecko; compatible; GPTBot/1.3; +https://openai.com/gptbot)"
74.7.227.11 - - [08/May/2026:03:24:26 +0530] "GET /image/local-shifting-services.jpg HTTP/1.1" 200 36484 "https://www.rajputmovers.com/" "Mozilla/5.0 AppleWebKit/537.36 (KHTML, like Gecko; compatible; GPTBot/1.3; +https://openai.com/gptbot)"
74.7.227.11 - - [08/May/2026:03:24:27 +0530] "GET /image/call-action-bg.jpg HTTP/1.1" 200 52625 "https://www.rajputmovers.com/" "Mozilla/5.0 AppleWebKit/537.36 (KHTML, like Gecko; compatible; GPTBot/1.3; +https://openai.com/gptbot)"
74.7.227.11 - - [08/May/2026:03:24:28 +0530] "GET /image/neha-verma.jpg HTTP/1.1" 200 19056 "https://www.rajputmovers.com/" "Mozilla/5.0 AppleWebKit/537.36 (KHTML, like Gecko; compatible; GPTBot/1.3; +https://openai.com/gptbot)"
74.7.227.11 - - [08/May/2026:03:24:29 +0530] "GET /js/jquery.bundle.js HTTP/1.1" 200 246568 "https://www.rajputmovers.com/" "Mozilla/5.0 AppleWebKit/537.36 (KHTML, like Gecko; compatible; GPTBot/1.3; +https://openai.com/gptbot)"
74.7.227.11 - - [08/May/2026:03:24:30 +0530] "GET /image/cl-logo3.png HTTP/1.1" 200 5730 "https://www.rajputmovers.com/" "Mozilla/5.0 AppleWebKit/537.36 (KHTML, like Gecko; compatible; GPTBot/1.3; +https://openai.com/gptbot)"
74.7.227.11 - - [08/May/2026:03:24:31 +0530] "GET /image/cl-logo4.png HTTP/1.1" 200 4309 "https://www.rajputmovers.com/" "Mozilla/5.0 AppleWebKit/537.36 (KHTML, like Gecko; compatible; GPTBot/1.3; +https://openai.com/gptbot)"
74.7.227.11 - - [08/May/2026:03:24:32 +0530] "GET /image/cl-logo5.png HTTP/1.1" 200 4840 "https://www.rajputmovers.com/" "Mozilla/5.0 AppleWebKit/537.36 (KHTML, like Gecko; compatible; GPTBot/1.3; +https://openai.com/gptbot)"
74.7.227.11 - - [08/May/2026:03:24:32 +0530] "GET /image/cl-logo2.png HTTP/1.1" 200 5268 "https://www.rajputmovers.com/" "Mozilla/5.0 AppleWebKit/537.36 (KHTML, like Gecko; compatible; GPTBot/1.3; +https://openai.com/gptbot)"
74.7.227.11 - - [08/May/2026:03:24:33 +0530] "GET /image/cl-logo6.png HTTP/1.1" 200 4676 "https://www.rajputmovers.com/" "Mozilla/5.0 AppleWebKit/537.36 (KHTML, like Gecko; compatible; GPTBot/1.3; +https://openai.com/gptbot)"
74.7.227.11 - - [08/May/2026:03:24:33 +0530] "GET /image/packers.jpg HTTP/1.1" 200 64465 "https://www.rajputmovers.com/" "Mozilla/5.0 AppleWebKit/537.36 (KHTML, like Gecko; compatible; GPTBot/1.3; +https://openai.com/gptbot)"
74.7.227.11 - - [08/May/2026:03:24:34 +0530] "GET /image/banner.jpg HTTP/1.1" 200 139290 "https://www.rajputmovers.com/" "Mozilla/5.0 AppleWebKit/537.36 (KHTML, like Gecko; compatible; GPTBot/1.3; +https://openai.com/gptbot)"
74.7.227.11 - - [08/May/2026:03:24:35 +0530] "GET /image/banner-3.jpg HTTP/1.1" 200 122260 "https://www.rajputmovers.com/" "Mozilla/5.0 AppleWebKit/537.36 (KHTML, like Gecko; compatible; GPTBot/1.3; +https://openai.com/gptbot)"
74.7.227.11 - - [08/May/2026:03:24:36 +0530] "GET /image/banner-2.jpg HTTP/1.1" 200 155991 "https://www.rajputmovers.com/" "Mozilla/5.0 AppleWebKit/537.36 (KHTML, like Gecko; compatible; GPTBot/1.3; +https://openai.com/gptbot)"
74.7.227.11 - - [08/May/2026:03:24:37 +0530] "GET /image/local-shifting.jpg HTTP/1.1" 200 42451 "https://www.rajputmovers.com/about-us.html" "Mozilla/5.0 AppleWebKit/537.36 (KHTML, like Gecko; compatible; GPTBot/1.3; +https://openai.com/gptbot)"
74.7.227.11 - - [08/May/2026:03:24:38 +0530] "GET /image/team8.jpg HTTP/1.1" 200 32698 "https://www.rajputmovers.com/about-us.html" "Mozilla/5.0 AppleWebKit/537.36 (KHTML, like Gecko; compatible; GPTBot/1.3; +https://openai.com/gptbot)"
74.7.227.11 - - [08/May/2026:03:24:39 +0530] "GET /a HTTP/1.1" 404 35081 "https://www.rajputmovers.com/js/jquery.bundle.js" "Mozilla/5.0 AppleWebKit/537.36 (KHTML, like Gecko; compatible; GPTBot/1.3; +https://openai.com/gptbot)"
74.7.227.11 - - [08/May/2026:03:24:39 +0530] "GET /image/favicon.png HTTP/1.1" 200 18261 "https://www.rajputmovers.com/" "Mozilla/5.0 AppleWebKit/537.36 (KHTML, like Gecko; compatible; GPTBot/1.3; +https://openai.com/gptbot)"
74.7.227.11 - - [08/May/2026:03:24:40 +0530] "GET /js/script.js HTTP/1.1" 200 6126 "https://www.rajputmovers.com/" "Mozilla/5.0 AppleWebKit/537.36 (KHTML, like Gecko; compatible; GPTBot/1.3; +https://openai.com/gptbot)"
74.7.227.11 - - [08/May/2026:03:24:41 +0530] "GET /image/logo.png HTTP/1.1" 200 9661 "https://www.rajputmovers.com/" "Mozilla/5.0 AppleWebKit/537.36 (KHTML, like Gecko; compatible; GPTBot/1.3; +https://openai.com/gptbot)"
74.7.227.11 - - [08/May/2026:03:24:42 +0530] "GET /image/packers1.jpg HTTP/1.1" 200 32879 "https://www.rajputmovers.com/blog.html" "Mozilla/5.0 AppleWebKit/537.36 (KHTML, like Gecko; compatible; GPTBot/1.3; +https://openai.com/gptbot)"
74.7.227.11 - - [08/May/2026:03:24:44 +0530] "GET /image/household.jpg HTTP/1.1" 200 30816 "https://www.rajputmovers.com/blog.html" "Mozilla/5.0 AppleWebKit/537.36 (KHTML, like Gecko; compatible; GPTBot/1.3; +https://openai.com/gptbot)"
74.7.227.11 - - [08/May/2026:03:24:46 +0530] "GET /image/car.jpg HTTP/1.1" 200 41619 "https://www.rajputmovers.com/blog.html" "Mozilla/5.0 AppleWebKit/537.36 (KHTML, like Gecko; compatible; GPTBot/1.3; +https://openai.com/gptbot)"
74.7.227.11 - - [08/May/2026:03:24:49 +0530] "GET /image/bike.jpg HTTP/1.1" 200 43121 "https://www.rajputmovers.com/blog.html" "Mozilla/5.0 AppleWebKit/537.36 (KHTML, like Gecko; compatible; GPTBot/1.3; +https://openai.com/gptbot)"
74.7.227.11 - - [08/May/2026:03:24:50 +0530] "GET /image/household-shifting.jpg HTTP/1.1" 200 33399 "https://www.rajputmovers.com/about-us.html" "Mozilla/5.0 AppleWebKit/537.36 (KHTML, like Gecko; compatible; GPTBot/1.3; +https://openai.com/gptbot)"
74.7.227.11 - - [08/May/2026:03:24:51 +0530] "GET /js/%url% HTTP/1.1" 404 - "https://www.rajputmovers.com/js/jquery.bundle.js" "Mozilla/5.0 AppleWebKit/537.36 (KHTML, like Gecko; compatible; GPTBot/1.3; +https://openai.com/gptbot)"
74.7.227.11 - - [08/May/2026:03:24:53 +0530] "GET /gallery.html HTTP/1.1" 200 17110 "https://www.rajputmovers.com/" "Mozilla/5.0 AppleWebKit/537.36 (KHTML, like Gecko; compatible; GPTBot/1.3; +https://openai.com/gptbot)"
74.7.227.11 - - [08/May/2026:03:24:54 +0530] "GET /image/warehousing-services.jpg HTTP/1.1" 200 109309 "https://www.rajputmovers.com/" "Mozilla/5.0 AppleWebKit/537.36 (KHTML, like Gecko; compatible; GPTBot/1.3; +https://openai.com/gptbot)"
74.7.227.11 - - [08/May/2026:03:24:55 +0530] "GET /css/vendor.bundle.css HTTP/1.1" 200 215488 "https://www.rajputmovers.com/" "Mozilla/5.0 AppleWebKit/537.36 (KHTML, like Gecko; compatible; GPTBot/1.3; +https://openai.com/gptbot)"
74.7.227.11 - - [08/May/2026:03:24:56 +0530] "GET /css/style.css HTTP/1.1" 200 86052 "https://www.rajputmovers.com/" "Mozilla/5.0 AppleWebKit/537.36 (KHTML, like Gecko; compatible; GPTBot/1.3; +https://openai.com/gptbot)"
74.7.227.11 - - [08/May/2026:03:25:00 +0530] "GET /fonts/palanquin/palanquin-semibold-webfont.woff HTTP/1.1" 200 23396 "https://www.rajputmovers.com/css/style.css" "Mozilla/5.0 AppleWebKit/537.36 (KHTML, like Gecko; compatible; GPTBot/1.3; +https://openai.com/gptbot)"
74.7.227.11 - - [08/May/2026:03:25:01 +0530] "GET /fonts/roboto/roboto-light-webfont.eot HTTP/1.1" 200 46736 "https://www.rajputmovers.com/css/style.css" "Mozilla/5.0 AppleWebKit/537.36 (KHTML, like Gecko; compatible; GPTBot/1.3; +https://openai.com/gptbot)"
74.7.227.11 - - [08/May/2026:03:25:02 +0530] "GET /fonts/palanquin/palanquin-semibold-webfont.eot HTTP/1.1" 200 42724 "https://www.rajputmovers.com/css/style.css" "Mozilla/5.0 AppleWebKit/537.36 (KHTML, like Gecko; compatible; GPTBot/1.3; +https://openai.com/gptbot)"
74.7.227.11 - - [08/May/2026:03:25:03 +0530] "GET /fonts/roboto/roboto-bold-webfont.ttf HTTP/1.1" 200 47424 "https://www.rajputmovers.com/css/style.css" "Mozilla/5.0 AppleWebKit/537.36 (KHTML, like Gecko; compatible; GPTBot/1.3; +https://openai.com/gptbot)"
