74.7.227.51 - - [08/May/2026:02:50:08 +0530] "GET /iba-approved-packers-movers-jahangirpura.html HTTP/1.1" 404 91533 "https://www.shreekrishnapackersmovers.in/packers-movers-jahangirpura.html" "Mozilla/5.0 AppleWebKit/537.36 (KHTML, like Gecko; compatible; GPTBot/1.3; +https://openai.com/gptbot)"
74.7.227.51 - - [08/May/2026:02:50:10 +0530] "GET /iba-approved-packers-movers-nanikhodiyar.html HTTP/1.1" 404 91533 "https://www.shreekrishnapackersmovers.in/packers-movers-nanikhodiyar.html" "Mozilla/5.0 AppleWebKit/537.36 (KHTML, like Gecko; compatible; GPTBot/1.3; +https://openai.com/gptbot)"
74.7.227.51 - - [08/May/2026:02:50:11 +0530] "GET /car-transportation-sun-pharma-road.html HTTP/1.1" 404 91533 "https://www.shreekrishnapackersmovers.in/packers-and-movers-sun-pharma-road.html" "Mozilla/5.0 AppleWebKit/537.36 (KHTML, like Gecko; compatible; GPTBot/1.3; +https://openai.com/gptbot)"
74.7.227.51 - - [08/May/2026:02:50:13 +0530] "GET /packers-movers-lakshmanpura.html HTTP/1.1" 200 68219 "https://www.shreekrishnapackersmovers.in/locations.html" "Mozilla/5.0 AppleWebKit/537.36 (KHTML, like Gecko; compatible; GPTBot/1.3; +https://openai.com/gptbot)"
74.7.227.51 - - [08/May/2026:02:50:14 +0530] "GET /packers-and-movers-chokshi-bazar.html HTTP/1.1" 200 68467 "https://www.shreekrishnapackersmovers.in/locations.html" "Mozilla/5.0 AppleWebKit/537.36 (KHTML, like Gecko; compatible; GPTBot/1.3; +https://openai.com/gptbot)"
74.7.227.51 - - [08/May/2026:02:50:16 +0530] "GET /packers-and-movers-saiyed-vasna.html HTTP/1.1" 200 68142 "https://www.shreekrishnapackersmovers.in/locations.html" "Mozilla/5.0 AppleWebKit/537.36 (KHTML, like Gecko; compatible; GPTBot/1.3; +https://openai.com/gptbot)"
74.7.227.51 - - [08/May/2026:02:50:17 +0530] "GET /packers-movers-vashist-vihar.html HTTP/1.1" 200 68481 "https://www.shreekrishnapackersmovers.in/locations.html" "Mozilla/5.0 AppleWebKit/537.36 (KHTML, like Gecko; compatible; GPTBot/1.3; +https://openai.com/gptbot)"
74.7.227.51 - - [08/May/2026:02:50:19 +0530] "GET /packers-and-movers-shukla-nagar.html HTTP/1.1" 200 68142 "https://www.shreekrishnapackersmovers.in/locations.html" "Mozilla/5.0 AppleWebKit/537.36 (KHTML, like Gecko; compatible; GPTBot/1.3; +https://openai.com/gptbot)"
104.223.99.139 - - [08/May/2026:02:50:20 +0530] "GET /packers-movers-vejalpur-gam.html HTTP/1.1" 200 68219 "-" "Mozilla/5.0 (Linux; Android 8.0; Pixel 2 Build/OPD3.170816.012) AppleWebKit/537.36 (KHTML, like Gecko) Chrome/44.0.3794.1024 Mobile Safari/537.36"
74.7.227.51 - - [08/May/2026:02:50:20 +0530] "GET /packers-and-movers-dwarka-delhi.html HTTP/1.1" 200 67856 "https://www.shreekrishnapackersmovers.in/locations.html" "Mozilla/5.0 AppleWebKit/537.36 (KHTML, like Gecko; compatible; GPTBot/1.3; +https://openai.com/gptbot)"
104.223.99.139 - - [08/May/2026:02:50:21 +0530] "GET /css/font-awesome.min.css HTTP/1.1" 200 31024 "https://www.shreekrishnapackersmovers.in/packers-movers-vejalpur-gam.html" "Mozilla/5.0 (Linux; Android 8.0; Pixel 2 Build/OPD3.170816.012) AppleWebKit/537.36 (KHTML, like Gecko) Chrome/44.0.3794.1024 Mobile Safari/537.36"
104.223.99.139 - - [08/May/2026:02:50:21 +0530] "GET /vendors/revolution/css/settings.css HTTP/1.1" 200 29638 "https://www.shreekrishnapackersmovers.in/packers-movers-vejalpur-gam.html" "Mozilla/5.0 (Linux; Android 8.0; Pixel 2 Build/OPD3.170816.012) AppleWebKit/537.36 (KHTML, like Gecko) Chrome/44.0.3794.1024 Mobile Safari/537.36"
74.7.227.51 - - [08/May/2026:02:50:22 +0530] "GET /packers-and-movers-tandalja.html HTTP/1.1" 200 66842 "https://www.shreekrishnapackersmovers.in/locations.html" "Mozilla/5.0 AppleWebKit/537.36 (KHTML, like Gecko; compatible; GPTBot/1.3; +https://openai.com/gptbot)"
207.45.26.4 - - [08/May/2026:02:50:22 +0530] "GET /css/bootstrap.min.css HTTP/1.1" 200 122245 "https://www.shreekrishnapackersmovers.in/packers-movers-vejalpur-gam.html" "Mozilla/5.0 (Linux; Android 8.0; Pixel 2 Build/OPD3.170816.012) AppleWebKit/537.36 (KHTML, like Gecko) Chrome/44.0.3794.1024 Mobile Safari/537.36"
104.223.99.139 - - [08/May/2026:02:50:22 +0530] "GET /vendors/revolution/css/navigation.css HTTP/1.1" 200 44435 "https://www.shreekrishnapackersmovers.in/packers-movers-vejalpur-gam.html" "Mozilla/5.0 (Linux; Android 8.0; Pixel 2 Build/OPD3.170816.012) AppleWebKit/537.36 (KHTML, like Gecko) Chrome/44.0.3794.1024 Mobile Safari/537.36"
203.78.170.105 - - [08/May/2026:02:50:23 +0530] "GET /vendors/revolution/css/layers.css HTTP/1.1" 200 104497 "https://www.shreekrishnapackersmovers.in/packers-movers-vejalpur-gam.html" "Mozilla/5.0 (Linux; Android 8.0; Pixel 2 Build/OPD3.170816.012) AppleWebKit/537.36 (KHTML, like Gecko) Chrome/44.0.3794.1024 Mobile Safari/537.36"
104.223.99.139 - - [08/May/2026:02:50:23 +0530] "GET /template/template132cms/css/style.css HTTP/1.1" 200 3960 "https://www.shreekrishnapackersmovers.in/packers-movers-vejalpur-gam.html" "Mozilla/5.0 (Linux; Android 8.0; Pixel 2 Build/OPD3.170816.012) AppleWebKit/537.36 (KHTML, like Gecko) Chrome/44.0.3794.1024 Mobile Safari/537.36"
207.45.26.4 - - [08/May/2026:02:50:23 +0530] "GET /vendors/animate-css/animate.css HTTP/1.1" 200 56369 "https://www.shreekrishnapackersmovers.in/packers-movers-vejalpur-gam.html" "Mozilla/5.0 (Linux; Android 8.0; Pixel 2 Build/OPD3.170816.012) AppleWebKit/537.36 (KHTML, like Gecko) Chrome/44.0.3794.1024 Mobile Safari/537.36"
104.223.99.139 - - [08/May/2026:02:50:23 +0530] "GET /vendors/magnific-popup/magnific-popup.css HTTP/1.1" 200 5236 "https://www.shreekrishnapackersmovers.in/packers-movers-vejalpur-gam.html" "Mozilla/5.0 (Linux; Android 8.0; Pixel 2 Build/OPD3.170816.012) AppleWebKit/537.36 (KHTML, like Gecko) Chrome/44.0.3794.1024 Mobile Safari/537.36"
74.7.227.51 - - [08/May/2026:02:50:23 +0530] "GET /packers-movers-vejalpur-gam.html HTTP/1.1" 200 68219 "https://www.shreekrishnapackersmovers.in/locations.html" "Mozilla/5.0 AppleWebKit/537.36 (KHTML, like Gecko; compatible; GPTBot/1.3; +https://openai.com/gptbot)"
207.45.26.4 - - [08/May/2026:02:50:24 +0530] "GET /vendors/owl-carousel/assets/owl.carousel.min.css HTTP/1.1" 200 2937 "https://www.shreekrishnapackersmovers.in/packers-movers-vejalpur-gam.html" "Mozilla/5.0 (Linux; Android 8.0; Pixel 2 Build/OPD3.170816.012) AppleWebKit/537.36 (KHTML, like Gecko) Chrome/44.0.3794.1024 Mobile Safari/537.36"
104.223.99.139 - - [08/May/2026:02:50:24 +0530] "GET /css/style.css HTTP/1.1" 200 104308 "https://www.shreekrishnapackersmovers.in/packers-movers-vejalpur-gam.html" "Mozilla/5.0 (Linux; Android 8.0; Pixel 2 Build/OPD3.170816.012) AppleWebKit/537.36 (KHTML, like Gecko) Chrome/44.0.3794.1024 Mobile Safari/537.36"
203.78.170.105 - - [08/May/2026:02:50:24 +0530] "GET /img/logo.png HTTP/1.1" 206 500 "https://www.shreekrishnapackersmovers.in/packers-movers-vejalpur-gam.html" "Mozilla/5.0 (Linux; Android 8.0; Pixel 2 Build/OPD3.170816.012) AppleWebKit/537.36 (KHTML, like Gecko) Chrome/44.0.3794.1024 Mobile Safari/537.36"
207.45.26.4 - - [08/May/2026:02:50:24 +0530] "GET /img/ahmedabad/vejalpur-gam/packers-and-movers-services.jpg HTTP/1.1" 206 500 "https://www.shreekrishnapackersmovers.in/packers-movers-vejalpur-gam.html" "Mozilla/5.0 (Linux; Android 8.0; Pixel 2 Build/OPD3.170816.012) AppleWebKit/537.36 (KHTML, like Gecko) Chrome/44.0.3794.1024 Mobile Safari/537.36"
104.223.99.139 - - [08/May/2026:02:50:24 +0530] "GET /img/ahmedabad/vejalpur-gam/best-packers-and-movers-services.jpg HTTP/1.1" 206 500 "https://www.shreekrishnapackersmovers.in/packers-movers-vejalpur-gam.html" "Mozilla/5.0 (Linux; Android 8.0; Pixel 2 Build/OPD3.170816.012) AppleWebKit/537.36 (KHTML, like Gecko) Chrome/44.0.3794.1024 Mobile Safari/537.36"
207.45.26.4 - - [08/May/2026:02:50:25 +0530] "GET /img/ahmedabad/vejalpur-gam/packers-movers-services.jpg HTTP/1.1" 206 500 "https://www.shreekrishnapackersmovers.in/packers-movers-vejalpur-gam.html" "Mozilla/5.0 (Linux; Android 8.0; Pixel 2 Build/OPD3.170816.012) AppleWebKit/537.36 (KHTML, like Gecko) Chrome/44.0.3794.1024 Mobile Safari/537.36"
203.78.170.105 - - [08/May/2026:02:50:25 +0530] "GET /img/banner/banner-bg.jpg HTTP/1.1" 206 500 "https://www.shreekrishnapackersmovers.in/css/style.css" "Mozilla/5.0 (Linux; Android 8.0; Pixel 2 Build/OPD3.170816.012) AppleWebKit/537.36 (KHTML, like Gecko) Chrome/44.0.3794.1024 Mobile Safari/537.36"
74.7.227.51 - - [08/May/2026:02:50:25 +0530] "GET /packers-movers-prahlad-nagar.html HTTP/1.1" 200 68547 "https://www.shreekrishnapackersmovers.in/locations.html" "Mozilla/5.0 AppleWebKit/537.36 (KHTML, like Gecko; compatible; GPTBot/1.3; +https://openai.com/gptbot)"
104.223.99.139 - - [08/May/2026:02:50:25 +0530] "GET /img/ahmedabad/vejalpur-gam/packers-and-movers-services.jpg HTTP/1.1" 304 - "https://www.shreekrishnapackersmovers.in/packers-movers-vejalpur-gam.html" "Mozilla/5.0 (Linux; Android 8.0; Pixel 2 Build/OPD3.170816.012) AppleWebKit/537.36 (KHTML, like Gecko) Chrome/44.0.3794.1024 Mobile Safari/537.36"
207.45.26.4 - - [08/May/2026:02:50:25 +0530] "GET /img/ahmedabad/vejalpur-gam/household-shifting-services.jpg HTTP/1.1" 206 500 "https://www.shreekrishnapackersmovers.in/packers-movers-vejalpur-gam.html" "Mozilla/5.0 (Linux; Android 8.0; Pixel 2 Build/OPD3.170816.012) AppleWebKit/537.36 (KHTML, like Gecko) Chrome/44.0.3794.1024 Mobile Safari/537.36"
203.78.170.105 - - [08/May/2026:02:50:25 +0530] "GET /img/ahmedabad/vejalpur-gam/car-transportation-services.jpg HTTP/1.1" 206 500 "https://www.shreekrishnapackersmovers.in/packers-movers-vejalpur-gam.html" "Mozilla/5.0 (Linux; Android 8.0; Pixel 2 Build/OPD3.170816.012) AppleWebKit/537.36 (KHTML, like Gecko) Chrome/44.0.3794.1024 Mobile Safari/537.36"
104.223.99.139 - - [08/May/2026:02:50:25 +0530] "GET /img/banner/banner-bg.jpg HTTP/1.1" 304 - "https://www.shreekrishnapackersmovers.in/css/style.css" "Mozilla/5.0 (Linux; Android 8.0; Pixel 2 Build/OPD3.170816.012) AppleWebKit/537.36 (KHTML, like Gecko) Chrome/44.0.3794.1024 Mobile Safari/537.36"
207.45.26.4 - - [08/May/2026:02:50:26 +0530] "GET /img/ahmedabad/vejalpur-gam/packers-and-movers-services.jpg HTTP/1.1" 206 152065 "https://www.shreekrishnapackersmovers.in/packers-movers-vejalpur-gam.html" "Mozilla/5.0 (Linux; Android 8.0; Pixel 2 Build/OPD3.170816.012) AppleWebKit/537.36 (KHTML, like Gecko) Chrome/44.0.3794.1024 Mobile Safari/537.36"
203.78.170.105 - - [08/May/2026:02:50:26 +0530] "GET /img/ahmedabad/vejalpur-gam/best-packers-and-movers-services.jpg HTTP/1.1" 304 - "https://www.shreekrishnapackersmovers.in/packers-movers-vejalpur-gam.html" "Mozilla/5.0 (Linux; Android 8.0; Pixel 2 Build/OPD3.170816.012) AppleWebKit/537.36 (KHTML, like Gecko) Chrome/44.0.3794.1024 Mobile Safari/537.36"
104.223.99.139 - - [08/May/2026:02:50:26 +0530] "GET /img/ahmedabad/vejalpur-gam/packers-movers-services.jpg HTTP/1.1" 304 - "https://www.shreekrishnapackersmovers.in/packers-movers-vejalpur-gam.html" "Mozilla/5.0 (Linux; Android 8.0; Pixel 2 Build/OPD3.170816.012) AppleWebKit/537.36 (KHTML, like Gecko) Chrome/44.0.3794.1024 Mobile Safari/537.36"
74.7.227.51 - - [08/May/2026:02:50:26 +0530] "GET /packers-and-movers-nandesari.html HTTP/1.1" 200 67167 "https://www.shreekrishnapackersmovers.in/locations.html" "Mozilla/5.0 AppleWebKit/537.36 (KHTML, like Gecko; compatible; GPTBot/1.3; +https://openai.com/gptbot)"
104.223.99.139 - - [08/May/2026:02:50:26 +0530] "GET /img/ahmedabad/vejalpur-gam/household-shifting-services.jpg HTTP/1.1" 304 - "https://www.shreekrishnapackersmovers.in/packers-movers-vejalpur-gam.html" "Mozilla/5.0 (Linux; Android 8.0; Pixel 2 Build/OPD3.170816.012) AppleWebKit/537.36 (KHTML, like Gecko) Chrome/44.0.3794.1024 Mobile Safari/537.36"
203.78.170.105 - - [08/May/2026:02:50:27 +0530] "GET /img/banner/banner-bg.jpg HTTP/1.1" 206 55861 "https://www.shreekrishnapackersmovers.in/css/style.css" "Mozilla/5.0 (Linux; Android 8.0; Pixel 2 Build/OPD3.170816.012) AppleWebKit/537.36 (KHTML, like Gecko) Chrome/44.0.3794.1024 Mobile Safari/537.36"
104.223.99.139 - - [08/May/2026:02:50:27 +0530] "GET /img/ahmedabad/vejalpur-gam/best-packers-and-movers-services.jpg HTTP/1.1" 206 31181 "https://www.shreekrishnapackersmovers.in/packers-movers-vejalpur-gam.html" "Mozilla/5.0 (Linux; Android 8.0; Pixel 2 Build/OPD3.170816.012) AppleWebKit/537.36 (KHTML, like Gecko) Chrome/44.0.3794.1024 Mobile Safari/537.36"
209.207.249.66 - - [08/May/2026:02:50:27 +0530] "GET /img/ahmedabad/vejalpur-gam/packers-movers-services.jpg HTTP/1.1" 206 18714 "https://www.shreekrishnapackersmovers.in/packers-movers-vejalpur-gam.html" "Mozilla/5.0 (Linux; Android 8.0; Pixel 2 Build/OPD3.170816.012) AppleWebKit/537.36 (KHTML, like Gecko) Chrome/44.0.3794.1024 Mobile Safari/537.36"
74.7.227.51 - - [08/May/2026:02:50:28 +0530] "GET /packers-and-movers-new-karelibaug.html HTTP/1.1" 200 68792 "https://www.shreekrishnapackersmovers.in/locations.html" "Mozilla/5.0 AppleWebKit/537.36 (KHTML, like Gecko; compatible; GPTBot/1.3; +https://openai.com/gptbot)"
212.70.4.29 - - [08/May/2026:02:50:28 +0530] "GET /img/ahmedabad/vejalpur-gam/household-shifting-services.jpg HTTP/1.1" 206 34153 "https://www.shreekrishnapackersmovers.in/packers-movers-vejalpur-gam.html" "Mozilla/5.0 (Linux; Android 8.0; Pixel 2 Build/OPD3.170816.012) AppleWebKit/537.36 (KHTML, like Gecko) Chrome/44.0.3794.1024 Mobile Safari/537.36"
212.70.4.29 - - [08/May/2026:02:50:29 +0530] "GET /img/ahmedabad/vejalpur-gam/bike-transportation-services.jpg HTTP/1.1" 206 500 "https://www.shreekrishnapackersmovers.in/packers-movers-vejalpur-gam.html" "Mozilla/5.0 (Linux; Android 8.0; Pixel 2 Build/OPD3.170816.012) AppleWebKit/537.36 (KHTML, like Gecko) Chrome/44.0.3794.1024 Mobile Safari/537.36"
212.70.4.29 - - [08/May/2026:02:50:29 +0530] "GET /img/ahmedabad/vejalpur-gam/office-shifting-services.jpg HTTP/1.1" 206 500 "https://www.shreekrishnapackersmovers.in/packers-movers-vejalpur-gam.html" "Mozilla/5.0 (Linux; Android 8.0; Pixel 2 Build/OPD3.170816.012) AppleWebKit/537.36 (KHTML, like Gecko) Chrome/44.0.3794.1024 Mobile Safari/537.36"
212.70.4.29 - - [08/May/2026:02:50:29 +0530] "GET /img/ahmedabad/vejalpur-gam/transportation-services.jpg HTTP/1.1" 206 500 "https://www.shreekrishnapackersmovers.in/packers-movers-vejalpur-gam.html" "Mozilla/5.0 (Linux; Android 8.0; Pixel 2 Build/OPD3.170816.012) AppleWebKit/537.36 (KHTML, like Gecko) Chrome/44.0.3794.1024 Mobile Safari/537.36"
74.7.227.51 - - [08/May/2026:02:50:30 +0530] "GET /packers-movers-navrangpura.html HTTP/1.1" 200 67891 "https://www.shreekrishnapackersmovers.in/locations.html" "Mozilla/5.0 AppleWebKit/537.36 (KHTML, like Gecko; compatible; GPTBot/1.3; +https://openai.com/gptbot)"
212.70.4.29 - - [08/May/2026:02:50:30 +0530] "GET /img/ahmedabad/vejalpur-gam/logistics-packers-movers-services.jpg HTTP/1.1" 206 500 "https://www.shreekrishnapackersmovers.in/packers-movers-vejalpur-gam.html" "Mozilla/5.0 (Linux; Android 8.0; Pixel 2 Build/OPD3.170816.012) AppleWebKit/537.36 (KHTML, like Gecko) Chrome/44.0.3794.1024 Mobile Safari/537.36"
212.70.4.29 - - [08/May/2026:02:50:30 +0530] "GET /img/ahmedabad/vejalpur-gam/iba-approved-packers-movers.jpg HTTP/1.1" 206 500 "https://www.shreekrishnapackersmovers.in/packers-movers-vejalpur-gam.html" "Mozilla/5.0 (Linux; Android 8.0; Pixel 2 Build/OPD3.170816.012) AppleWebKit/537.36 (KHTML, like Gecko) Chrome/44.0.3794.1024 Mobile Safari/537.36"
212.70.4.29 - - [08/May/2026:02:50:30 +0530] "GET /img/ahmedabad/vejalpur-gam/warehousing-services.jpg HTTP/1.1" 206 500 "https://www.shreekrishnapackersmovers.in/packers-movers-vejalpur-gam.html" "Mozilla/5.0 (Linux; Android 8.0; Pixel 2 Build/OPD3.170816.012) AppleWebKit/537.36 (KHTML, like Gecko) Chrome/44.0.3794.1024 Mobile Safari/537.36"
212.70.4.29 - - [08/May/2026:02:50:31 +0530] "GET /img/ahmedabad/vejalpur-gam/local-shifting-services.jpg HTTP/1.1" 206 500 "https://www.shreekrishnapackersmovers.in/packers-movers-vejalpur-gam.html" "Mozilla/5.0 (Linux; Android 8.0; Pixel 2 Build/OPD3.170816.012) AppleWebKit/537.36 (KHTML, like Gecko) Chrome/44.0.3794.1024 Mobile Safari/537.36"
74.7.227.51 - - [08/May/2026:02:50:31 +0530] "GET /car-transportation-lakshmanpura.html HTTP/1.1" 404 91533 "https://www.shreekrishnapackersmovers.in/packers-movers-lakshmanpura.html" "Mozilla/5.0 AppleWebKit/537.36 (KHTML, like Gecko; compatible; GPTBot/1.3; +https://openai.com/gptbot)"
212.70.4.29 - - [08/May/2026:02:50:31 +0530] "GET /img/ahmedabad/vejalpur-gam/loading-unloading-services.jpg HTTP/1.1" 206 500 "https://www.shreekrishnapackersmovers.in/packers-movers-vejalpur-gam.html" "Mozilla/5.0 (Linux; Android 8.0; Pixel 2 Build/OPD3.170816.012) AppleWebKit/537.36 (KHTML, like Gecko) Chrome/44.0.3794.1024 Mobile Safari/537.36"
212.70.4.29 - - [08/May/2026:02:50:31 +0530] "GET /img/ahmedabad/vejalpur-gam/domestic-relocation-services.jpg HTTP/1.1" 206 500 "https://www.shreekrishnapackersmovers.in/packers-movers-vejalpur-gam.html" "Mozilla/5.0 (Linux; Android 8.0; Pixel 2 Build/OPD3.170816.012) AppleWebKit/537.36 (KHTML, like Gecko) Chrome/44.0.3794.1024 Mobile Safari/537.36"
104.223.10.186 - - [08/May/2026:02:50:32 +0530] "GET /img/client-logo/acc-limited.jpg HTTP/1.1" 206 500 "https://www.shreekrishnapackersmovers.in/packers-movers-vejalpur-gam.html" "Mozilla/5.0 (Linux; Android 8.0; Pixel 2 Build/OPD3.170816.012) AppleWebKit/537.36 (KHTML, like Gecko) Chrome/44.0.3794.1024 Mobile Safari/537.36"
212.70.4.29 - - [08/May/2026:02:50:32 +0530] "GET /img/client-logo/allahabad-bank.jpg HTTP/1.1" 206 500 "https://www.shreekrishnapackersmovers.in/packers-movers-vejalpur-gam.html" "Mozilla/5.0 (Linux; Android 8.0; Pixel 2 Build/OPD3.170816.012) AppleWebKit/537.36 (KHTML, like Gecko) Chrome/44.0.3794.1024 Mobile Safari/537.36"
212.70.4.29 - - [08/May/2026:02:50:32 +0530] "GET /img/client-logo/andhra-bank.jpg HTTP/1.1" 206 500 "https://www.shreekrishnapackersmovers.in/packers-movers-vejalpur-gam.html" "Mozilla/5.0 (Linux; Android 8.0; Pixel 2 Build/OPD3.170816.012) AppleWebKit/537.36 (KHTML, like Gecko) Chrome/44.0.3794.1024 Mobile Safari/537.36"
104.223.10.186 - - [08/May/2026:02:50:32 +0530] "GET /img/client-logo/air-india.jpg HTTP/1.1" 206 500 "https://www.shreekrishnapackersmovers.in/packers-movers-vejalpur-gam.html" "Mozilla/5.0 (Linux; Android 8.0; Pixel 2 Build/OPD3.170816.012) AppleWebKit/537.36 (KHTML, like Gecko) Chrome/44.0.3794.1024 Mobile Safari/537.36"
212.70.4.29 - - [08/May/2026:02:50:32 +0530] "GET /img/client-logo/all-state-bank-of-bikaner.jpg HTTP/1.1" 206 500 "https://www.shreekrishnapackersmovers.in/packers-movers-vejalpur-gam.html" "Mozilla/5.0 (Linux; Android 8.0; Pixel 2 Build/OPD3.170816.012) AppleWebKit/537.36 (KHTML, like Gecko) Chrome/44.0.3794.1024 Mobile Safari/537.36"
140.174.114.44 - - [08/May/2026:02:50:33 +0530] "GET /img/client-logo/bajaj-allianz.jpg HTTP/1.1" 206 500 "https://www.shreekrishnapackersmovers.in/packers-movers-vejalpur-gam.html" "Mozilla/5.0 (Linux; Android 8.0; Pixel 2 Build/OPD3.170816.012) AppleWebKit/537.36 (KHTML, like Gecko) Chrome/44.0.3794.1024 Mobile Safari/537.36"
212.70.4.29 - - [08/May/2026:02:50:33 +0530] "GET /img/client-logo/bandhan-bank.jpg HTTP/1.1" 206 500 "https://www.shreekrishnapackersmovers.in/packers-movers-vejalpur-gam.html" "Mozilla/5.0 (Linux; Android 8.0; Pixel 2 Build/OPD3.170816.012) AppleWebKit/537.36 (KHTML, like Gecko) Chrome/44.0.3794.1024 Mobile Safari/537.36"
104.223.10.186 - - [08/May/2026:02:50:33 +0530] "GET /img/client-logo/axis-bank.jpg HTTP/1.1" 206 500 "https://www.shreekrishnapackersmovers.in/packers-movers-vejalpur-gam.html" "Mozilla/5.0 (Linux; Android 8.0; Pixel 2 Build/OPD3.170816.012) AppleWebKit/537.36 (KHTML, like Gecko) Chrome/44.0.3794.1024 Mobile Safari/537.36"
74.7.227.51 - - [08/May/2026:02:50:33 +0530] "GET /bike-transportation-lakshmanpura.html HTTP/1.1" 404 91533 "https://www.shreekrishnapackersmovers.in/packers-movers-lakshmanpura.html" "Mozilla/5.0 AppleWebKit/537.36 (KHTML, like Gecko; compatible; GPTBot/1.3; +https://openai.com/gptbot)"
140.174.114.44 - - [08/May/2026:02:50:33 +0530] "GET /img/client-logo/banaras-hindu-university.jpg HTTP/1.1" 206 500 "https://www.shreekrishnapackersmovers.in/packers-movers-vejalpur-gam.html" "Mozilla/5.0 (Linux; Android 8.0; Pixel 2 Build/OPD3.170816.012) AppleWebKit/537.36 (KHTML, like Gecko) Chrome/44.0.3794.1024 Mobile Safari/537.36"
212.70.4.29 - - [08/May/2026:02:50:33 +0530] "GET /img/client-logo/bank-of-india.jpg HTTP/1.1" 206 500 "https://www.shreekrishnapackersmovers.in/packers-movers-vejalpur-gam.html" "Mozilla/5.0 (Linux; Android 8.0; Pixel 2 Build/OPD3.170816.012) AppleWebKit/537.36 (KHTML, like Gecko) Chrome/44.0.3794.1024 Mobile Safari/537.36"
104.223.10.186 - - [08/May/2026:02:50:34 +0530] "GET /img/client-logo/bank-of-baroda.jpg HTTP/1.1" 206 500 "https://www.shreekrishnapackersmovers.in/packers-movers-vejalpur-gam.html" "Mozilla/5.0 (Linux; Android 8.0; Pixel 2 Build/OPD3.170816.012) AppleWebKit/537.36 (KHTML, like Gecko) Chrome/44.0.3794.1024 Mobile Safari/537.36"
212.70.4.29 - - [08/May/2026:02:50:34 +0530] "GET /img/client-logo/bharat-sanchar-nigam-limited.jpg HTTP/1.1" 206 500 "https://www.shreekrishnapackersmovers.in/packers-movers-vejalpur-gam.html" "Mozilla/5.0 (Linux; Android 8.0; Pixel 2 Build/OPD3.170816.012) AppleWebKit/537.36 (KHTML, like Gecko) Chrome/44.0.3794.1024 Mobile Safari/537.36"
140.174.114.44 - - [08/May/2026:02:50:34 +0530] "GET /img/client-logo/bank-of-maharashtra.jpg HTTP/1.1" 206 500 "https://www.shreekrishnapackersmovers.in/packers-movers-vejalpur-gam.html" "Mozilla/5.0 (Linux; Android 8.0; Pixel 2 Build/OPD3.170816.012) AppleWebKit/537.36 (KHTML, like Gecko) Chrome/44.0.3794.1024 Mobile Safari/537.36"
212.70.4.29 - - [08/May/2026:02:50:34 +0530] "GET /img/client-logo/birla-tyres.jpg HTTP/1.1" 206 500 "https://www.shreekrishnapackersmovers.in/packers-movers-vejalpur-gam.html" "Mozilla/5.0 (Linux; Android 8.0; Pixel 2 Build/OPD3.170816.012) AppleWebKit/537.36 (KHTML, like Gecko) Chrome/44.0.3794.1024 Mobile Safari/537.36"
104.223.10.186 - - [08/May/2026:02:50:34 +0530] "GET /img/client-logo/big-bazaar.jpg HTTP/1.1" 206 500 "https://www.shreekrishnapackersmovers.in/packers-movers-vejalpur-gam.html" "Mozilla/5.0 (Linux; Android 8.0; Pixel 2 Build/OPD3.170816.012) AppleWebKit/537.36 (KHTML, like Gecko) Chrome/44.0.3794.1024 Mobile Safari/537.36"
74.7.227.51 - - [08/May/2026:02:50:34 +0530] "GET /iba-approved-packers-movers-vashist-vihar.html HTTP/1.1" 404 91533 "https://www.shreekrishnapackersmovers.in/packers-movers-vashist-vihar.html" "Mozilla/5.0 AppleWebKit/537.36 (KHTML, like Gecko; compatible; GPTBot/1.3; +https://openai.com/gptbot)"
140.174.114.44 - - [08/May/2026:02:50:34 +0530] "GET /img/client-logo/central-bank-of-india.jpg HTTP/1.1" 206 500 "https://www.shreekrishnapackersmovers.in/packers-movers-vejalpur-gam.html" "Mozilla/5.0 (Linux; Android 8.0; Pixel 2 Build/OPD3.170816.012) AppleWebKit/537.36 (KHTML, like Gecko) Chrome/44.0.3794.1024 Mobile Safari/537.36"
192.161.183.5 - - [08/May/2026:02:50:34 +0530] "GET /img/client-logo/canara-bank.jpg HTTP/1.1" 206 500 "https://www.shreekrishnapackersmovers.in/packers-movers-vejalpur-gam.html" "Mozilla/5.0 (Linux; Android 8.0; Pixel 2 Build/OPD3.170816.012) AppleWebKit/537.36 (KHTML, like Gecko) Chrome/44.0.3794.1024 Mobile Safari/537.36"
212.70.4.29 - - [08/May/2026:02:50:34 +0530] "GET /img/client-logo/cognizant.jpg HTTP/1.1" 206 500 "https://www.shreekrishnapackersmovers.in/packers-movers-vejalpur-gam.html" "Mozilla/5.0 (Linux; Android 8.0; Pixel 2 Build/OPD3.170816.012) AppleWebKit/537.36 (KHTML, like Gecko) Chrome/44.0.3794.1024 Mobile Safari/537.36"
104.223.10.186 - - [08/May/2026:02:50:35 +0530] "GET /img/client-logo/dabur.jpg HTTP/1.1" 206 500 "https://www.shreekrishnapackersmovers.in/packers-movers-vejalpur-gam.html" "Mozilla/5.0 (Linux; Android 8.0; Pixel 2 Build/OPD3.170816.012) AppleWebKit/537.36 (KHTML, like Gecko) Chrome/44.0.3794.1024 Mobile Safari/537.36"
212.70.4.29 - - [08/May/2026:02:50:35 +0530] "GET /img/client-logo/dena-bank.jpg HTTP/1.1" 206 500 "https://www.shreekrishnapackersmovers.in/packers-movers-vejalpur-gam.html" "Mozilla/5.0 (Linux; Android 8.0; Pixel 2 Build/OPD3.170816.012) AppleWebKit/537.36 (KHTML, like Gecko) Chrome/44.0.3794.1024 Mobile Safari/537.36"
140.174.114.44 - - [08/May/2026:02:50:35 +0530] "GET /img/client-logo/corporation-bank.jpg HTTP/1.1" 206 500 "https://www.shreekrishnapackersmovers.in/packers-movers-vejalpur-gam.html" "Mozilla/5.0 (Linux; Android 8.0; Pixel 2 Build/OPD3.170816.012) AppleWebKit/537.36 (KHTML, like Gecko) Chrome/44.0.3794.1024 Mobile Safari/537.36"
192.161.183.5 - - [08/May/2026:02:50:35 +0530] "GET /img/client-logo/doordarshan.jpg HTTP/1.1" 206 500 "https://www.shreekrishnapackersmovers.in/packers-movers-vejalpur-gam.html" "Mozilla/5.0 (Linux; Android 8.0; Pixel 2 Build/OPD3.170816.012) AppleWebKit/537.36 (KHTML, like Gecko) Chrome/44.0.3794.1024 Mobile Safari/537.36"
212.70.4.29 - - [08/May/2026:02:50:35 +0530] "GET /img/client-logo/eveready-india.jpg HTTP/1.1" 206 500 "https://www.shreekrishnapackersmovers.in/packers-movers-vejalpur-gam.html" "Mozilla/5.0 (Linux; Android 8.0; Pixel 2 Build/OPD3.170816.012) AppleWebKit/537.36 (KHTML, like Gecko) Chrome/44.0.3794.1024 Mobile Safari/537.36"
104.223.10.186 - - [08/May/2026:02:50:35 +0530] "GET /img/client-logo/dr-lal-path-labs.jpg HTTP/1.1" 206 500 "https://www.shreekrishnapackersmovers.in/packers-movers-vejalpur-gam.html" "Mozilla/5.0 (Linux; Android 8.0; Pixel 2 Build/OPD3.170816.012) AppleWebKit/537.36 (KHTML, like Gecko) Chrome/44.0.3794.1024 Mobile Safari/537.36"
212.70.4.29 - - [08/May/2026:02:50:35 +0530] "GET /img/client-logo/hdfc-bank.jpg HTTP/1.1" 206 500 "https://www.shreekrishnapackersmovers.in/packers-movers-vejalpur-gam.html" "Mozilla/5.0 (Linux; Android 8.0; Pixel 2 Build/OPD3.170816.012) AppleWebKit/537.36 (KHTML, like Gecko) Chrome/44.0.3794.1024 Mobile Safari/537.36"
140.174.114.44 - - [08/May/2026:02:50:36 +0530] "GET /img/client-logo/federal-bank.jpg HTTP/1.1" 206 500 "https://www.shreekrishnapackersmovers.in/packers-movers-vejalpur-gam.html" "Mozilla/5.0 (Linux; Android 8.0; Pixel 2 Build/OPD3.170816.012) AppleWebKit/537.36 (KHTML, like Gecko) Chrome/44.0.3794.1024 Mobile Safari/537.36"
104.223.10.186 - - [08/May/2026:02:50:36 +0530] "GET /img/client-logo/ias-group.jpg HTTP/1.1" 206 500 "https://www.shreekrishnapackersmovers.in/packers-movers-vejalpur-gam.html" "Mozilla/5.0 (Linux; Android 8.0; Pixel 2 Build/OPD3.170816.012) AppleWebKit/537.36 (KHTML, like Gecko) Chrome/44.0.3794.1024 Mobile Safari/537.36"
74.7.227.51 - - [08/May/2026:02:50:35 +0530] "GET /iba-approved-packers-movers-chokshi-bazar.html HTTP/1.1" 404 91533 "https://www.shreekrishnapackersmovers.in/packers-and-movers-chokshi-bazar.html" "Mozilla/5.0 AppleWebKit/537.36 (KHTML, like Gecko; compatible; GPTBot/1.3; +https://openai.com/gptbot)"
104.223.10.186 - - [08/May/2026:02:50:37 +0530] "GET /img/client-logo/icici-lombard.jpg HTTP/1.1" 206 500 "https://www.shreekrishnapackersmovers.in/packers-movers-vejalpur-gam.html" "Mozilla/5.0 (Linux; Android 8.0; Pixel 2 Build/OPD3.170816.012) AppleWebKit/537.36 (KHTML, like Gecko) Chrome/44.0.3794.1024 Mobile Safari/537.36"
140.174.114.44 - - [08/May/2026:02:50:37 +0530] "GET /img/client-logo/hero.jpg HTTP/1.1" 206 500 "https://www.shreekrishnapackersmovers.in/packers-movers-vejalpur-gam.html" "Mozilla/5.0 (Linux; Android 8.0; Pixel 2 Build/OPD3.170816.012) AppleWebKit/537.36 (KHTML, like Gecko) Chrome/44.0.3794.1024 Mobile Safari/537.36"
212.70.4.29 - - [08/May/2026:02:50:37 +0530] "GET /img/client-logo/future-group.jpg HTTP/1.1" 206 500 "https://www.shreekrishnapackersmovers.in/packers-movers-vejalpur-gam.html" "Mozilla/5.0 (Linux; Android 8.0; Pixel 2 Build/OPD3.170816.012) AppleWebKit/537.36 (KHTML, like Gecko) Chrome/44.0.3794.1024 Mobile Safari/537.36"
74.7.227.51 - - [08/May/2026:02:50:37 +0530] "GET /iba-approved-packers-movers-saiyed-vasna.html HTTP/1.1" 404 91533 "https://www.shreekrishnapackersmovers.in/packers-and-movers-saiyed-vasna.html" "Mozilla/5.0 AppleWebKit/537.36 (KHTML, like Gecko; compatible; GPTBot/1.3; +https://openai.com/gptbot)"
104.223.10.186 - - [08/May/2026:02:50:37 +0530] "GET /img/client-logo/icici-bank.jpg HTTP/1.1" 206 500 "https://www.shreekrishnapackersmovers.in/packers-movers-vejalpur-gam.html" "Mozilla/5.0 (Linux; Android 8.0; Pixel 2 Build/OPD3.170816.012) AppleWebKit/537.36 (KHTML, like Gecko) Chrome/44.0.3794.1024 Mobile Safari/537.36"
212.70.4.29 - - [08/May/2026:02:50:38 +0530] "GET /img/client-logo/idbi-bank-ltd.jpg HTTP/1.1" 206 500 "https://www.shreekrishnapackersmovers.in/packers-movers-vejalpur-gam.html" "Mozilla/5.0 (Linux; Android 8.0; Pixel 2 Build/OPD3.170816.012) AppleWebKit/537.36 (KHTML, like Gecko) Chrome/44.0.3794.1024 Mobile Safari/537.36"
140.174.114.44 - - [08/May/2026:02:50:38 +0530] "GET /img/client-logo/icici-prudential.jpg HTTP/1.1" 206 500 "https://www.shreekrishnapackersmovers.in/packers-movers-vejalpur-gam.html" "Mozilla/5.0 (Linux; Android 8.0; Pixel 2 Build/OPD3.170816.012) AppleWebKit/537.36 (KHTML, like Gecko) Chrome/44.0.3794.1024 Mobile Safari/537.36"
212.70.4.29 - - [08/May/2026:02:50:38 +0530] "GET /img/client-logo/indian-army.jpg HTTP/1.1" 206 500 "https://www.shreekrishnapackersmovers.in/packers-movers-vejalpur-gam.html" "Mozilla/5.0 (Linux; Android 8.0; Pixel 2 Build/OPD3.170816.012) AppleWebKit/537.36 (KHTML, like Gecko) Chrome/44.0.3794.1024 Mobile Safari/537.36"
104.223.10.186 - - [08/May/2026:02:50:38 +0530] "GET /img/client-logo/indian-bank.jpg HTTP/1.1" 206 500 "https://www.shreekrishnapackersmovers.in/packers-movers-vejalpur-gam.html" "Mozilla/5.0 (Linux; Android 8.0; Pixel 2 Build/OPD3.170816.012) AppleWebKit/537.36 (KHTML, like Gecko) Chrome/44.0.3794.1024 Mobile Safari/537.36"
97.107.215.50 - - [08/May/2026:02:50:38 +0530] "GET /img/client-logo/indian-overses-bank.jpg HTTP/1.1" 206 500 "https://www.shreekrishnapackersmovers.in/packers-movers-vejalpur-gam.html" "Mozilla/5.0 (Linux; Android 8.0; Pixel 2 Build/OPD3.170816.012) AppleWebKit/537.36 (KHTML, like Gecko) Chrome/44.0.3794.1024 Mobile Safari/537.36"
140.174.114.44 - - [08/May/2026:02:50:38 +0530] "GET /img/client-logo/indian-oil-corporation.jpg HTTP/1.1" 206 500 "https://www.shreekrishnapackersmovers.in/packers-movers-vejalpur-gam.html" "Mozilla/5.0 (Linux; Android 8.0; Pixel 2 Build/OPD3.170816.012) AppleWebKit/537.36 (KHTML, like Gecko) Chrome/44.0.3794.1024 Mobile Safari/537.36"
212.70.4.29 - - [08/May/2026:02:50:38 +0530] "GET /img/client-logo/indian-railway.jpg HTTP/1.1" 206 500 "https://www.shreekrishnapackersmovers.in/packers-movers-vejalpur-gam.html" "Mozilla/5.0 (Linux; Android 8.0; Pixel 2 Build/OPD3.170816.012) AppleWebKit/537.36 (KHTML, like Gecko) Chrome/44.0.3794.1024 Mobile Safari/537.36"
192.161.183.5 - - [08/May/2026:02:50:38 +0530] "GET /img/client-logo/exide.jpg HTTP/1.1" 206 500 "https://www.shreekrishnapackersmovers.in/packers-movers-vejalpur-gam.html" "Mozilla/5.0 (Linux; Android 8.0; Pixel 2 Build/OPD3.170816.012) AppleWebKit/537.36 (KHTML, like Gecko) Chrome/44.0.3794.1024 Mobile Safari/537.36"
104.223.10.186 - - [08/May/2026:02:50:39 +0530] "GET /img/client-logo/indusInd-bank.jpg HTTP/1.1" 206 500 "https://www.shreekrishnapackersmovers.in/packers-movers-vejalpur-gam.html" "Mozilla/5.0 (Linux; Android 8.0; Pixel 2 Build/OPD3.170816.012) AppleWebKit/537.36 (KHTML, like Gecko) Chrome/44.0.3794.1024 Mobile Safari/537.36"
212.70.4.29 - - [08/May/2026:02:50:39 +0530] "GET /img/client-logo/jindal-steel-power.jpg HTTP/1.1" 206 500 "https://www.shreekrishnapackersmovers.in/packers-movers-vejalpur-gam.html" "Mozilla/5.0 (Linux; Android 8.0; Pixel 2 Build/OPD3.170816.012) AppleWebKit/537.36 (KHTML, like Gecko) Chrome/44.0.3794.1024 Mobile Safari/537.36"
140.174.114.44 - - [08/May/2026:02:50:39 +0530] "GET /img/client-logo/karnataka-bank.jpg HTTP/1.1" 206 500 "https://www.shreekrishnapackersmovers.in/packers-movers-vejalpur-gam.html" "Mozilla/5.0 (Linux; Android 8.0; Pixel 2 Build/OPD3.170816.012) AppleWebKit/537.36 (KHTML, like Gecko) Chrome/44.0.3794.1024 Mobile Safari/537.36"
74.7.227.51 - - [08/May/2026:02:50:38 +0530] "GET /iba-approved-packers-movers-lakshmanpura.html HTTP/1.1" 404 91533 "https://www.shreekrishnapackersmovers.in/packers-movers-lakshmanpura.html" "Mozilla/5.0 AppleWebKit/537.36 (KHTML, like Gecko; compatible; GPTBot/1.3; +https://openai.com/gptbot)"
97.107.215.50 - - [08/May/2026:02:50:39 +0530] "GET /img/client-logo/itc-limited.jpg HTTP/1.1" 206 500 "https://www.shreekrishnapackersmovers.in/packers-movers-vejalpur-gam.html" "Mozilla/5.0 (Linux; Android 8.0; Pixel 2 Build/OPD3.170816.012) AppleWebKit/537.36 (KHTML, like Gecko) Chrome/44.0.3794.1024 Mobile Safari/537.36"
212.70.4.29 - - [08/May/2026:02:50:39 +0530] "GET /img/client-logo/lafarge-cement.jpg HTTP/1.1" 206 500 "https://www.shreekrishnapackersmovers.in/packers-movers-vejalpur-gam.html" "Mozilla/5.0 (Linux; Android 8.0; Pixel 2 Build/OPD3.170816.012) AppleWebKit/537.36 (KHTML, like Gecko) Chrome/44.0.3794.1024 Mobile Safari/537.36"
192.161.183.5 - - [08/May/2026:02:50:39 +0530] "GET /img/client-logo/jsw-cement.jpg HTTP/1.1" 206 500 "https://www.shreekrishnapackersmovers.in/packers-movers-vejalpur-gam.html" "Mozilla/5.0 (Linux; Android 8.0; Pixel 2 Build/OPD3.170816.012) AppleWebKit/537.36 (KHTML, like Gecko) Chrome/44.0.3794.1024 Mobile Safari/537.36"
140.174.114.44 - - [08/May/2026:02:50:39 +0530] "GET /img/client-logo/kotak-bank.jpg HTTP/1.1" 206 500 "https://www.shreekrishnapackersmovers.in/packers-movers-vejalpur-gam.html" "Mozilla/5.0 (Linux; Android 8.0; Pixel 2 Build/OPD3.170816.012) AppleWebKit/537.36 (KHTML, like Gecko) Chrome/44.0.3794.1024 Mobile Safari/537.36"
212.70.4.29 - - [08/May/2026:02:50:40 +0530] "GET /img/client-logo/law-lommission.jpg HTTP/1.1" 206 500 "https://www.shreekrishnapackersmovers.in/packers-movers-vejalpur-gam.html" "Mozilla/5.0 (Linux; Android 8.0; Pixel 2 Build/OPD3.170816.012) AppleWebKit/537.36 (KHTML, like Gecko) Chrome/44.0.3794.1024 Mobile Safari/537.36"
97.107.215.50 - - [08/May/2026:02:50:40 +0530] "GET /img/client-logo/life-insurance-corporation-of-india.jpg HTTP/1.1" 206 500 "https://www.shreekrishnapackersmovers.in/packers-movers-vejalpur-gam.html" "Mozilla/5.0 (Linux; Android 8.0; Pixel 2 Build/OPD3.170816.012) AppleWebKit/537.36 (KHTML, like Gecko) Chrome/44.0.3794.1024 Mobile Safari/537.36"
192.161.183.5 - - [08/May/2026:02:50:40 +0530] "GET /img/client-logo/mayfair-hotels-and-resorts.jpg HTTP/1.1" 206 500 "https://www.shreekrishnapackersmovers.in/packers-movers-vejalpur-gam.html" "Mozilla/5.0 (Linux; Android 8.0; Pixel 2 Build/OPD3.170816.012) AppleWebKit/537.36 (KHTML, like Gecko) Chrome/44.0.3794.1024 Mobile Safari/537.36"
212.70.4.29 - - [08/May/2026:02:50:40 +0530] "GET /img/client-logo/lucas-indian-service-limited.jpg HTTP/1.1" 206 500 "https://www.shreekrishnapackersmovers.in/packers-movers-vejalpur-gam.html" "Mozilla/5.0 (Linux; Android 8.0; Pixel 2 Build/OPD3.170816.012) AppleWebKit/537.36 (KHTML, like Gecko) Chrome/44.0.3794.1024 Mobile Safari/537.36"
140.174.114.44 - - [08/May/2026:02:50:40 +0530] "GET /img/client-logo/nabard.jpg HTTP/1.1" 206 500 "https://www.shreekrishnapackersmovers.in/packers-movers-vejalpur-gam.html" "Mozilla/5.0 (Linux; Android 8.0; Pixel 2 Build/OPD3.170816.012) AppleWebKit/537.36 (KHTML, like Gecko) Chrome/44.0.3794.1024 Mobile Safari/537.36"
212.70.4.29 - - [08/May/2026:02:50:40 +0530] "GET /img/client-logo/ntpc.jpg HTTP/1.1" 206 500 "https://www.shreekrishnapackersmovers.in/packers-movers-vejalpur-gam.html" "Mozilla/5.0 (Linux; Android 8.0; Pixel 2 Build/OPD3.170816.012) AppleWebKit/537.36 (KHTML, like Gecko) Chrome/44.0.3794.1024 Mobile Safari/537.36"
192.161.183.5 - - [08/May/2026:02:50:40 +0530] "GET /img/client-logo/nalco.jpg HTTP/1.1" 206 500 "https://www.shreekrishnapackersmovers.in/packers-movers-vejalpur-gam.html" "Mozilla/5.0 (Linux; Android 8.0; Pixel 2 Build/OPD3.170816.012) AppleWebKit/537.36 (KHTML, like Gecko) Chrome/44.0.3794.1024 Mobile Safari/537.36"
74.7.227.51 - - [08/May/2026:02:50:40 +0530] "GET /iba-approved-packers-movers-vejalpur-gam.html HTTP/1.1" 404 91533 "https://www.shreekrishnapackersmovers.in/packers-movers-vejalpur-gam.html" "Mozilla/5.0 AppleWebKit/537.36 (KHTML, like Gecko; compatible; GPTBot/1.3; +https://openai.com/gptbot)"
97.107.215.50 - - [08/May/2026:02:50:40 +0530] "GET /img/client-logo/mindtree.jpg HTTP/1.1" 206 500 "https://www.shreekrishnapackersmovers.in/packers-movers-vejalpur-gam.html" "Mozilla/5.0 (Linux; Android 8.0; Pixel 2 Build/OPD3.170816.012) AppleWebKit/537.36 (KHTML, like Gecko) Chrome/44.0.3794.1024 Mobile Safari/537.36"
140.174.114.44 - - [08/May/2026:02:50:41 +0530] "GET /img/client-logo/oriental-bank-of-commerce.jpg HTTP/1.1" 206 500 "https://www.shreekrishnapackersmovers.in/packers-movers-vejalpur-gam.html" "Mozilla/5.0 (Linux; Android 8.0; Pixel 2 Build/OPD3.170816.012) AppleWebKit/537.36 (KHTML, like Gecko) Chrome/44.0.3794.1024 Mobile Safari/537.36"
212.70.4.29 - - [08/May/2026:02:50:41 +0530] "GET /img/client-logo/odisha-gramya-bank.jpg HTTP/1.1" 206 500 "https://www.shreekrishnapackersmovers.in/packers-movers-vejalpur-gam.html" "Mozilla/5.0 (Linux; Android 8.0; Pixel 2 Build/OPD3.170816.012) AppleWebKit/537.36 (KHTML, like Gecko) Chrome/44.0.3794.1024 Mobile Safari/537.36"
212.70.4.29 - - [08/May/2026:02:50:41 +0530] "GET /img/client-logo/pidilite.jpg HTTP/1.1" 206 500 "https://www.shreekrishnapackersmovers.in/packers-movers-vejalpur-gam.html" "Mozilla/5.0 (Linux; Android 8.0; Pixel 2 Build/OPD3.170816.012) AppleWebKit/537.36 (KHTML, like Gecko) Chrome/44.0.3794.1024 Mobile Safari/537.36"
192.161.183.5 - - [08/May/2026:02:50:41 +0530] "GET /img/client-logo/paradip-port-trust.jpg HTTP/1.1" 206 500 "https://www.shreekrishnapackersmovers.in/packers-movers-vejalpur-gam.html" "Mozilla/5.0 (Linux; Android 8.0; Pixel 2 Build/OPD3.170816.012) AppleWebKit/537.36 (KHTML, like Gecko) Chrome/44.0.3794.1024 Mobile Safari/537.36"
140.174.114.44 - - [08/May/2026:02:50:41 +0530] "GET /img/client-logo/power-grid.jpg HTTP/1.1" 206 500 "https://www.shreekrishnapackersmovers.in/packers-movers-vejalpur-gam.html" "Mozilla/5.0 (Linux; Android 8.0; Pixel 2 Build/OPD3.170816.012) AppleWebKit/537.36 (KHTML, like Gecko) Chrome/44.0.3794.1024 Mobile Safari/537.36"
97.107.215.50 - - [08/May/2026:02:50:41 +0530] "GET /img/client-logo/oriental-insurance.jpg HTTP/1.1" 206 500 "https://www.shreekrishnapackersmovers.in/packers-movers-vejalpur-gam.html" "Mozilla/5.0 (Linux; Android 8.0; Pixel 2 Build/OPD3.170816.012) AppleWebKit/537.36 (KHTML, like Gecko) Chrome/44.0.3794.1024 Mobile Safari/537.36"
212.70.4.29 - - [08/May/2026:02:50:41 +0530] "GET /img/client-logo/punjab-and-sind-bank.jpg HTTP/1.1" 206 500 "https://www.shreekrishnapackersmovers.in/packers-movers-vejalpur-gam.html" "Mozilla/5.0 (Linux; Android 8.0; Pixel 2 Build/OPD3.170816.012) AppleWebKit/537.36 (KHTML, like Gecko) Chrome/44.0.3794.1024 Mobile Safari/537.36"
140.174.114.44 - - [08/May/2026:02:50:42 +0530] "GET /img/client-logo/prism-cement-ltd.jpg HTTP/1.1" 206 500 "https://www.shreekrishnapackersmovers.in/packers-movers-vejalpur-gam.html" "Mozilla/5.0 (Linux; Android 8.0; Pixel 2 Build/OPD3.170816.012) AppleWebKit/537.36 (KHTML, like Gecko) Chrome/44.0.3794.1024 Mobile Safari/537.36"
192.161.183.5 - - [08/May/2026:02:50:42 +0530] "GET /img/client-logo/reserve-bank-of-india.jpg HTTP/1.1" 206 500 "https://www.shreekrishnapackersmovers.in/packers-movers-vejalpur-gam.html" "Mozilla/5.0 (Linux; Android 8.0; Pixel 2 Build/OPD3.170816.012) AppleWebKit/537.36 (KHTML, like Gecko) Chrome/44.0.3794.1024 Mobile Safari/537.36"
212.70.4.29 - - [08/May/2026:02:50:42 +0530] "GET /img/client-logo/save-the-children.jpg HTTP/1.1" 206 500 "https://www.shreekrishnapackersmovers.in/packers-movers-vejalpur-gam.html" "Mozilla/5.0 (Linux; Android 8.0; Pixel 2 Build/OPD3.170816.012) AppleWebKit/537.36 (KHTML, like Gecko) Chrome/44.0.3794.1024 Mobile Safari/537.36"
74.7.227.51 - - [08/May/2026:02:50:41 +0530] "GET /iba-approved-packers-movers-prahlad-nagar.html HTTP/1.1" 404 91533 "https://www.shreekrishnapackersmovers.in/packers-movers-prahlad-nagar.html" "Mozilla/5.0 AppleWebKit/537.36 (KHTML, like Gecko; compatible; GPTBot/1.3; +https://openai.com/gptbot)"
104.223.10.186 - - [08/May/2026:02:50:42 +0530] "GET /img/client-logo/rites-ltd.jpg HTTP/1.1" 206 500 "https://www.shreekrishnapackersmovers.in/packers-movers-vejalpur-gam.html" "Mozilla/5.0 (Linux; Android 8.0; Pixel 2 Build/OPD3.170816.012) AppleWebKit/537.36 (KHTML, like Gecko) Chrome/44.0.3794.1024 Mobile Safari/537.36"
97.107.215.50 - - [08/May/2026:02:50:42 +0530] "GET /img/client-logo/punjab-national-bank.jpg HTTP/1.1" 206 500 "https://www.shreekrishnapackersmovers.in/packers-movers-vejalpur-gam.html" "Mozilla/5.0 (Linux; Android 8.0; Pixel 2 Build/OPD3.170816.012) AppleWebKit/537.36 (KHTML, like Gecko) Chrome/44.0.3794.1024 Mobile Safari/537.36"
212.70.4.29 - - [08/May/2026:02:50:42 +0530] "GET /img/client-logo/shapoorji-pallonji.jpg HTTP/1.1" 206 500 "https://www.shreekrishnapackersmovers.in/packers-movers-vejalpur-gam.html" "Mozilla/5.0 (Linux; Android 8.0; Pixel 2 Build/OPD3.170816.012) AppleWebKit/537.36 (KHTML, like Gecko) Chrome/44.0.3794.1024 Mobile Safari/537.36"
140.174.114.44 - - [08/May/2026:02:50:42 +0530] "GET /img/client-logo/sjvn.jpg HTTP/1.1" 206 500 "https://www.shreekrishnapackersmovers.in/packers-movers-vejalpur-gam.html" "Mozilla/5.0 (Linux; Android 8.0; Pixel 2 Build/OPD3.170816.012) AppleWebKit/537.36 (KHTML, like Gecko) Chrome/44.0.3794.1024 Mobile Safari/537.36"
192.161.183.5 - - [08/May/2026:02:50:42 +0530] "GET /img/client-logo/state-bank-of-india.jpg HTTP/1.1" 206 500 "https://www.shreekrishnapackersmovers.in/packers-movers-vejalpur-gam.html" "Mozilla/5.0 (Linux; Android 8.0; Pixel 2 Build/OPD3.170816.012) AppleWebKit/537.36 (KHTML, like Gecko) Chrome/44.0.3794.1024 Mobile Safari/537.36"
212.70.4.29 - - [08/May/2026:02:50:42 +0530] "GET /img/client-logo/south-indian-bank.jpg HTTP/1.1" 206 500 "https://www.shreekrishnapackersmovers.in/packers-movers-vejalpur-gam.html" "Mozilla/5.0 (Linux; Android 8.0; Pixel 2 Build/OPD3.170816.012) AppleWebKit/537.36 (KHTML, like Gecko) Chrome/44.0.3794.1024 Mobile Safari/537.36"
104.223.10.186 - - [08/May/2026:02:50:43 +0530] "GET /img/client-logo/steel-solutions.jpg HTTP/1.1" 206 500 "https://www.shreekrishnapackersmovers.in/packers-movers-vejalpur-gam.html" "Mozilla/5.0 (Linux; Android 8.0; Pixel 2 Build/OPD3.170816.012) AppleWebKit/537.36 (KHTML, like Gecko) Chrome/44.0.3794.1024 Mobile Safari/537.36"
97.107.215.50 - - [08/May/2026:02:50:43 +0530] "GET /img/client-logo/syndicate-bank.jpg HTTP/1.1" 206 500 "https://www.shreekrishnapackersmovers.in/packers-movers-vejalpur-gam.html" "Mozilla/5.0 (Linux; Android 8.0; Pixel 2 Build/OPD3.170816.012) AppleWebKit/537.36 (KHTML, like Gecko) Chrome/44.0.3794.1024 Mobile Safari/537.36"
140.174.114.44 - - [08/May/2026:02:50:43 +0530] "GET /img/client-logo/tata-motors-limited.jpg HTTP/1.1" 206 500 "https://www.shreekrishnapackersmovers.in/packers-movers-vejalpur-gam.html" "Mozilla/5.0 (Linux; Android 8.0; Pixel 2 Build/OPD3.170816.012) AppleWebKit/537.36 (KHTML, like Gecko) Chrome/44.0.3794.1024 Mobile Safari/537.36"
212.70.4.29 - - [08/May/2026:02:50:43 +0530] "GET /img/client-logo/uco-bank.jpg HTTP/1.1" 206 500 "https://www.shreekrishnapackersmovers.in/packers-movers-vejalpur-gam.html" "Mozilla/5.0 (Linux; Android 8.0; Pixel 2 Build/OPD3.170816.012) AppleWebKit/537.36 (KHTML, like Gecko) Chrome/44.0.3794.1024 Mobile Safari/537.36"
192.161.183.5 - - [08/May/2026:02:50:43 +0530] "GET /img/client-logo/tata-consultancy.jpg HTTP/1.1" 206 500 "https://www.shreekrishnapackersmovers.in/packers-movers-vejalpur-gam.html" "Mozilla/5.0 (Linux; Android 8.0; Pixel 2 Build/OPD3.170816.012) AppleWebKit/537.36 (KHTML, like Gecko) Chrome/44.0.3794.1024 Mobile Safari/537.36"
104.223.10.186 - - [08/May/2026:02:50:43 +0530] "GET /img/client-logo/tata-steel.jpg HTTP/1.1" 206 500 "https://www.shreekrishnapackersmovers.in/packers-movers-vejalpur-gam.html" "Mozilla/5.0 (Linux; Android 8.0; Pixel 2 Build/OPD3.170816.012) AppleWebKit/537.36 (KHTML, like Gecko) Chrome/44.0.3794.1024 Mobile Safari/537.36"
212.70.4.29 - - [08/May/2026:02:50:43 +0530] "GET /img/client-logo/union-bank-of-india.jpg HTTP/1.1" 206 500 "https://www.shreekrishnapackersmovers.in/packers-movers-vejalpur-gam.html" "Mozilla/5.0 (Linux; Android 8.0; Pixel 2 Build/OPD3.170816.012) AppleWebKit/537.36 (KHTML, like Gecko) Chrome/44.0.3794.1024 Mobile Safari/537.36"
140.174.114.44 - - [08/May/2026:02:50:43 +0530] "GET /img/client-logo/usha-martin.jpg HTTP/1.1" 206 500 "https://www.shreekrishnapackersmovers.in/packers-movers-vejalpur-gam.html" "Mozilla/5.0 (Linux; Android 8.0; Pixel 2 Build/OPD3.170816.012) AppleWebKit/537.36 (KHTML, like Gecko) Chrome/44.0.3794.1024 Mobile Safari/537.36"
74.7.227.51 - - [08/May/2026:02:50:43 +0530] "GET /iba-approved-packers-movers-shukla-nagar.html HTTP/1.1" 404 91533 "https://www.shreekrishnapackersmovers.in/packers-and-movers-shukla-nagar.html" "Mozilla/5.0 AppleWebKit/537.36 (KHTML, like Gecko; compatible; GPTBot/1.3; +https://openai.com/gptbot)"
97.107.215.50 - - [08/May/2026:02:50:43 +0530] "GET /img/client-logo/united-bank-of-india.jpg HTTP/1.1" 206 500 "https://www.shreekrishnapackersmovers.in/packers-movers-vejalpur-gam.html" "Mozilla/5.0 (Linux; Android 8.0; Pixel 2 Build/OPD3.170816.012) AppleWebKit/537.36 (KHTML, like Gecko) Chrome/44.0.3794.1024 Mobile Safari/537.36"
192.161.183.5 - - [08/May/2026:02:50:44 +0530] "GET /img/client-logo/usha-international.jpg HTTP/1.1" 206 500 "https://www.shreekrishnapackersmovers.in/packers-movers-vejalpur-gam.html" "Mozilla/5.0 (Linux; Android 8.0; Pixel 2 Build/OPD3.170816.012) AppleWebKit/537.36 (KHTML, like Gecko) Chrome/44.0.3794.1024 Mobile Safari/537.36"
212.70.4.29 - - [08/May/2026:02:50:44 +0530] "GET /img/client-logo/vedaanta.jpg HTTP/1.1" 206 500 "https://www.shreekrishnapackersmovers.in/packers-movers-vejalpur-gam.html" "Mozilla/5.0 (Linux; Android 8.0; Pixel 2 Build/OPD3.170816.012) AppleWebKit/537.36 (KHTML, like Gecko) Chrome/44.0.3794.1024 Mobile Safari/537.36"
140.174.114.44 - - [08/May/2026:02:50:44 +0530] "GET /img/client-logo/world-health-organization.jpg HTTP/1.1" 206 500 "https://www.shreekrishnapackersmovers.in/packers-movers-vejalpur-gam.html" "Mozilla/5.0 (Linux; Android 8.0; Pixel 2 Build/OPD3.170816.012) AppleWebKit/537.36 (KHTML, like Gecko) Chrome/44.0.3794.1024 Mobile Safari/537.36"
104.223.10.186 - - [08/May/2026:02:50:44 +0530] "GET /img/client-logo/utkarsh-small-finance-bank.jpg HTTP/1.1" 206 500 "https://www.shreekrishnapackersmovers.in/packers-movers-vejalpur-gam.html" "Mozilla/5.0 (Linux; Android 8.0; Pixel 2 Build/OPD3.170816.012) AppleWebKit/537.36 (KHTML, like Gecko) Chrome/44.0.3794.1024 Mobile Safari/537.36"
212.70.4.29 - - [08/May/2026:02:50:44 +0530] "GET /img/footer-logo.png HTTP/1.1" 206 500 "https://www.shreekrishnapackersmovers.in/packers-movers-vejalpur-gam.html" "Mozilla/5.0 (Linux; Android 8.0; Pixel 2 Build/OPD3.170816.012) AppleWebKit/537.36 (KHTML, like Gecko) Chrome/44.0.3794.1024 Mobile Safari/537.36"
97.107.215.50 - - [08/May/2026:02:50:44 +0530] "GET /img/client-logo/vijaya-bank.jpg HTTP/1.1" 206 500 "https://www.shreekrishnapackersmovers.in/packers-movers-vejalpur-gam.html" "Mozilla/5.0 (Linux; Android 8.0; Pixel 2 Build/OPD3.170816.012) AppleWebKit/537.36 (KHTML, like Gecko) Chrome/44.0.3794.1024 Mobile Safari/537.36"
192.161.183.5 - - [08/May/2026:02:50:44 +0530] "GET /img/client-logo/world-vision.jpg HTTP/1.1" 206 500 "https://www.shreekrishnapackersmovers.in/packers-movers-vejalpur-gam.html" "Mozilla/5.0 (Linux; Android 8.0; Pixel 2 Build/OPD3.170816.012) AppleWebKit/537.36 (KHTML, like Gecko) Chrome/44.0.3794.1024 Mobile Safari/537.36"
140.174.114.44 - - [08/May/2026:02:50:44 +0530] "GET /img/google-play-store.png HTTP/1.1" 206 500 "https://www.shreekrishnapackersmovers.in/packers-movers-vejalpur-gam.html" "Mozilla/5.0 (Linux; Android 8.0; Pixel 2 Build/OPD3.170816.012) AppleWebKit/537.36 (KHTML, like Gecko) Chrome/44.0.3794.1024 Mobile Safari/537.36"
212.70.4.29 - - [08/May/2026:02:50:44 +0530] "GET /img/shreekrishnapackersmovers.gif HTTP/1.1" 206 500 "https://www.shreekrishnapackersmovers.in/packers-movers-vejalpur-gam.html" "Mozilla/5.0 (Linux; Android 8.0; Pixel 2 Build/OPD3.170816.012) AppleWebKit/537.36 (KHTML, like Gecko) Chrome/44.0.3794.1024 Mobile Safari/537.36"
161.123.180.78 - - [08/May/2026:02:50:44 +0530] "GET /img/apple-app-store.png HTTP/1.1" 206 500 "https://www.shreekrishnapackersmovers.in/packers-movers-vejalpur-gam.html" "Mozilla/5.0 (Linux; Android 8.0; Pixel 2 Build/OPD3.170816.012) AppleWebKit/537.36 (KHTML, like Gecko) Chrome/44.0.3794.1024 Mobile Safari/537.36"
212.70.4.29 - - [08/May/2026:02:50:45 +0530] "GET /img/footer-bg.jpg HTTP/1.1" 206 500 "https://www.shreekrishnapackersmovers.in/css/style.css" "Mozilla/5.0 (Linux; Android 8.0; Pixel 2 Build/OPD3.170816.012) AppleWebKit/537.36 (KHTML, like Gecko) Chrome/44.0.3794.1024 Mobile Safari/537.36"
140.174.114.44 - - [08/May/2026:02:50:45 +0530] "GET /img/ahmedabad/vejalpur-gam/bike-transportation-services.jpg HTTP/1.1" 304 - "https://www.shreekrishnapackersmovers.in/packers-movers-vejalpur-gam.html" "Mozilla/5.0 (Linux; Android 8.0; Pixel 2 Build/OPD3.170816.012) AppleWebKit/537.36 (KHTML, like Gecko) Chrome/44.0.3794.1024 Mobile Safari/537.36"
97.107.215.50 - - [08/May/2026:02:50:45 +0530] "GET /img/paymentoption2.png HTTP/1.1" 206 500 "https://www.shreekrishnapackersmovers.in/packers-movers-vejalpur-gam.html" "Mozilla/5.0 (Linux; Android 8.0; Pixel 2 Build/OPD3.170816.012) AppleWebKit/537.36 (KHTML, like Gecko) Chrome/44.0.3794.1024 Mobile Safari/537.36"
74.7.227.51 - - [08/May/2026:02:50:44 +0530] "GET /bike-transportation-new-karelibaug.html HTTP/1.1" 404 91533 "https://www.shreekrishnapackersmovers.in/packers-and-movers-new-karelibaug.html" "Mozilla/5.0 AppleWebKit/537.36 (KHTML, like Gecko; compatible; GPTBot/1.3; +https://openai.com/gptbot)"
